123.125.109.105 - - [17/Sep/2022:01:12:19 -0700] "GET / HTTP/1.1" 200 270 "-" "Sogou web spider/4.0(+http://www.sogou.com/docs/help/webmasters.htm#07)" "lusciousgracious.com"
5.188.210.25 - - [17/Sep/2022:01:17:00 -0700] "GET /blog/index.html HTTP/1.1" 404 73 "http://www.lusciousgracious.com/blog/index.html" "Mozilla/5.0 (Windows NT 10.0; WOW64) AppleWebKit/537.36 (KHTML, like Gecko) Chrome/90.0.4430.93 Safari/537.36" "www.lusciousgracious.com"
5.188.210.25 - - [17/Sep/2022:01:17:00 -0700] "GET /index.html HTTP/1.1" 404 73 "http://www.lusciousgracious.com/index.html" "Mozilla/5.0 (Windows NT 10.0; WOW64) AppleWebKit/537.36 (KHTML, like Gecko) Chrome/90.0.4430.93 Safari/537.36" "www.lusciousgracious.com"
80.255.2.74 - - [17/Sep/2022:01:23:03 -0700] "GET /wp-commentin.php HTTP/1.1" 404 88 "www.google.com" "Mozlila/5.0 (Linux; Android 7.0; SM-G892A Bulid/NRD90M; wv) AppleWebKit/537.36 (KHTML, like Gecko) Version/4.0 Chrome/60.0.3112.107 Moblie Safari/537.36" "lusciousgracious.com"
5.188.210.80 - - [17/Sep/2022:02:11:27 -0700] "GET /blog/ HTTP/1.1" 404 73 "http://lusciousgracious.com/blog/" "Mozilla/5.0 (Windows NT 10.0) AppleWebKit/537.36 (KHTML, like Gecko) Chrome/90.0.4430.85 Safari/537.36 Edg/90.0.818.46" "lusciousgracious.com"
5.188.210.80 - - [17/Sep/2022:02:11:27 -0700] "GET / HTTP/1.1" 200 398 "http://lusciousgracious.com/" "Mozilla/5.0 (Windows NT 10.0) AppleWebKit/537.36 (KHTML, like Gecko) Chrome/90.0.4430.85 Safari/537.36 Edg/90.0.818.46" "lusciousgracious.com"
192.34.84.8 - - [17/Sep/2022:02:46:22 -0700] "GET /blog/atom.xml HTTP/1.1" 404 73 "-" "Ravelry.com RSS Reader/0.3 2008-10-22" "lusciousgracious.com"
54.236.1.13 - - [17/Sep/2022:02:54:56 -0700] "GET /robots.txt HTTP/1.1" 404 88 "-" "Mozilla/5.0 (compatible; Pinterestbot/1.0; +http://www.pinterest.com/bot.html)" "lusciousgracious.com"
54.236.1.13 - - [17/Sep/2022:02:54:56 -0700] "GET /robots.txt HTTP/1.1" 404 88 "-" "Mozilla/5.0 (compatible; Pinterestbot/1.0; +http://www.pinterest.com/bot.html)" "lusciousgracious.com"
54.236.1.13 - - [17/Sep/2022:02:54:56 -0700] "GET /blog/2005/08/art-rock-rock-art.html HTTP/1.1" 404 88 "-" "Mozilla/5.0 (compatible; Pinterestbot/1.0; +http://www.pinterest.com/bot.html)" "lusciousgracious.com"
54.236.1.11 - - [17/Sep/2022:02:54:59 -0700] "GET /blog/uploaded_images/sweater-776892.jpg HTTP/1.1" 404 88 "-" "Mozilla/5.0 (compatible; Pinterestbot/1.0; +http://www.pinterest.com/bot.html)" "lusciousgracious.com"
54.236.1.13 - - [17/Sep/2022:02:55:03 -0700] "GET / HTTP/1.1" 200 270 "-" "Mozilla/5.0 (compatible; Pinterestbot/1.0; +http://www.pinterest.com/bot.html)" "lusciousgracious.com"
70.39.246.37 - - [17/Sep/2022:03:04:57 -0700] "GET /blog/atom.xml HTTP/1.1" 404 88 "-" "Mozilla/5.0 Moreover/5.1 (+http://www.moreover.com)" "lusciousgracious.com"
54.236.1.11 - - [17/Sep/2022:03:06:22 -0700] "GET /blog/uploaded_images/sweater-777980.jpg HTTP/1.1" 404 88 "-" "Mozilla/5.0 (compatible; Pinterestbot/1.0; +http://www.pinterest.com/bot.html)" "lusciousgracious.com"
61.135.159.123 - - [17/Sep/2022:03:15:27 -0700] "GET / HTTP/1.1" 200 270 "-" "Sogou web spider/4.0(+http://www.sogou.com/docs/help/webmasters.htm#07)" "www.lusciousgracious.com"
5.188.210.91 - - [17/Sep/2022:03:27:09 -0700] "GET /blog/ HTTP/1.1" 404 73 "http://lusciousgracious.com/blog/" "Mozilla/5.0 (Windows NT 6.2; Win64; x64) AppleWebKit/537.36 (KHTML, like Gecko) Chrome/90.0.4430.93 Safari/537.36" "lusciousgracious.com"
5.188.210.91 - - [17/Sep/2022:03:27:09 -0700] "GET / HTTP/1.1" 200 398 "http://lusciousgracious.com/" "Mozilla/5.0 (Windows NT 6.2; Win64; x64) AppleWebKit/537.36 (KHTML, like Gecko) Chrome/90.0.4430.93 Safari/537.36" "lusciousgracious.com"
114.119.152.164 - - [17/Sep/2022:03:35:45 -0700] "GET /?C=N%3BO%3DD HTTP/1.1" 200 270 "https://lusciousgracious.com" "Mozilla/5.0 (Linux; Android 7.0;) AppleWebKit/537.36 (KHTML, like Gecko) Mobile Safari/537.36 (compatible; PetalBot;+https://webmaster.petalsearch.com/site/petalbot)" "lusciousgracious.com"
66.249.79.151 - - [17/Sep/2022:03:35:51 -0700] "GET /robots.txt HTTP/1.1" 404 88 "-" "Mozilla/5.0 (compatible; Googlebot/2.1; +http://www.google.com/bot.html)" "www.lusciousgracious.com"
66.249.79.151 - - [17/Sep/2022:03:35:51 -0700] "GET /blog/2005/11/free-knitting-pattern-friday.html HTTP/1.1" 404 88 "-" "Mozilla/5.0 (Linux; Android 6.0.1; Nexus 5X Build/MMB29P) AppleWebKit/537.36 (KHTML, like Gecko) Chrome/105.0.5195.125 Mobile Safari/537.36 (compatible; Googlebot/2.1; +http://www.google.com/bot.html)" "www.lusciousgracious.com"
114.119.129.233 - - [17/Sep/2022:03:57:32 -0700] "GET /robots.txt HTTP/1.1" 404 88 "-" "Mozilla/5.0 (compatible;PetalBot;+https://webmaster.petalsearch.com/site/petalbot)" "www.lusciousgracious.com"
192.34.84.8 - - [17/Sep/2022:04:00:07 -0700] "GET /blog/rss HTTP/1.1" 404 73 "-" "Ravelry.com RSS Reader/0.3 2008-10-22" "lusciousgracious.com"
52.234.179.28 - - [17/Sep/2022:04:00:52 -0700] "GET /?C=N;O=A HTTP/1.1" 200 270 "-" "Mozilla/5.0 (Windows NT 10.0; Win64; x64) AppleWebKit/537.36 (KHTML, like Gecko) Chrome/86.0.4240.75 Safari/537.36" "www.lusciousgracious.com"
93.73.179.112 - - [17/Sep/2022:04:04:03 -0700] "GET /blog/2005/11/free-knitting-pattern-friday.html HTTP/1.1" 404 73 "http://www.lusciousgracious.com/blog/2005/11/free-knitting-pattern-friday.html" "Mozilla/5.0 (Windows NT 10.0; Win64; x64) AppleWebKit/537.36 (KHTML, like Gecko) Chrome/90.0.4430.72 Safari/537.36 Edg/90.0.818.42" "www.lusciousgracious.com"
93.73.179.112 - - [17/Sep/2022:04:04:04 -0700] "GET / HTTP/1.1" 200 398 "http://www.lusciousgracious.com/" "Mozilla/5.0 (Windows NT 10.0; Win64; x64) AppleWebKit/537.36 (KHTML, like Gecko) Chrome/90.0.4430.72 Safari/537.36 Edg/90.0.818.42" "www.lusciousgracious.com"
54.236.1.13 - - [17/Sep/2022:04:21:48 -0700] "GET /robots.txt HTTP/1.1" 404 88 "-" "Mozilla/5.0 (compatible; Pinterestbot/1.0; +http://www.pinterest.com/bot.html)" "lusciousgracious.com"
54.236.1.11 - - [17/Sep/2022:04:21:49 -0700] "GET /robots.txt HTTP/1.1" 404 88 "-" "Mozilla/5.0 (compatible; Pinterestbot/1.0; +http://www.pinterest.com/bot.html)" "lusciousgracious.com"
54.236.1.11 - - [17/Sep/2022:04:21:49 -0700] "GET /clickit_files/image016.jpg HTTP/1.1" 404 88 "-" "Mozilla/5.0 (compatible; Pinterestbot/1.0; +http://www.pinterest.com/bot.html)" "lusciousgracious.com"
87.250.224.9 - - [17/Sep/2022:04:22:17 -0700] "GET /robots.txt HTTP/1.1" 404 73 "-" "Mozilla/5.0 (compatible; YandexBot/3.0; +http://yandex.com/bots)" "www.lusciousgracious.com"
5.255.253.142 - - [17/Sep/2022:04:22:21 -0700] "GET /pages/nycstairs.htm HTTP/1.1" 404 88 "-" "Mozilla/5.0 (compatible; YandexBot/3.0; +http://yandex.com/bots)" "www.lusciousgracious.com"
5.255.253.171 - - [17/Sep/2022:04:27:17 -0700] "GET /tieiton.htm HTTP/1.1" 404 88 "-" "Mozilla/5.0 (compatible; YandexBot/3.0; +http://yandex.com/bots)" "www.lusciousgracious.com"
123.125.109.60 - - [17/Sep/2022:04:34:52 -0700] "GET / HTTP/1.1" 200 270 "-" "Sogou web spider/4.0(+http://www.sogou.com/docs/help/webmasters.htm#07)" "www.lusciousgracious.com"
95.108.213.48 - - [17/Sep/2022:04:43:59 -0700] "GET /blog/2006/07/socks-socks-socks-another-free-pattern.html HTTP/1.1" 404 88 "-" "Mozilla/5.0 (compatible; YandexBot/3.0; +http://yandex.com/bots)" "www.lusciousgracious.com"
5.255.231.246 - - [17/Sep/2022:04:44:16 -0700] "GET /cardsale/index.htm HTTP/1.1" 404 88 "-" "Mozilla/5.0 (compatible; YandexBot/3.0; +http://yandex.com/bots)" "www.lusciousgracious.com"
66.249.68.54 - - [17/Sep/2022:05:29:53 -0700] "GET /blog/2007/01/x-mas-sweaters-other-gifts.html HTTP/1.1" 404 88 "-" "Mozilla/5.0 (compatible; Googlebot/2.1; +http://www.google.com/bot.html)" "lusciousgracious.com"
66.249.68.58 - - [17/Sep/2022:05:29:57 -0700] "GET /blog/2007/01/x-mas-sweaters-other-gifts.html HTTP/1.1" 404 88 "-" "Mozilla/5.0 (Linux; Android 6.0.1; Nexus 5X Build/MMB29P) AppleWebKit/537.36 (KHTML, like Gecko) Chrome/105.0.5195.102 Mobile Safari/537.36 (compatible; Googlebot/2.1; +http://www.google.com/bot.html)" "lusciousgracious.com"
192.34.84.8 - - [17/Sep/2022:05:46:33 -0700] "GET /blog/atom.xml HTTP/1.1" 404 73 "-" "Ravelry.com RSS Reader/0.3 2008-10-22" "lusciousgracious.com"
5.188.210.30 - - [17/Sep/2022:05:49:58 -0700] "GET /blog/ HTTP/1.1" 404 73 "http://lusciousgracious.com/blog/" "Mozilla/5.0 (Windows NT 6.2; Win64; x64) AppleWebKit/537.36 (KHTML, like Gecko) Chrome/90.0.4430.72 Safari/537.36" "lusciousgracious.com"
5.188.210.30 - - [17/Sep/2022:05:49:58 -0700] "GET / HTTP/1.1" 200 398 "http://lusciousgracious.com/" "Mozilla/5.0 (Windows NT 6.2; Win64; x64) AppleWebKit/537.36 (KHTML, like Gecko) Chrome/90.0.4430.72 Safari/537.36" "lusciousgracious.com"
118.184.177.68 - - [17/Sep/2022:06:03:30 -0700] "GET / HTTP/1.1" 200 270 "-" "Sogou web spider/4.0(+http://www.sogou.com/docs/help/webmasters.htm#07)" "lusciousgracious.com"
107.174.245.245 - - [17/Sep/2022:06:12:37 -0700] "GET /blog/2005/08/felted-bags-contact-us-and-labor-day.html HTTP/1.1" 404 88 "-" "Mozilla/5.0 (Macintosh; Intel Mac OS X 10_8_5) AppleWebKit/537.36 (KHTML, like Gecko) Chrome/55.0.2914.46 Safari/537.36" "lusciousgracious.com"
147.78.47.233 - - [17/Sep/2022:06:46:12 -0700] "GET /stitched/index.htm HTTP/1.1" 404 88 "http://lgstitched.com/wp-login.php" "Mozilla/5.0 (Windows NT 10.0; Win64; x64) AppleWebKit/537.36 (KHTML, like Gecko) Chrome/64.0.3282.140 Safari/537.36 Edge/18.17763" "www.lusciousgracious.com"
157.55.39.180 - - [17/Sep/2022:06:49:56 -0700] "GET /pages/NewYork.htm HTTP/1.1" 404 88 "-" "Mozilla/5.0 (compatible; bingbot/2.0; +http://www.bing.com/bingbot.htm)" "lusciousgracious.com"
192.34.84.8 - - [17/Sep/2022:07:02:17 -0700] "GET /blog/rss HTTP/1.1" 404 73 "-" "Ravelry.com RSS Reader/0.3 2008-10-22" "lusciousgracious.com"
70.39.246.37 - - [17/Sep/2022:07:07:01 -0700] "GET /blog/atom.xml HTTP/1.1" 404 88 "-" "Mozilla/5.0 Moreover/5.1 (+http://www.moreover.com)" "lusciousgracious.com"
54.36.148.149 - - [17/Sep/2022:07:12:55 -0700] "GET / HTTP/1.1" 200 270 "-" "Mozilla/5.0 (compatible; AhrefsBot/7.0; +http://ahrefs.com/robot/)" "www.lusciousgracious.com"
46.161.27.153 - - [17/Sep/2022:07:19:17 -0700] "GET /wp-login.php HTTP/1.1" 500 2147 "-" "Mozilla/5.0 (Windows NT 10.0; Win64; x64) AppleWebKit/537.36 (KHTML, like Gecko) Chrome/64.0.3282.140 Safari/537.36 Edge/18.17763" "lusciousgracious.com"
58.37.1.213 - - [17/Sep/2022:07:36:58 -0700] "GET /stitched/index.htm HTTP/1.1" 404 88 "-" "Mozilla/5.0 (Windows NT 10.0; Win64; x64) AppleWebKit/537.36 (KHTML, like Gecko) Chrome/85.0.4183.121 Safari/537.36" "www.lusciousgracious.com"
205.210.31.45 - - [17/Sep/2022:07:41:32 -0700] "GET / HTTP/1.1" 200 398 "-" "Expanse, a Palo Alto Networks company, searches across the global IPv4 space multiple times per day to identify customers&#39; presences on the Internet. If you would like to be excluded from our scans, please send IP addresses/domains to: scaninfo@paloaltonetworks.com" "lusciousgracious.com"
54.236.1.13 - - [17/Sep/2022:07:49:05 -0700] "GET /robots.txt HTTP/1.1" 404 88 "-" "Mozilla/5.0 (compatible; Pinterestbot/1.0; +http://www.pinterest.com/bot.html)" "lusciousgracious.com"
54.236.1.13 - - [17/Sep/2022:07:49:05 -0700] "GET /robots.txt HTTP/1.1" 404 88 "-" "Mozilla/5.0 (compatible; Pinterestbot/1.0; +http://www.pinterest.com/bot.html)" "lusciousgracious.com"
54.236.1.13 - - [17/Sep/2022:07:49:05 -0700] "GET /blog/uploaded_images/sweater-777980.jpg HTTP/1.1" 404 88 "-" "Mozilla/5.0 (compatible; Pinterestbot/1.0; +http://www.pinterest.com/bot.html)" "lusciousgracious.com"
54.236.1.13 - - [17/Sep/2022:07:52:36 -0700] "GET /clickit_files/image016.jpg HTTP/1.1" 404 88 "-" "Mozilla/5.0 (compatible; Pinterestbot/1.0; +http://www.pinterest.com/bot.html)" "lusciousgracious.com"
65.21.206.46 - - [17/Sep/2022:07:54:11 -0700] "GET /stitched/index.htm HTTP/1.1" 404 88 "-" "Mozilla/5.0 (Windows NT 10.0; Win64; x64) AppleWebKit/537.36 (KHTML, like Gecko) Chrome/91.0.4472.114 Safari/537.36 Edg/91.0.864.54" "www.lusciousgracious.com"
93.73.179.112 - - [17/Sep/2022:08:02:38 -0700] "GET /blog/ HTTP/1.1" 404 73 "http://www.lusciousgracious.com/blog/" "Mozilla/5.0 (Windows NT 6.2; Win64; x64) AppleWebKit/537.36 (KHTML, like Gecko) Chrome/90.0.4430.93 Safari/537.36" "www.lusciousgracious.com"
93.73.179.112 - - [17/Sep/2022:08:02:38 -0700] "GET / HTTP/1.1" 200 398 "http://www.lusciousgracious.com/" "Mozilla/5.0 (Windows NT 6.2; Win64; x64) AppleWebKit/537.36 (KHTML, like Gecko) Chrome/90.0.4430.93 Safari/537.36" "www.lusciousgracious.com"
93.73.179.112 - - [17/Sep/2022:08:02:39 -0700] "GET /blog/ HTTP/1.1" 404 73 "http://www.lusciousgracious.com/blog/" "Mozilla/5.0 (Windows NT 6.2; Win64; x64) AppleWebKit/537.36 (KHTML, like Gecko) Chrome/90.0.4430.93 Safari/537.36" "www.lusciousgracious.com"
93.73.179.112 - - [17/Sep/2022:08:02:40 -0700] "GET / HTTP/1.1" 200 398 "http://www.lusciousgracious.com/" "Mozilla/5.0 (Windows NT 6.2; Win64; x64) AppleWebKit/537.36 (KHTML, like Gecko) Chrome/90.0.4430.93 Safari/537.36" "www.lusciousgracious.com"
93.73.179.112 - - [17/Sep/2022:08:02:41 -0700] "GET /blog/ HTTP/1.1" 404 73 "http://www.lusciousgracious.com/blog/" "Mozilla/5.0 (Windows NT 6.2; Win64; x64) AppleWebKit/537.36 (KHTML, like Gecko) Chrome/90.0.4430.93 Safari/537.36" "www.lusciousgracious.com"
93.73.179.112 - - [17/Sep/2022:08:02:41 -0700] "GET / HTTP/1.1" 200 398 "http://www.lusciousgracious.com/" "Mozilla/5.0 (Windows NT 6.2; Win64; x64) AppleWebKit/537.36 (KHTML, like Gecko) Chrome/90.0.4430.93 Safari/537.36" "www.lusciousgracious.com"
5.255.231.250 - - [17/Sep/2022:08:07:49 -0700] "GET /robots.txt HTTP/1.1" 404 73 "-" "Mozilla/5.0 (compatible; YandexBot/3.0; +http://yandex.com/bots)" "www.lusciousgracious.com"
213.180.203.23 - - [17/Sep/2022:08:07:50 -0700] "GET /robots.txt HTTP/1.1" 404 73 "-" "Mozilla/5.0 (compatible; YandexBot/3.0; +http://yandex.com/bots)" "www.lusciousgracious.com"
5.255.253.188 - - [17/Sep/2022:08:07:50 -0700] "GET /robots.txt HTTP/1.1" 404 73 "-" "Mozilla/5.0 (compatible; YandexBot/3.0; +http://yandex.com/bots)" "lusciousgracious.com"
213.180.203.23 - - [17/Sep/2022:08:07:50 -0700] "GET /robots.txt HTTP/1.1" 404 73 "-" "Mozilla/5.0 (compatible; YandexBot/3.0; +http://yandex.com/bots)" "lusciousgracious.com"
5.255.253.188 - - [17/Sep/2022:08:07:53 -0700] "GET / HTTP/1.1" 200 270 "-" "Mozilla/5.0 (compatible; YandexBot/3.0; +http://yandex.com/bots)" "www.lusciousgracious.com"
87.250.224.34 - - [17/Sep/2022:08:07:54 -0700] "GET / HTTP/1.1" 200 270 "-" "Mozilla/5.0 (compatible; YandexBot/3.0; +http://yandex.com/bots)" "www.lusciousgracious.com"
87.250.224.143 - - [17/Sep/2022:08:07:54 -0700] "GET / HTTP/1.1" 200 270 "-" "Mozilla/5.0 (compatible; YandexBot/3.0; +http://yandex.com/bots)" "lusciousgracious.com"
213.180.203.3 - - [17/Sep/2022:08:07:55 -0700] "GET / HTTP/1.1" 200 270 "-" "Mozilla/5.0 (compatible; YandexBot/3.0; +http://yandex.com/bots)" "lusciousgracious.com"
24.113.78.58 - - [17/Sep/2022:08:37:54 -0700] "HEAD /apple-touch-icon.png HTTP/1.1" 404 - "-" "-" "lusciousgracious.com"
24.113.78.58 - - [17/Sep/2022:08:37:54 -0700] "HEAD /manifest.json HTTP/1.1" 404 - "-" "-" "lusciousgracious.com"
24.113.78.58 - - [17/Sep/2022:08:37:54 -0700] "GET / HTTP/1.1" 200 398 "-" "Mozilla/5.0 (Windows; U; Windows NT 5.1; en-US; rv:x.x.x) Gecko/20041107 Firefox/x.x" "lusciousgracious.com"
24.113.78.58 - - [17/Sep/2022:08:37:54 -0700] "GET / HTTP/1.1" 200 398 "-" "Mozilla/5.0 (Windows; U; Windows NT 5.1; en-US; rv:x.x.x) Gecko/20041107 Firefox/x.x" "lusciousgracious.com"
24.113.78.58 - - [17/Sep/2022:08:37:54 -0700] "GET / HTTP/1.1" 200 398 "-" "Mozilla/5.0 (Windows; U; Windows NT 5.1; en-US; rv:x.x.x) Gecko/20041107 Firefox/x.x" "lusciousgracious.com"
24.113.78.58 - - [17/Sep/2022:08:37:54 -0700] "HEAD /favicon.ico HTTP/1.1" 404 - "-" "-" "lusciousgracious.com"
5.255.253.123 - - [17/Sep/2022:08:39:04 -0700] "GET /gallery/ThumbnailFrame.htm HTTP/1.1" 404 88 "-" "Mozilla/5.0 (compatible; YandexBot/3.0; +http://yandex.com/bots)" "www.lusciousgracious.com"
192.34.84.8 - - [17/Sep/2022:08:53:03 -0700] "GET /blog/atom.xml HTTP/1.1" 404 73 "-" "Ravelry.com RSS Reader/0.3 2008-10-22" "lusciousgracious.com"
213.180.203.23 - - [17/Sep/2022:08:53:43 -0700] "GET /cardsale/pages/63.htm HTTP/1.1" 404 88 "-" "Mozilla/5.0 (compatible; YandexBot/3.0; +http://yandex.com/bots)" "www.lusciousgracious.com"
54.36.148.250 - - [17/Sep/2022:08:55:07 -0700] "GET / HTTP/1.1" 200 270 "-" "Mozilla/5.0 (compatible; AhrefsBot/7.0; +http://ahrefs.com/robot/)" "lusciousgracious.com"
51.13.123.122 - - [17/Sep/2022:09:20:11 -0700] "GET /Makhdamxshell.php HTTP/1.1" 404 88 "-" "Mozilla/5.0 (Windows NT 10.0; Win64; x64) AppleWebKit/537.36 (KHTML, like Gecko) Chrome/85.0.4183.102 Safari/537.36" "lusciousgracious.com"
51.13.123.122 - - [17/Sep/2022:09:21:02 -0700] "GET /wp-admin/includes/class-wp-media-list-data.php HTTP/1.1" 404 88 "-" "Mozilla/5.0 (Windows NT 10.0; Win64; x64) AppleWebKit/537.36 (KHTML, like Gecko) Chrome/85.0.4183.102 Safari/537.36" "lusciousgracious.com"
51.13.123.122 - - [17/Sep/2022:09:23:18 -0700] "GET /wp-includes/wp-class.php HTTP/1.1" 404 88 "-" "Mozilla/5.0 (Windows NT 10.0; Win64; x64) AppleWebKit/537.36 (KHTML, like Gecko) Chrome/85.0.4183.102 Safari/537.36" "lusciousgracious.com"
51.13.123.122 - - [17/Sep/2022:09:23:18 -0700] "GET /radio.php HTTP/1.1" 404 88 "-" "Mozilla/5.0 (Windows NT 10.0; Win64; x64) AppleWebKit/537.36 (KHTML, like Gecko) Chrome/85.0.4183.102 Safari/537.36" "lusciousgracious.com"
45.138.74.8 - - [17/Sep/2022:09:23:58 -0700] "GET / HTTP/1.1" 200 398 "https://eu-res.ru/" "Mozilla/4.0 (compatible; MSIE 6.0; Windows NT 5.1; SV1; .NET CLR 1.1.4322; XMPP Tiscali Communicator v.10.0.2; .NET CLR 2.0.50727)" "lusciousgracious.com"
45.138.74.8 - - [17/Sep/2022:09:23:59 -0700] "GET / HTTP/1.1" 200 398 "https://eu-res.ru/" "Mozilla/4.0 (compatible; MSIE 6.0; Windows NT 5.1; SV1; .NET CLR 1.1.4322; XMPP Tiscali Communicator v.10.0.2; .NET CLR 2.0.50727)" "lusciousgracious.com"
51.13.123.122 - - [17/Sep/2022:09:24:53 -0700] "GET /fw.php HTTP/1.1" 404 88 "-" "Mozilla/5.0 (Windows NT 10.0; Win64; x64) AppleWebKit/537.36 (KHTML, like Gecko) Chrome/85.0.4183.102 Safari/537.36" "lusciousgracious.com"
51.13.123.122 - - [17/Sep/2022:09:27:32 -0700] "GET /fx.php HTTP/1.1" 404 88 "-" "Mozilla/5.0 (Windows NT 10.0; Win64; x64) AppleWebKit/537.36 (KHTML, like Gecko) Chrome/85.0.4183.102 Safari/537.36" "lusciousgracious.com"
51.13.123.122 - - [17/Sep/2022:09:27:52 -0700] "GET /ups.php HTTP/1.1" 404 88 "-" "Mozilla/5.0 (Windows NT 10.0; Win64; x64) AppleWebKit/537.36 (KHTML, like Gecko) Chrome/85.0.4183.102 Safari/537.36" "lusciousgracious.com"
198.235.24.58 - - [17/Sep/2022:09:29:51 -0700] "GET / HTTP/1.1" 200 398 "-" "Expanse, a Palo Alto Networks company, searches across the global IPv4 space multiple times per day to identify customers&#39; presences on the Internet. If you would like to be excluded from our scans, please send IP addresses/domains to: scaninfo@paloaltonetworks.com" "lusciousgracious.com"
51.13.123.122 - - [17/Sep/2022:09:30:11 -0700] "GET /wikindex.php HTTP/1.1" 404 88 "-" "Mozilla/5.0 (Windows NT 10.0; Win64; x64) AppleWebKit/537.36 (KHTML, like Gecko) Chrome/85.0.4183.102 Safari/537.36" "lusciousgracious.com"
5.255.253.148 - - [17/Sep/2022:09:30:15 -0700] "GET /pages/Callas.htm HTTP/1.1" 404 88 "-" "Mozilla/5.0 (compatible; YandexBot/3.0; +http://yandex.com/bots)" "www.lusciousgracious.com"
51.13.123.122 - - [17/Sep/2022:09:33:39 -0700] "GET /1index.php HTTP/1.1" 404 88 "-" "Mozilla/5.0 (Windows NT 10.0; Win64; x64) AppleWebKit/537.36 (KHTML, like Gecko) Chrome/85.0.4183.102 Safari/537.36" "lusciousgracious.com"
51.13.123.122 - - [17/Sep/2022:09:34:04 -0700] "GET /0.php HTTP/1.1" 404 88 "-" "Mozilla/5.0 (Windows NT 10.0; Win64; x64) AppleWebKit/537.36 (KHTML, like Gecko) Chrome/85.0.4183.102 Safari/537.36" "lusciousgracious.com"
51.13.123.122 - - [17/Sep/2022:09:36:29 -0700] "GET /01.php HTTP/1.1" 404 88 "-" "Mozilla/5.0 (Windows NT 10.0; Win64; x64) AppleWebKit/537.36 (KHTML, like Gecko) Chrome/85.0.4183.102 Safari/537.36" "lusciousgracious.com"
51.13.123.122 - - [17/Sep/2022:09:38:15 -0700] "GET /0byte HTTP/1.1" 404 88 "-" "Mozilla/5.0 (Windows NT 10.0; Win64; x64) AppleWebKit/537.36 (KHTML, like Gecko) Chrome/85.0.4183.102 Safari/537.36" "lusciousgracious.com"
52.234.179.28 - - [17/Sep/2022:09:39:13 -0700] "GET /?C=S;O=D HTTP/1.1" 200 268 "-" "Mozilla/5.0 (Windows NT 10.0; Win64; x64) AppleWebKit/537.36 (KHTML, like Gecko) Chrome/86.0.4240.75 Safari/537.36" "www.lusciousgracious.com"
51.13.123.122 - - [17/Sep/2022:09:41:32 -0700] "GET /0byte.php HTTP/1.1" 404 88 "-" "Mozilla/5.0 (Windows NT 10.0; Win64; x64) AppleWebKit/537.36 (KHTML, like Gecko) Chrome/85.0.4183.102 Safari/537.36" "lusciousgracious.com"
51.13.123.122 - - [17/Sep/2022:09:42:02 -0700] "GET /1.php HTTP/1.1" 404 88 "-" "Mozilla/5.0 (Windows NT 10.0; Win64; x64) AppleWebKit/537.36 (KHTML, like Gecko) Chrome/85.0.4183.102 Safari/537.36" "lusciousgracious.com"
51.13.123.122 - - [17/Sep/2022:09:44:03 -0700] "GET /10.php HTTP/1.1" 404 88 "-" "Mozilla/5.0 (Windows NT 10.0; Win64; x64) AppleWebKit/537.36 (KHTML, like Gecko) Chrome/85.0.4183.102 Safari/537.36" "lusciousgracious.com"
54.236.1.13 - - [17/Sep/2022:09:46:55 -0700] "GET /robots.txt HTTP/1.1" 404 88 "-" "Mozilla/5.0 (compatible; Pinterestbot/1.0; +http://www.pinterest.com/bot.html)" "lusciousgracious.com"
54.236.1.13 - - [17/Sep/2022:09:46:55 -0700] "GET /robots.txt HTTP/1.1" 404 88 "-" "Mozilla/5.0 (compatible; Pinterestbot/1.0; +http://www.pinterest.com/bot.html)" "www.lusciousgracious.com"
54.236.1.13 - - [17/Sep/2022:09:46:55 -0700] "GET /stitched/episode1/AZffsocks_files/image013.jpg HTTP/1.1" 404 88 "-" "Mozilla/5.0 (compatible; Pinterestbot/1.0; +http://www.pinterest.com/bot.html)" "www.lusciousgracious.com"
51.13.123.122 - - [17/Sep/2022:09:47:08 -0700] "GET /100.php HTTP/1.1" 404 88 "-" "Mozilla/5.0 (Windows NT 10.0; Win64; x64) AppleWebKit/537.36 (KHTML, like Gecko) Chrome/85.0.4183.102 Safari/537.36" "lusciousgracious.com"
51.13.123.122 - - [17/Sep/2022:09:49:02 -0700] "GET /11index.php HTTP/1.1" 404 88 "-" "Mozilla/5.0 (Windows NT 10.0; Win64; x64) AppleWebKit/537.36 (KHTML, like Gecko) Chrome/85.0.4183.102 Safari/537.36" "lusciousgracious.com"
51.13.123.122 - - [17/Sep/2022:09:51:01 -0700] "GET /13.php HTTP/1.1" 404 88 "-" "Mozilla/5.0 (Windows NT 10.0; Win64; x64) AppleWebKit/537.36 (KHTML, like Gecko) Chrome/85.0.4183.102 Safari/537.36" "lusciousgracious.com"
51.13.123.122 - - [17/Sep/2022:09:51:01 -0700] "GET /1337.php HTTP/1.1" 404 88 "-" "Mozilla/5.0 (Windows NT 10.0; Win64; x64) AppleWebKit/537.36 (KHTML, like Gecko) Chrome/85.0.4183.102 Safari/537.36" "lusciousgracious.com"
67.233.83.60 - - [17/Sep/2022:09:53:03 -0700] "GET / HTTP/1.1" 200 270 "-" "Mozilla/5.0 (Macintosh; Intel Mac OS X 10_15_7) AppleWebKit/605.1.15 (KHTML, like Gecko) Version/15.6.1 Safari/605.1.15" "lusciousgracious.com"
51.13.123.122 - - [17/Sep/2022:09:55:06 -0700] "GET /2.php HTTP/1.1" 404 88 "-" "Mozilla/5.0 (Windows NT 10.0; Win64; x64) AppleWebKit/537.36 (KHTML, like Gecko) Chrome/85.0.4183.102 Safari/537.36" "lusciousgracious.com"
51.13.123.122 - - [17/Sep/2022:09:57:45 -0700] "GET /2index.php HTTP/1.1" 404 88 "-" "Mozilla/5.0 (Windows NT 10.0; Win64; x64) AppleWebKit/537.36 (KHTML, like Gecko) Chrome/85.0.4183.102 Safari/537.36" "lusciousgracious.com"
71.203.110.107 - - [17/Sep/2022:09:59:12 -0700] "GET / HTTP/1.1" 200 270 "-" "Mozilla/5.0 (iPhone; CPU iPhone OS 15_6_1 like Mac OS X) AppleWebKit/605.1.15 (KHTML, like Gecko) Version/15.6.1 Mobile/15E148 Safari/604.1" "www.lusciousgracious.com"
51.13.123.122 - - [17/Sep/2022:10:02:02 -0700] "GET /3.php HTTP/1.1" 404 88 "-" "Mozilla/5.0 (Windows NT 10.0; Win64; x64) AppleWebKit/537.36 (KHTML, like Gecko) Chrome/85.0.4183.102 Safari/537.36" "lusciousgracious.com"
51.13.123.122 - - [17/Sep/2022:10:02:27 -0700] "GET /4.php HTTP/1.1" 404 88 "-" "Mozilla/5.0 (Windows NT 10.0; Win64; x64) AppleWebKit/537.36 (KHTML, like Gecko) Chrome/85.0.4183.102 Safari/537.36" "lusciousgracious.com"
51.13.123.122 - - [17/Sep/2022:10:03:52 -0700] "GET /403.php HTTP/1.1" 404 88 "-" "Mozilla/5.0 (Windows NT 10.0; Win64; x64) AppleWebKit/537.36 (KHTML, like Gecko) Chrome/85.0.4183.102 Safari/537.36" "lusciousgracious.com"
51.13.123.122 - - [17/Sep/2022:10:07:22 -0700] "GET /404.php HTTP/1.1" 404 88 "-" "Mozilla/5.0 (Windows NT 10.0; Win64; x64) AppleWebKit/537.36 (KHTML, like Gecko) Chrome/85.0.4183.102 Safari/537.36" "lusciousgracious.com"
51.13.123.122 - - [17/Sep/2022:10:08:43 -0700] "GET /5.php HTTP/1.1" 404 88 "-" "Mozilla/5.0 (Windows NT 10.0; Win64; x64) AppleWebKit/537.36 (KHTML, like Gecko) Chrome/85.0.4183.102 Safari/537.36" "lusciousgracious.com"
51.13.123.122 - - [17/Sep/2022:10:13:33 -0700] "GET /9.php HTTP/1.1" 404 88 "-" "Mozilla/5.0 (Windows NT 10.0; Win64; x64) AppleWebKit/537.36 (KHTML, like Gecko) Chrome/85.0.4183.102 Safari/537.36" "lusciousgracious.com"
51.13.123.122 - - [17/Sep/2022:10:14:04 -0700] "GET /Alfa.php HTTP/1.1" 404 88 "-" "Mozilla/5.0 (Windows NT 10.0; Win64; x64) AppleWebKit/537.36 (KHTML, like Gecko) Chrome/85.0.4183.102 Safari/537.36" "lusciousgracious.com"
51.13.123.122 - - [17/Sep/2022:10:16:17 -0700] "GET /FoxWSO.php HTTP/1.1" 404 88 "-" "Mozilla/5.0 (Windows NT 10.0; Win64; x64) AppleWebKit/537.36 (KHTML, like Gecko) Chrome/85.0.4183.102 Safari/537.36" "lusciousgracious.com"
51.13.123.122 - - [17/Sep/2022:10:19:36 -0700] "GET /WSO.php HTTP/1.1" 404 88 "-" "Mozilla/5.0 (Windows NT 10.0; Win64; x64) AppleWebKit/537.36 (KHTML, like Gecko) Chrome/85.0.4183.102 Safari/537.36" "lusciousgracious.com"
51.13.123.122 - - [17/Sep/2022:10:21:28 -0700] "GET /a.php HTTP/1.1" 404 88 "-" "Mozilla/5.0 (Windows NT 10.0; Win64; x64) AppleWebKit/537.36 (KHTML, like Gecko) Chrome/85.0.4183.102 Safari/537.36" "lusciousgracious.com"
5.255.253.188 - - [17/Sep/2022:10:22:25 -0700] "GET /robots.txt HTTP/1.1" 404 73 "-" "Mozilla/5.0 (compatible; YandexBot/3.0; +http://yandex.com/bots)" "www.lusciousgracious.com"
5.255.253.188 - - [17/Sep/2022:10:22:29 -0700] "GET /cardsale/pages/34.htm HTTP/1.1" 404 88 "-" "Mozilla/5.0 (compatible; YandexBot/3.0; +http://yandex.com/bots)" "www.lusciousgracious.com"
192.34.84.8 - - [17/Sep/2022:10:22:40 -0700] "GET /blog/rss HTTP/1.1" 404 73 "-" "Ravelry.com RSS Reader/0.3 2008-10-22" "lusciousgracious.com"
51.13.123.122 - - [17/Sep/2022:10:23:06 -0700] "GET /about.php HTTP/1.1" 404 88 "-" "Mozilla/5.0 (Windows NT 10.0; Win64; x64) AppleWebKit/537.36 (KHTML, like Gecko) Chrome/85.0.4183.102 Safari/537.36" "lusciousgracious.com"
51.13.123.122 - - [17/Sep/2022:10:27:01 -0700] "GET /alf.php HTTP/1.1" 404 88 "-" "Mozilla/5.0 (Windows NT 10.0; Win64; x64) AppleWebKit/537.36 (KHTML, like Gecko) Chrome/85.0.4183.102 Safari/537.36" "lusciousgracious.com"
51.13.123.122 - - [17/Sep/2022:10:28:19 -0700] "GET /alfa.php HTTP/1.1" 404 88 "-" "Mozilla/5.0 (Windows NT 10.0; Win64; x64) AppleWebKit/537.36 (KHTML, like Gecko) Chrome/85.0.4183.102 Safari/537.36" "lusciousgracious.com"
51.13.123.122 - - [17/Sep/2022:10:29:13 -0700] "GET /alfashell.php HTTP/1.1" 404 88 "-" "Mozilla/5.0 (Windows NT 10.0; Win64; x64) AppleWebKit/537.36 (KHTML, like Gecko) Chrome/85.0.4183.102 Safari/537.36" "lusciousgracious.com"
51.13.123.122 - - [17/Sep/2022:10:32:54 -0700] "GET /alwso.php HTTP/1.1" 404 88 "-" "Mozilla/5.0 (Windows NT 10.0; Win64; x64) AppleWebKit/537.36 (KHTML, like Gecko) Chrome/85.0.4183.102 Safari/537.36" "lusciousgracious.com"
51.13.123.122 - - [17/Sep/2022:10:32:55 -0700] "GET /autoload_classmap.php HTTP/1.1" 404 88 "-" "Mozilla/5.0 (Windows NT 10.0; Win64; x64) AppleWebKit/537.36 (KHTML, like Gecko) Chrome/85.0.4183.102 Safari/537.36" "lusciousgracious.com"
54.36.148.163 - - [17/Sep/2022:10:32:59 -0700] "GET / HTTP/1.1" 200 270 "-" "Mozilla/5.0 (compatible; AhrefsBot/7.0; +http://ahrefs.com/robot/)" "lusciousgracious.com"
198.235.24.56 - - [17/Sep/2022:10:34:26 -0700] "GET / HTTP/1.1" 200 398 "-" "Expanse, a Palo Alto Networks company, searches across the global IPv4 space multiple times per day to identify customers&#39; presences on the Internet. If you would like to be excluded from our scans, please send IP addresses/domains to: scaninfo@paloaltonetworks.com" "lusciousgracious.com"
51.13.123.122 - - [17/Sep/2022:10:34:40 -0700] "GET /b.php HTTP/1.1" 404 88 "-" "Mozilla/5.0 (Windows NT 10.0; Win64; x64) AppleWebKit/537.36 (KHTML, like Gecko) Chrome/85.0.4183.102 Safari/537.36" "lusciousgracious.com"
51.13.123.122 - - [17/Sep/2022:10:36:36 -0700] "GET /blog.php HTTP/1.1" 404 88 "-" "Mozilla/5.0 (Windows NT 10.0; Win64; x64) AppleWebKit/537.36 (KHTML, like Gecko) Chrome/85.0.4183.102 Safari/537.36" "lusciousgracious.com"
51.13.123.122 - - [17/Sep/2022:10:40:25 -0700] "GET /blog/fw.php HTTP/1.1" 404 88 "-" "Mozilla/5.0 (Windows NT 10.0; Win64; x64) AppleWebKit/537.36 (KHTML, like Gecko) Chrome/85.0.4183.102 Safari/537.36" "lusciousgracious.com"
51.13.123.122 - - [17/Sep/2022:10:44:23 -0700] "GET /bypass.php HTTP/1.1" 404 88 "-" "Mozilla/5.0 (Windows NT 10.0; Win64; x64) AppleWebKit/537.36 (KHTML, like Gecko) Chrome/85.0.4183.102 Safari/537.36" "lusciousgracious.com"
51.13.123.122 - - [17/Sep/2022:10:46:38 -0700] "GET /c.php HTTP/1.1" 404 88 "-" "Mozilla/5.0 (Windows NT 10.0; Win64; x64) AppleWebKit/537.36 (KHTML, like Gecko) Chrome/85.0.4183.102 Safari/537.36" "lusciousgracious.com"
51.13.123.122 - - [17/Sep/2022:10:49:00 -0700] "GET /c99.php HTTP/1.1" 404 88 "-" "Mozilla/5.0 (Windows NT 10.0; Win64; x64) AppleWebKit/537.36 (KHTML, like Gecko) Chrome/85.0.4183.102 Safari/537.36" "lusciousgracious.com"
51.13.123.122 - - [17/Sep/2022:10:50:45 -0700] "GET /content.php HTTP/1.1" 404 88 "-" "Mozilla/5.0 (Windows NT 10.0; Win64; x64) AppleWebKit/537.36 (KHTML, like Gecko) Chrome/85.0.4183.102 Safari/537.36" "lusciousgracious.com"
114.119.141.83 - - [17/Sep/2022:10:51:23 -0700] "GET /robots.txt HTTP/1.1" 404 88 "-" "Mozilla/5.0 (compatible;PetalBot;+https://webmaster.petalsearch.com/site/petalbot)" "lusciousgracious.com"
51.13.123.122 - - [17/Sep/2022:10:53:23 -0700] "GET /date.php HTTP/1.1" 404 88 "-" "Mozilla/5.0 (Windows NT 10.0; Win64; x64) AppleWebKit/537.36 (KHTML, like Gecko) Chrome/85.0.4183.102 Safari/537.36" "lusciousgracious.com"
207.46.13.82 - - [17/Sep/2022:10:53:27 -0700] "GET /stitched/episode1/checker.htm HTTP/1.1" 404 88 "-" "Mozilla/5.0 (compatible; bingbot/2.0; +http://www.bing.com/bingbot.htm)" "www.lusciousgracious.com"
51.13.123.122 - - [17/Sep/2022:10:56:05 -0700] "GET /doc.php HTTP/1.1" 404 88 "-" "Mozilla/5.0 (Windows NT 10.0; Win64; x64) AppleWebKit/537.36 (KHTML, like Gecko) Chrome/85.0.4183.102 Safari/537.36" "lusciousgracious.com"
51.13.123.122 - - [17/Sep/2022:10:58:25 -0700] "GET /e.php HTTP/1.1" 404 88 "-" "Mozilla/5.0 (Windows NT 10.0; Win64; x64) AppleWebKit/537.36 (KHTML, like Gecko) Chrome/85.0.4183.102 Safari/537.36" "lusciousgracious.com"
51.13.123.122 - - [17/Sep/2022:10:58:55 -0700] "GET /edit-form.php HTTP/1.1" 404 88 "-" "Mozilla/5.0 (Windows NT 10.0; Win64; x64) AppleWebKit/537.36 (KHTML, like Gecko) Chrome/85.0.4183.102 Safari/537.36" "lusciousgracious.com"
138.246.253.24 - - [17/Sep/2022:10:59:03 -0700] "GET /robots.txt HTTP/1.1" 404 73 "-" "Mozilla/5.0 (Windows NT 10.0; Win64; x64) AppleWebKit/537.36 (KHTML, like Gecko) Chrome/103.0.5060.134 Safari/537.36" "lusciousgracious.com"
51.13.123.122 - - [17/Sep/2022:10:59:26 -0700] "GET /f.php HTTP/1.1" 404 88 "-" "Mozilla/5.0 (Windows NT 10.0; Win64; x64) AppleWebKit/537.36 (KHTML, like Gecko) Chrome/85.0.4183.102 Safari/537.36" "lusciousgracious.com"
51.13.123.122 - - [17/Sep/2022:11:00:18 -0700] "GET /fox.php HTTP/1.1" 404 88 "-" "Mozilla/5.0 (Windows NT 10.0; Win64; x64) AppleWebKit/537.36 (KHTML, like Gecko) Chrome/85.0.4183.102 Safari/537.36" "lusciousgracious.com"
51.13.123.122 - - [17/Sep/2022:11:01:40 -0700] "GET /g.php HTTP/1.1" 404 88 "-" "Mozilla/5.0 (Windows NT 10.0; Win64; x64) AppleWebKit/537.36 (KHTML, like Gecko) Chrome/85.0.4183.102 Safari/537.36" "lusciousgracious.com"
51.13.123.122 - - [17/Sep/2022:11:04:30 -0700] "GET /goods.php HTTP/1.1" 404 88 "-" "Mozilla/5.0 (Windows NT 10.0; Win64; x64) AppleWebKit/537.36 (KHTML, like Gecko) Chrome/85.0.4183.102 Safari/537.36" "lusciousgracious.com"
51.13.123.122 - - [17/Sep/2022:11:05:25 -0700] "GET /h.php HTTP/1.1" 404 88 "-" "Mozilla/5.0 (Windows NT 10.0; Win64; x64) AppleWebKit/537.36 (KHTML, like Gecko) Chrome/85.0.4183.102 Safari/537.36" "lusciousgracious.com"
51.13.123.122 - - [17/Sep/2022:11:05:50 -0700] "GET /haxor.php HTTP/1.1" 404 88 "-" "Mozilla/5.0 (Windows NT 10.0; Win64; x64) AppleWebKit/537.36 (KHTML, like Gecko) Chrome/85.0.4183.102 Safari/537.36" "lusciousgracious.com"
51.13.123.122 - - [17/Sep/2022:11:06:44 -0700] "GET /hello.php HTTP/1.1" 404 88 "-" "Mozilla/5.0 (Windows NT 10.0; Win64; x64) AppleWebKit/537.36 (KHTML, like Gecko) Chrome/85.0.4183.102 Safari/537.36" "lusciousgracious.com"
70.39.246.37 - - [17/Sep/2022:11:09:15 -0700] "GET /blog/atom.xml HTTP/1.1" 404 88 "-" "Mozilla/5.0 Moreover/5.1 (+http://www.moreover.com)" "lusciousgracious.com"
51.13.123.122 - - [17/Sep/2022:11:11:19 -0700] "GET /i.php HTTP/1.1" 404 88 "-" "Mozilla/5.0 (Windows NT 10.0; Win64; x64) AppleWebKit/537.36 (KHTML, like Gecko) Chrome/85.0.4183.102 Safari/537.36" "lusciousgracious.com"
51.13.123.122 - - [17/Sep/2022:11:11:19 -0700] "GET /images/about.php HTTP/1.1" 404 88 "-" "Mozilla/5.0 (Windows NT 10.0; Win64; x64) AppleWebKit/537.36 (KHTML, like Gecko) Chrome/85.0.4183.102 Safari/537.36" "lusciousgracious.com"
51.13.123.122 - - [17/Sep/2022:11:12:05 -0700] "GET /jindex.php HTTP/1.1" 404 88 "-" "Mozilla/5.0 (Windows NT 10.0; Win64; x64) AppleWebKit/537.36 (KHTML, like Gecko) Chrome/85.0.4183.102 Safari/537.36" "lusciousgracious.com"
51.13.123.122 - - [17/Sep/2022:11:14:32 -0700] "GET /k.php HTTP/1.1" 404 88 "-" "Mozilla/5.0 (Windows NT 10.0; Win64; x64) AppleWebKit/537.36 (KHTML, like Gecko) Chrome/85.0.4183.102 Safari/537.36" "lusciousgracious.com"
51.13.123.122 - - [17/Sep/2022:11:16:47 -0700] "GET /l.php HTTP/1.1" 404 88 "-" "Mozilla/5.0 (Windows NT 10.0; Win64; x64) AppleWebKit/537.36 (KHTML, like Gecko) Chrome/85.0.4183.102 Safari/537.36" "lusciousgracious.com"
51.13.123.122 - - [17/Sep/2022:11:17:17 -0700] "GET /license.php HTTP/1.1" 404 88 "-" "Mozilla/5.0 (Windows NT 10.0; Win64; x64) AppleWebKit/537.36 (KHTML, like Gecko) Chrome/85.0.4183.102 Safari/537.36" "lusciousgracious.com"
51.13.123.122 - - [17/Sep/2022:11:17:17 -0700] "GET /m.php HTTP/1.1" 404 88 "-" "Mozilla/5.0 (Windows NT 10.0; Win64; x64) AppleWebKit/537.36 (KHTML, like Gecko) Chrome/85.0.4183.102 Safari/537.36" "lusciousgracious.com"
51.13.123.122 - - [17/Sep/2022:11:17:42 -0700] "GET /mar.php HTTP/1.1" 404 88 "-" "Mozilla/5.0 (Windows NT 10.0; Win64; x64) AppleWebKit/537.36 (KHTML, like Gecko) Chrome/85.0.4183.102 Safari/537.36" "lusciousgracious.com"
51.13.123.122 - - [17/Sep/2022:11:18:04 -0700] "GET /mari.php HTTP/1.1" 404 88 "-" "Mozilla/5.0 (Windows NT 10.0; Win64; x64) AppleWebKit/537.36 (KHTML, like Gecko) Chrome/85.0.4183.102 Safari/537.36" "lusciousgracious.com"
51.13.123.122 - - [17/Sep/2022:11:19:58 -0700] "GET /marijuana.php HTTP/1.1" 404 88 "-" "Mozilla/5.0 (Windows NT 10.0; Win64; x64) AppleWebKit/537.36 (KHTML, like Gecko) Chrome/85.0.4183.102 Safari/537.36" "lusciousgracious.com"
51.13.123.122 - - [17/Sep/2022:11:23:37 -0700] "GET /mini.php HTTP/1.1" 404 88 "-" "Mozilla/5.0 (Windows NT 10.0; Win64; x64) AppleWebKit/537.36 (KHTML, like Gecko) Chrome/85.0.4183.102 Safari/537.36" "lusciousgracious.com"
54.36.149.2 - - [17/Sep/2022:11:26:44 -0700] "GET / HTTP/1.1" 200 270 "-" "Mozilla/5.0 (compatible; AhrefsBot/7.0; +http://ahrefs.com/robot/)" "www.lusciousgracious.com"
114.119.152.167 - - [17/Sep/2022:11:27:38 -0700] "GET /?C=S%3BO%3DA HTTP/1.1" 200 270 "http://www.lusciousgracious.com?C=N%3BO%3DD" "Mozilla/5.0 (Linux; Android 7.0;) AppleWebKit/537.36 (KHTML, like Gecko) Mobile Safari/537.36 (compatible; PetalBot;+https://webmaster.petalsearch.com/site/petalbot)" "www.lusciousgracious.com"
52.249.183.11 - - [17/Sep/2022:11:50:03 -0700] "GET /?C=D;O=D HTTP/1.1" 200 268 "-" "Mozilla/5.0 (Windows NT 10.0; Win64; x64) AppleWebKit/537.36 (KHTML, like Gecko) Chrome/86.0.4240.75 Safari/537.36" "www.lusciousgracious.com"
192.34.84.8 - - [17/Sep/2022:12:08:37 -0700] "GET /blog/atom.xml HTTP/1.1" 404 73 "-" "Ravelry.com RSS Reader/0.3 2008-10-22" "lusciousgracious.com"
114.119.152.167 - - [17/Sep/2022:12:24:23 -0700] "GET /?C=M%3BO%3DA HTTP/1.1" 200 270 "http://www.lusciousgracious.com/" "Mozilla/5.0 (Linux; Android 7.0;) AppleWebKit/537.36 (KHTML, like Gecko) Mobile Safari/537.36 (compatible; PetalBot;+https://webmaster.petalsearch.com/site/petalbot)" "www.lusciousgracious.com"
54.36.148.193 - - [17/Sep/2022:12:39:12 -0700] "GET /?C=M;O=A HTTP/1.1" 200 271 "-" "Mozilla/5.0 (compatible; AhrefsBot/7.0; +http://ahrefs.com/robot/)" "lusciousgracious.com"
5.188.210.25 - - [17/Sep/2022:13:01:36 -0700] "GET /blog/ HTTP/1.1" 404 73 "http://lusciousgracious.com/blog/" "Mozilla/5.0 (Windows NT 6.1; Win64; x64) AppleWebKit/537.36 (KHTML, like Gecko) Chrome/90.0.4430.93 Safari/537.36" "lusciousgracious.com"
5.188.210.25 - - [17/Sep/2022:13:01:36 -0700] "GET / HTTP/1.1" 200 398 "http://lusciousgracious.com/" "Mozilla/5.0 (Windows NT 6.1; Win64; x64) AppleWebKit/537.36 (KHTML, like Gecko) Chrome/90.0.4430.93 Safari/537.36" "lusciousgracious.com"
54.236.1.13 - - [17/Sep/2022:13:22:48 -0700] "GET /robots.txt HTTP/1.1" 404 88 "-" "Mozilla/5.0 (compatible; Pinterestbot/1.0; +http://www.pinterest.com/bot.html)" "lusciousgracious.com"
54.236.1.13 - - [17/Sep/2022:13:22:48 -0700] "GET /robots.txt HTTP/1.1" 404 88 "-" "Mozilla/5.0 (compatible; Pinterestbot/1.0; +http://www.pinterest.com/bot.html)" "lusciousgracious.com"
54.236.1.13 - - [17/Sep/2022:13:22:48 -0700] "GET / HTTP/1.1" 200 270 "-" "Mozilla/5.0 (compatible; Pinterestbot/1.0; +http://www.pinterest.com/bot.html)" "lusciousgracious.com"
54.236.1.13 - - [17/Sep/2022:13:23:32 -0700] "GET /clickit_files/image016.jpg HTTP/1.1" 404 88 "-" "Mozilla/5.0 (compatible; Pinterestbot/1.0; +http://www.pinterest.com/bot.html)" "lusciousgracious.com"
192.34.84.8 - - [17/Sep/2022:13:37:11 -0700] "GET /blog/rss HTTP/1.1" 404 73 "-" "Ravelry.com RSS Reader/0.3 2008-10-22" "lusciousgracious.com"
69.143.147.34 - - [17/Sep/2022:13:38:02 -0700] "GET / HTTP/1.1" 200 270 "-" "Mozilla/5.0 (Macintosh; Intel Mac OS X 10_15_7) AppleWebKit/605.1.15 (KHTML, like Gecko) Version/15.6 Safari/605.1.15" "www.lusciousgracious.com"
66.249.79.151 - - [17/Sep/2022:13:52:15 -0700] "GET /robots.txt HTTP/1.1" 404 88 "-" "Mozilla/5.0 (compatible; Googlebot/2.1; +http://www.google.com/bot.html)" "www.lusciousgracious.com"
66.249.79.151 - - [17/Sep/2022:13:54:26 -0700] "GET /ads.txt HTTP/1.1" 404 88 "-" "Mozilla/5.0 (compatible; Googlebot/2.1; +http://www.google.com/bot.html)" "www.lusciousgracious.com"
66.249.68.47 - - [17/Sep/2022:13:55:45 -0700] "GET /robots.txt HTTP/1.1" 404 88 "-" "Mozilla/5.0 (compatible; Googlebot/2.1; +http://www.google.com/bot.html)" "lusciousgracious.com"
66.249.68.45 - - [17/Sep/2022:13:57:40 -0700] "GET /ads.txt HTTP/1.1" 404 88 "-" "Mozilla/5.0 (compatible; Googlebot/2.1; +http://www.google.com/bot.html)" "lusciousgracious.com"
65.21.206.46 - - [17/Sep/2022:13:57:52 -0700] "GET / HTTP/1.1" 200 270 "-" "Mozilla/5.0 (Windows NT 10.0; Win64; x64) AppleWebKit/537.36 (KHTML, like Gecko) Chrome/91.0.4472.114 Safari/537.36 Edg/91.0.864.54" "lusciousgracious.com"
66.249.68.45 - - [17/Sep/2022:13:57:54 -0700] "GET /ads.txt HTTP/1.1" 404 88 "-" "Mozilla/5.0 (compatible; Googlebot/2.1; +http://www.google.com/bot.html)" "lusciousgracious.com"
54.236.1.11 - - [17/Sep/2022:14:08:27 -0700] "GET /robots.txt HTTP/1.1" 404 88 "-" "Mozilla/5.0 (compatible; Pinterestbot/1.0; +http://www.pinterest.com/bot.html)" "lusciousgracious.com"
54.236.1.11 - - [17/Sep/2022:14:08:27 -0700] "GET /blog/uploaded_images/sweater-777980.jpg HTTP/1.1" 404 88 "-" "Mozilla/5.0 (compatible; Pinterestbot/1.0; +http://www.pinterest.com/bot.html)" "lusciousgracious.com"
74.125.150.55 - - [17/Sep/2022:14:16:32 -0700] "GET /blog/atom.xml HTTP/1.1" 404 88 "-" "FeedBurner/1.0 (http://www.FeedBurner.com)" "lusciousgracious.com"
195.242.110.254 - - [17/Sep/2022:14:24:09 -0700] "GET / HTTP/1.1" 200 398 "https://spanking.to/" "Mozilla/4.0 (compatible; MSIE 7.0b; Windows NT 6.0)" "lusciousgracious.com"
195.242.110.254 - - [17/Sep/2022:14:24:09 -0700] "GET / HTTP/1.1" 200 398 "https://spanking.to/" "Mozilla/4.0 (compatible; MSIE 7.0b; Windows NT 6.0)" "lusciousgracious.com"
195.242.110.254 - - [17/Sep/2022:14:24:10 -0700] "GET / HTTP/1.1" 200 398 "https://spanking.to/" "Mozilla/4.0 (compatible; MSIE 7.0b; Windows NT 6.0)" "lusciousgracious.com"
66.249.79.153 - - [17/Sep/2022:14:28:40 -0700] "GET /ads.txt HTTP/1.1" 404 88 "-" "Mozilla/5.0 (compatible; Googlebot/2.1; +http://www.google.com/bot.html)" "www.lusciousgracious.com"
5.188.210.97 - - [17/Sep/2022:15:07:12 -0700] "GET /blog/ HTTP/1.1" 404 73 "http://lusciousgracious.com/blog/" "Mozilla/5.0 (Windows NT 10.0) AppleWebKit/537.36 (KHTML, like Gecko) Chrome/90.0.4430.85 Safari/537.36 Edg/90.0.818.46" "lusciousgracious.com"
5.188.210.97 - - [17/Sep/2022:15:07:12 -0700] "GET / HTTP/1.1" 200 398 "http://lusciousgracious.com/" "Mozilla/5.0 (Windows NT 10.0) AppleWebKit/537.36 (KHTML, like Gecko) Chrome/90.0.4430.85 Safari/537.36 Edg/90.0.818.46" "lusciousgracious.com"
70.39.246.37 - - [17/Sep/2022:15:11:38 -0700] "GET /blog/atom.xml HTTP/1.1" 404 88 "-" "Mozilla/5.0 Moreover/5.1 (+http://www.moreover.com)" "lusciousgracious.com"
192.34.84.8 - - [17/Sep/2022:15:23:49 -0700] "GET /blog/atom.xml HTTP/1.1" 404 73 "-" "Ravelry.com RSS Reader/0.3 2008-10-22" "lusciousgracious.com"
54.236.1.11 - - [17/Sep/2022:15:42:43 -0700] "GET /robots.txt HTTP/1.1" 404 88 "-" "Mozilla/5.0 (compatible; Pinterestbot/1.0; +http://www.pinterest.com/bot.html)" "lusciousgracious.com"
54.236.1.11 - - [17/Sep/2022:15:42:43 -0700] "GET /robots.txt HTTP/1.1" 404 88 "-" "Mozilla/5.0 (compatible; Pinterestbot/1.0; +http://www.pinterest.com/bot.html)" "www.lusciousgracious.com"
54.236.1.11 - - [17/Sep/2022:15:42:43 -0700] "GET /felt.htm HTTP/1.1" 404 88 "-" "Mozilla/5.0 (compatible; Pinterestbot/1.0; +http://www.pinterest.com/bot.html)" "www.lusciousgracious.com"
114.119.152.155 - - [17/Sep/2022:16:02:38 -0700] "GET /?C=N%3BO%3DD HTTP/1.1" 200 270 "http://www.lusciousgracious.com/" "Mozilla/5.0 (Linux; Android 7.0;) AppleWebKit/537.36 (KHTML, like Gecko) Mobile Safari/537.36 (compatible; PetalBot;+https://webmaster.petalsearch.com/site/petalbot)" "www.lusciousgracious.com"
35.235.71.2 - - [17/Sep/2022:16:10:34 -0700] "GET / HTTP/1.1" 200 398 "-" "-" "lusciousgracious.com"
54.36.148.122 - - [17/Sep/2022:16:48:22 -0700] "GET /?C=S;O=A HTTP/1.1" 200 271 "-" "Mozilla/5.0 (compatible; AhrefsBot/7.0; +http://ahrefs.com/robot/)" "lusciousgracious.com"
192.34.84.8 - - [17/Sep/2022:16:52:13 -0700] "GET /blog/rss HTTP/1.1" 404 73 "-" "Ravelry.com RSS Reader/0.3 2008-10-22" "lusciousgracious.com"
192.99.14.223 - - [17/Sep/2022:17:01:08 -0700] "GET /robots.txt HTTP/1.1" 404 73 "-" "Mozilla/5.0 (compatible; MJ12bot/v1.4.8; http://mj12bot.com/)" "lusciousgracious.com"
192.99.14.223 - - [17/Sep/2022:17:01:10 -0700] "GET /11things/11thingskiki.htm HTTP/1.1" 404 88 "-" "Mozilla/5.0 (compatible; MJ12bot/v1.4.8; http://mj12bot.com/)" "lusciousgracious.com"
192.99.14.223 - - [17/Sep/2022:17:01:12 -0700] "GET /11things/11thingslily.htm HTTP/1.1" 404 88 "-" "Mozilla/5.0 (compatible; MJ12bot/v1.4.8; http://mj12bot.com/)" "lusciousgracious.com"
192.99.14.223 - - [17/Sep/2022:17:01:14 -0700] "GET /11things/11thingslucy.htm HTTP/1.1" 404 88 "-" "Mozilla/5.0 (compatible; MJ12bot/v1.4.8; http://mj12bot.com/)" "lusciousgracious.com"
192.99.14.223 - - [17/Sep/2022:17:01:16 -0700] "GET /11things/11thingsteve.htm HTTP/1.1" 404 88 "-" "Mozilla/5.0 (compatible; MJ12bot/v1.4.8; http://mj12bot.com/)" "lusciousgracious.com"
192.99.14.223 - - [17/Sep/2022:17:01:18 -0700] "GET /stitched/episode1/index2.htm HTTP/1.1" 404 88 "-" "Mozilla/5.0 (compatible; MJ12bot/v1.4.8; http://mj12bot.com/)" "lusciousgracious.com"
192.99.14.223 - - [17/Sep/2022:17:01:19 -0700] "GET /robots.txt HTTP/1.1" 404 73 "-" "Mozilla/5.0 (compatible; MJ12bot/v1.4.8; http://mj12bot.com/)" "www.lusciousgracious.com"
192.99.14.223 - - [17/Sep/2022:17:01:21 -0700] "GET /11things/11thingskiki.htm HTTP/1.1" 404 88 "-" "Mozilla/5.0 (compatible; MJ12bot/v1.4.8; http://mj12bot.com/)" "www.lusciousgracious.com"
192.99.14.223 - - [17/Sep/2022:17:01:23 -0700] "GET /11things/11thingslily.htm HTTP/1.1" 404 88 "-" "Mozilla/5.0 (compatible; MJ12bot/v1.4.8; http://mj12bot.com/)" "www.lusciousgracious.com"
192.99.14.223 - - [17/Sep/2022:17:01:25 -0700] "GET /11things/11thingslucy.htm HTTP/1.1" 404 88 "-" "Mozilla/5.0 (compatible; MJ12bot/v1.4.8; http://mj12bot.com/)" "www.lusciousgracious.com"
192.99.14.223 - - [17/Sep/2022:17:01:28 -0700] "GET /11things/11thingsteve.htm HTTP/1.1" 404 88 "-" "Mozilla/5.0 (compatible; MJ12bot/v1.4.8; http://mj12bot.com/)" "www.lusciousgracious.com"
192.99.14.223 - - [17/Sep/2022:17:01:30 -0700] "GET /stitched/episode1/index2.htm HTTP/1.1" 404 88 "-" "Mozilla/5.0 (compatible; MJ12bot/v1.4.8; http://mj12bot.com/)" "www.lusciousgracious.com"
176.74.192.85 - - [17/Sep/2022:17:11:22 -0700] "GET /stitched/index.htm HTTP/1.1" 404 88 "http://lgstitched.com/robots.txt" "Mozilla/5.0 (Windows NT 10.0; Win64; x64) AppleWebKit/537.36 (KHTML, like Gecko) Chrome/103.0.5060.114 Safari/537.36" "www.lusciousgracious.com"
176.74.192.85 - - [17/Sep/2022:17:11:23 -0700] "GET /stitched/index.htm HTTP/1.1" 404 88 "http://lgstitched.com/humans.txt" "Mozilla/5.0 (Windows NT 10.0; Win64; x64) AppleWebKit/537.36 (KHTML, like Gecko) Chrome/103.0.5060.114 Safari/537.36" "www.lusciousgracious.com"
176.74.192.85 - - [17/Sep/2022:17:11:24 -0700] "GET /stitched/index.htm HTTP/1.1" 404 88 "http://lgstitched.com/ads.txt" "Mozilla/5.0 (Windows NT 10.0; Win64; x64) AppleWebKit/537.36 (KHTML, like Gecko) Chrome/103.0.5060.114 Safari/537.36" "www.lusciousgracious.com"
176.74.192.85 - - [17/Sep/2022:17:11:25 -0700] "GET /stitched/index.htm HTTP/1.1" 404 88 "http://lgstitched.com/" "Mozilla/5.0 (Windows NT 10.0; Win64; x64) AppleWebKit/537.36 (KHTML, like Gecko) Chrome/103.0.5060.114 Safari/537.36" "www.lusciousgracious.com"
136.243.228.181 - - [17/Sep/2022:17:26:12 -0700] "GET /stitched/episode1/jellyfishin.htm HTTP/1.1" 404 88 "-" "Mozilla/5.0 (compatible; DataForSeoBot/1.0; +https://dataforseo.com/dataforseo-bot)" "www.lusciousgracious.com"
114.119.129.167 - - [17/Sep/2022:17:43:16 -0700] "GET /robots.txt HTTP/1.1" 404 88 "-" "Mozilla/5.0 (compatible;PetalBot;+https://webmaster.petalsearch.com/site/petalbot)" "lusciousgracious.com"
195.191.219.133 - - [17/Sep/2022:17:59:28 -0700] "GET /robots.txt HTTP/1.1" 404 73 "-" "Mozilla/5.0 (compatible; MJ12bot/v1.4.8; http://mj12bot.com/)" "lusciousgracious.com"
195.191.219.133 - - [17/Sep/2022:17:59:30 -0700] "GET / HTTP/1.1" 200 270 "-" "Mozilla/5.0 (compatible; MJ12bot/v1.4.8; http://mj12bot.com/)" "lusciousgracious.com"
195.191.219.133 - - [17/Sep/2022:17:59:30 -0700] "GET /robots.txt HTTP/1.1" 404 73 "-" "Mozilla/5.0 (compatible; MJ12bot/v1.4.8; http://mj12bot.com/)" "www.lusciousgracious.com"
195.191.219.133 - - [17/Sep/2022:17:59:32 -0700] "GET / HTTP/1.1" 200 270 "-" "Mozilla/5.0 (compatible; MJ12bot/v1.4.8; http://mj12bot.com/)" "www.lusciousgracious.com"
54.36.148.159 - - [17/Sep/2022:17:59:56 -0700] "GET / HTTP/1.1" 200 270 "-" "Mozilla/5.0 (compatible; AhrefsBot/7.0; +http://ahrefs.com/robot/)" "lusciousgracious.com"
45.138.74.127 - - [17/Sep/2022:18:12:48 -0700] "GET / HTTP/1.1" 200 398 "https://eksprognoz.ru/" "Mozilla/4.0 (compatible; MSIE 6.0; Windows NT 5.1; SV1; .NET CLR 1.1.4322; .NET CLR 2.0.50727)" "lusciousgracious.com"
45.138.74.127 - - [17/Sep/2022:18:12:49 -0700] "GET / HTTP/1.1" 200 398 "https://eksprognoz.ru/" "Mozilla/4.0 (compatible; MSIE 6.0; Windows NT 5.1; SV1; .NET CLR 1.1.4322; .NET CLR 2.0.50727)" "lusciousgracious.com"
45.138.74.127 - - [17/Sep/2022:18:12:50 -0700] "GET / HTTP/1.1" 200 398 "https://eksprognoz.ru/" "Mozilla/4.0 (compatible; MSIE 6.0; Windows NT 5.1; SV1; .NET CLR 1.1.4322; .NET CLR 2.0.50727)" "lusciousgracious.com"
5.188.210.47 - - [17/Sep/2022:18:32:11 -0700] "GET /blog/ HTTP/1.1" 404 73 "http://lusciousgracious.com/blog/" "Mozilla/5.0 (Windows NT 6.1; Win64; x64) AppleWebKit/537.36 (KHTML, like Gecko) Chrome/90.0.4430.85 Safari/537.36" "lusciousgracious.com"
5.188.210.47 - - [17/Sep/2022:18:32:11 -0700] "GET / HTTP/1.1" 200 398 "http://lusciousgracious.com/" "Mozilla/5.0 (Windows NT 6.1; Win64; x64) AppleWebKit/537.36 (KHTML, like Gecko) Chrome/90.0.4430.85 Safari/537.36" "lusciousgracious.com"
54.236.1.11 - - [17/Sep/2022:18:36:22 -0700] "GET /robots.txt HTTP/1.1" 404 88 "-" "Mozilla/5.0 (compatible; Pinterestbot/1.0; +http://www.pinterest.com/bot.html)" "lusciousgracious.com"
54.236.1.13 - - [17/Sep/2022:18:36:22 -0700] "GET /robots.txt HTTP/1.1" 404 88 "-" "Mozilla/5.0 (compatible; Pinterestbot/1.0; +http://www.pinterest.com/bot.html)" "lusciousgracious.com"
54.236.1.11 - - [17/Sep/2022:18:36:22 -0700] "GET /clickit_files/image016.jpg HTTP/1.1" 404 88 "-" "Mozilla/5.0 (compatible; Pinterestbot/1.0; +http://www.pinterest.com/bot.html)" "lusciousgracious.com"
46.161.27.156 - - [17/Sep/2022:18:37:20 -0700] "GET /stitched/index.htm HTTP/1.1" 404 88 "http://lgstitched.com/wp-login.php" "Mozilla/5.0 (Windows NT 10.0; Win64; x64) AppleWebKit/537.36 (KHTML, like Gecko) Chrome/64.0.3282.140 Safari/537.36 Edge/18.17763" "www.lusciousgracious.com"
192.34.84.8 - - [17/Sep/2022:18:38:33 -0700] "GET /blog/atom.xml HTTP/1.1" 404 73 "-" "Ravelry.com RSS Reader/0.3 2008-10-22" "lusciousgracious.com"
54.36.148.136 - - [17/Sep/2022:18:40:00 -0700] "GET /?C=D;O=A HTTP/1.1" 200 270 "-" "Mozilla/5.0 (compatible; AhrefsBot/7.0; +http://ahrefs.com/robot/)" "lusciousgracious.com"
