183.136.225.46 - - [22/Sep/2022:01:01:12 -0700] "GET / HTTP/1.1" 200 398 "-" "Mozilla/5.0 (Macintosh; Intel Mac OS X 10.11; rv:47.0) Gecko/20100101 Firefox/47.0" "www.lusciousgracious.com"
183.136.225.46 - - [22/Sep/2022:01:01:25 -0700] "GET / HTTP/1.1" 200 270 "-" "Mozilla/5.0 (Windows NT 6.1; WOW64) AppleWebKit/537.36 (KHTML, like Gecko) Chrome/63.0.3239.132 Safari/537.36 QIHU 360SE" "www.lusciousgracious.com"
183.136.225.46 - - [22/Sep/2022:01:01:25 -0700] "GET /favicon.ico HTTP/1.1" 404 88 "-" "Mozilla/5.0 (Windows NT 6.1; WOW64) AppleWebKit/537.36 (KHTML, like Gecko) Chrome/63.0.3239.132 Safari/537.36 QIHU 360SE" "www.lusciousgracious.com"
183.136.225.46 - - [22/Sep/2022:01:01:26 -0700] "GET /robots.txt HTTP/1.1" 404 88 "-" "Mozilla/5.0 (Windows NT 6.1; WOW64) AppleWebKit/537.36 (KHTML, like Gecko) Chrome/63.0.3239.132 Safari/537.36 QIHU 360SE" "www.lusciousgracious.com"
77.88.9.139 - - [22/Sep/2022:01:24:42 -0700] "GET /robots.txt HTTP/1.1" 404 73 "-" "Mozilla/5.0 (compatible; YandexBot/3.0; +http://yandex.com/bots)" "www.lusciousgracious.com"
77.88.9.130 - - [22/Sep/2022:01:24:46 -0700] "GET /pages/Evilfaeries.htm HTTP/1.1" 404 88 "-" "Mozilla/5.0 (compatible; YandexBot/3.0; +http://yandex.com/bots)" "www.lusciousgracious.com"
5.188.62.21 - - [22/Sep/2022:01:27:59 -0700] "GET /stitched/index.htm HTTP/1.1" 404 88 "-" "Mozilla/5.0 (Windows NT 10.0; Win64; x64) AppleWebKit/537.36 (KHTML, like Gecko) Chrome/101.0.4951.67 Safari/537.36" "www.lusciousgracious.com"
54.236.1.11 - - [22/Sep/2022:02:10:16 -0700] "GET /robots.txt HTTP/1.1" 404 88 "-" "Mozilla/5.0 (compatible; Pinterestbot/1.0; +http://www.pinterest.com/bot.html)" "lusciousgracious.com"
54.236.1.11 - - [22/Sep/2022:02:10:16 -0700] "GET /robots.txt HTTP/1.1" 404 88 "-" "Mozilla/5.0 (compatible; Pinterestbot/1.0; +http://www.pinterest.com/bot.html)" "lusciousgracious.com"
54.236.1.11 - - [22/Sep/2022:02:10:16 -0700] "GET /blog/2005/08/art-rock-rock-art.html HTTP/1.1" 404 88 "-" "Mozilla/5.0 (compatible; Pinterestbot/1.0; +http://www.pinterest.com/bot.html)" "lusciousgracious.com"
54.236.1.11 - - [22/Sep/2022:02:18:26 -0700] "GET / HTTP/1.1" 200 270 "-" "Mozilla/5.0 (compatible; Pinterestbot/1.0; +http://www.pinterest.com/bot.html)" "lusciousgracious.com"
54.236.1.11 - - [22/Sep/2022:02:18:26 -0700] "GET /clickit_files/image016.jpg HTTP/1.1" 404 88 "-" "Mozilla/5.0 (compatible; Pinterestbot/1.0; +http://www.pinterest.com/bot.html)" "lusciousgracious.com"
5.188.62.140 - - [22/Sep/2022:02:34:40 -0700] "GET / HTTP/1.1" 200 270 "-" "Mozilla/5.0 (Windows NT 6.1; WOW64) AppleWebKit/537.36 (KHTML, like Gecko) Chrome/101.0.4951.67 Safari/537.36" "lusciousgracious.com"
192.34.84.8 - - [22/Sep/2022:03:13:56 -0700] "GET /blog/rss HTTP/1.1" 404 73 "-" "Ravelry.com RSS Reader/0.3 2008-10-22" "lusciousgracious.com"
192.34.84.8 - - [22/Sep/2022:03:31:12 -0700] "GET /blog/atom.xml HTTP/1.1" 404 73 "-" "Ravelry.com RSS Reader/0.3 2008-10-22" "lusciousgracious.com"
51.222.253.17 - - [22/Sep/2022:03:52:51 -0700] "GET /robots.txt HTTP/1.1" 404 88 "-" "Mozilla/5.0 (compatible; AhrefsBot/7.0; +http://ahrefs.com/robot/)" "www.lusciousgracious.com"
51.222.253.3 - - [22/Sep/2022:03:52:54 -0700] "GET / HTTP/1.1" 200 270 "-" "Mozilla/5.0 (compatible; AhrefsBot/7.0; +http://ahrefs.com/robot/)" "www.lusciousgracious.com"
77.88.9.130 - - [22/Sep/2022:03:54:56 -0700] "GET /robots.txt HTTP/1.1" 404 73 "-" "Mozilla/5.0 (compatible; YandexBot/3.0; +http://yandex.com/bots)" "www.lusciousgracious.com"
77.88.9.139 - - [22/Sep/2022:03:55:00 -0700] "GET /pages/boonespond.htm HTTP/1.1" 404 88 "-" "Mozilla/5.0 (compatible; YandexBot/3.0; +http://yandex.com/bots)" "www.lusciousgracious.com"
114.119.151.1 - - [22/Sep/2022:04:01:11 -0700] "GET /robots.txt HTTP/1.1" 404 88 "-" "Mozilla/5.0 (compatible;PetalBot;+https://webmaster.petalsearch.com/site/petalbot)" "www.lusciousgracious.com"
70.39.246.37 - - [22/Sep/2022:04:06:34 -0700] "GET /blog/atom.xml HTTP/1.1" 404 88 "-" "Mozilla/5.0 Moreover/5.1 (+http://www.moreover.com)" "lusciousgracious.com"
5.188.210.93 - - [22/Sep/2022:04:42:40 -0700] "GET /blog/ HTTP/1.1" 404 73 "http://lusciousgracious.com/blog/" "Mozilla/5.0 (Windows NT 10.0) AppleWebKit/537.36 (KHTML, like Gecko) Chrome/90.0.4430.72 Safari/537.36" "lusciousgracious.com"
5.188.210.93 - - [22/Sep/2022:04:42:40 -0700] "GET / HTTP/1.1" 200 398 "http://lusciousgracious.com/" "Mozilla/5.0 (Windows NT 10.0) AppleWebKit/537.36 (KHTML, like Gecko) Chrome/90.0.4430.72 Safari/537.36" "lusciousgracious.com"
54.236.1.11 - - [22/Sep/2022:04:46:43 -0700] "GET /robots.txt HTTP/1.1" 404 88 "-" "Mozilla/5.0 (compatible; Pinterestbot/1.0; +http://www.pinterest.com/bot.html)" "lusciousgracious.com"
54.236.1.11 - - [22/Sep/2022:04:46:43 -0700] "GET /robots.txt HTTP/1.1" 404 88 "-" "Mozilla/5.0 (compatible; Pinterestbot/1.0; +http://www.pinterest.com/bot.html)" "lusciousgracious.com"
54.236.1.11 - - [22/Sep/2022:04:46:43 -0700] "GET /blog/uploaded_images/sweater-777980.jpg HTTP/1.1" 404 88 "-" "Mozilla/5.0 (compatible; Pinterestbot/1.0; +http://www.pinterest.com/bot.html)" "lusciousgracious.com"
5.188.210.25 - - [22/Sep/2022:04:47:11 -0700] "GET /blog/index.html HTTP/1.1" 404 73 "http://www.lusciousgracious.com/blog/index.html" "Mozilla/5.0 (Windows NT 6.2; Win64; x64) AppleWebKit/537.36 (KHTML, like Gecko) Chrome/90.0.4430.72 Safari/537.36" "www.lusciousgracious.com"
5.188.210.25 - - [22/Sep/2022:04:47:11 -0700] "GET /index.html HTTP/1.1" 404 73 "http://www.lusciousgracious.com/index.html" "Mozilla/5.0 (Windows NT 6.2; Win64; x64) AppleWebKit/537.36 (KHTML, like Gecko) Chrome/90.0.4430.72 Safari/537.36" "www.lusciousgracious.com"
35.209.16.123 - - [22/Sep/2022:04:55:01 -0700] "HEAD / HTTP/1.1" 200 - "-" "scalaj-http/2.4.2" "lusciousgracious.com"
35.209.16.123 - - [22/Sep/2022:04:55:01 -0700] "GET / HTTP/1.1" 200 270 "-" "Buck/2.3.2; (+https://app.hypefactors.com/media-monitoring/about.html)" "lusciousgracious.com"
35.209.16.123 - - [22/Sep/2022:04:55:02 -0700] "GET /robots.txt HTTP/1.1" 404 88 "-" "Buck/2.3.2; (+https://app.hypefactors.com/media-monitoring/about.html)" "lusciousgracious.com"
35.209.16.123 - - [22/Sep/2022:04:55:02 -0700] "GET /sitemap.xml HTTP/1.1" 404 88 "-" "Buck/2.3.2; (+https://app.hypefactors.com/media-monitoring/about.html)" "lusciousgracious.com"
54.236.1.13 - - [22/Sep/2022:05:20:58 -0700] "GET /robots.txt HTTP/1.1" 404 88 "-" "Mozilla/5.0 (compatible; Pinterestbot/1.0; +http://www.pinterest.com/bot.html)" "lusciousgracious.com"
54.236.1.13 - - [22/Sep/2022:05:20:58 -0700] "GET /clickit_files/image016.jpg HTTP/1.1" 404 88 "-" "Mozilla/5.0 (compatible; Pinterestbot/1.0; +http://www.pinterest.com/bot.html)" "lusciousgracious.com"
61.135.159.123 - - [22/Sep/2022:05:54:28 -0700] "GET / HTTP/1.1" 200 270 "-" "Sogou web spider/4.0(+http://www.sogou.com/docs/help/webmasters.htm#07)" "www.lusciousgracious.com"
192.34.84.8 - - [22/Sep/2022:05:59:13 -0700] "GET /blog/rss HTTP/1.1" 404 73 "-" "Ravelry.com RSS Reader/0.3 2008-10-22" "lusciousgracious.com"
192.34.84.8 - - [22/Sep/2022:06:17:02 -0700] "GET /blog/atom.xml HTTP/1.1" 404 73 "-" "Ravelry.com RSS Reader/0.3 2008-10-22" "lusciousgracious.com"
31.46.254.27 - - [22/Sep/2022:06:49:59 -0700] "GET /blog/uploaded_images/sweater-777980.jpg HTTP/1.1" 404 88 "https://hu.pinterest.com/" "Mozilla/5.0 (Linux; Android 9; SAMSUNG SM-J330FN) AppleWebKit/537.36 (KHTML, like Gecko) SamsungBrowser/18.0 Chrome/99.0.4844.88 Mobile Safari/537.36" "lusciousgracious.com"
31.46.254.27 - - [22/Sep/2022:06:50:00 -0700] "GET /favicon.ico HTTP/1.1" 404 88 "http://lusciousgracious.com/blog/uploaded_images/sweater-777980.jpg" "Mozilla/5.0 (Linux; Android 9; SAMSUNG SM-J330FN) AppleWebKit/537.36 (KHTML, like Gecko) SamsungBrowser/18.0 Chrome/99.0.4844.88 Mobile Safari/537.36" "lusciousgracious.com"
54.36.148.34 - - [22/Sep/2022:06:56:17 -0700] "GET /robots.txt HTTP/1.1" 404 88 "-" "Mozilla/5.0 (compatible; AhrefsBot/7.0; +http://ahrefs.com/robot/)" "lusciousgracious.com"
54.236.1.11 - - [22/Sep/2022:07:18:29 -0700] "GET /robots.txt HTTP/1.1" 404 88 "-" "Mozilla/5.0 (compatible; Pinterestbot/1.0; +http://www.pinterest.com/bot.html)" "lusciousgracious.com"
54.236.1.11 - - [22/Sep/2022:07:18:29 -0700] "GET /robots.txt HTTP/1.1" 404 88 "-" "Mozilla/5.0 (compatible; Pinterestbot/1.0; +http://www.pinterest.com/bot.html)" "lusciousgracious.com"
54.236.1.11 - - [22/Sep/2022:07:18:29 -0700] "GET /blog/uploaded_images/06670031-741832.jpg HTTP/1.1" 404 88 "-" "Mozilla/5.0 (compatible; Pinterestbot/1.0; +http://www.pinterest.com/bot.html)" "lusciousgracious.com"
123.125.109.105 - - [22/Sep/2022:07:35:25 -0700] "GET / HTTP/1.1" 200 270 "-" "Sogou web spider/4.0(+http://www.sogou.com/docs/help/webmasters.htm#07)" "lusciousgracious.com"
24.113.78.58 - - [22/Sep/2022:07:49:07 -0700] "HEAD /apple-touch-icon.png HTTP/1.1" 404 - "-" "-" "lusciousgracious.com"
24.113.78.58 - - [22/Sep/2022:07:49:07 -0700] "HEAD /manifest.json HTTP/1.1" 404 - "-" "-" "lusciousgracious.com"
24.113.78.58 - - [22/Sep/2022:07:49:07 -0700] "GET / HTTP/1.1" 200 398 "-" "Mozilla/5.0 (Windows; U; Windows NT 5.1; en-US; rv:x.x.x) Gecko/20041107 Firefox/x.x" "lusciousgracious.com"
24.113.78.58 - - [22/Sep/2022:07:49:07 -0700] "GET / HTTP/1.1" 200 398 "-" "Mozilla/5.0 (Windows; U; Windows NT 5.1; en-US; rv:x.x.x) Gecko/20041107 Firefox/x.x" "lusciousgracious.com"
24.113.78.58 - - [22/Sep/2022:07:49:07 -0700] "GET / HTTP/1.1" 200 398 "-" "Mozilla/5.0 (Windows; U; Windows NT 5.1; en-US; rv:x.x.x) Gecko/20041107 Firefox/x.x" "lusciousgracious.com"
24.113.78.58 - - [22/Sep/2022:07:49:07 -0700] "HEAD /favicon.ico HTTP/1.1" 404 - "-" "-" "lusciousgracious.com"
104.41.4.32 - - [22/Sep/2022:08:00:52 -0700] "POST / HTTP/1.1" 404 88 "-" "Mozilla/5.0 (X11; Linux x86_64) AppleWebKit/537.36 (KHTML, like Gecko) Chrome/81.0.4044.129 Safari/537.36" "lusciousgracious.com"
54.236.1.11 - - [22/Sep/2022:08:04:11 -0700] "GET /robots.txt HTTP/1.1" 404 88 "-" "Mozilla/5.0 (compatible; Pinterestbot/1.0; +http://www.pinterest.com/bot.html)" "lusciousgracious.com"
54.236.1.11 - - [22/Sep/2022:08:04:11 -0700] "GET /blog/uploaded_images/sweater-776892.jpg HTTP/1.1" 404 88 "-" "Mozilla/5.0 (compatible; Pinterestbot/1.0; +http://www.pinterest.com/bot.html)" "lusciousgracious.com"
70.39.246.37 - - [22/Sep/2022:08:10:06 -0700] "GET /blog/atom.xml HTTP/1.1" 404 88 "-" "Mozilla/5.0 Moreover/5.1 (+http://www.moreover.com)" "lusciousgracious.com"
192.34.84.8 - - [22/Sep/2022:08:45:24 -0700] "GET /blog/rss HTTP/1.1" 404 73 "-" "Ravelry.com RSS Reader/0.3 2008-10-22" "lusciousgracious.com"
114.119.149.222 - - [22/Sep/2022:08:54:10 -0700] "GET /robots.txt HTTP/1.1" 404 88 "-" "Mozilla/5.0 (compatible;PetalBot;+https://webmaster.petalsearch.com/site/petalbot)" "lusciousgracious.com"
51.222.253.8 - - [22/Sep/2022:08:59:08 -0700] "GET /?C=N;O=D HTTP/1.1" 200 268 "-" "Mozilla/5.0 (compatible; AhrefsBot/7.0; +http://ahrefs.com/robot/)" "www.lusciousgracious.com"
192.34.84.8 - - [22/Sep/2022:09:16:30 -0700] "GET /blog/atom.xml HTTP/1.1" 404 73 "-" "Ravelry.com RSS Reader/0.3 2008-10-22" "lusciousgracious.com"
51.15.183.168 - - [22/Sep/2022:09:19:37 -0700] "GET /includes/FCKeditor/editor/filemanager/browser/default/connectors/php/connector.php?Command=GetFoldersAndFiles&Type=File&CurrentFolder=%2F HTTP/1.1" 404 73 "-" "Mozilla/5.0 (Windows NT 6.3; Win64; x64) AppleWebKit/537.36 (KHTML, like Gecko) Chrome/75.0.3770.100 Safari/537.36" "lusciousgracious.com"
77.88.9.130 - - [22/Sep/2022:09:19:57 -0700] "GET /robots.txt HTTP/1.1" 404 73 "-" "Mozilla/5.0 (compatible; YandexBot/3.0; +http://yandex.com/bots)" "www.lusciousgracious.com"
77.88.9.131 - - [22/Sep/2022:09:20:00 -0700] "GET /gallery/pages/chimes.htm HTTP/1.1" 404 88 "-" "Mozilla/5.0 (compatible; YandexBot/3.0; +http://yandex.com/bots)" "www.lusciousgracious.com"
24.130.89.165 - - [22/Sep/2022:10:08:06 -0700] "GET / HTTP/1.1" 200 270 "-" "Mozilla/5.0 (iPhone; CPU iPhone OS 15_7 like Mac OS X) AppleWebKit/605.1.15 (KHTML, like Gecko) Version/15.6,2 Mobile/15E148 Safari/604.1" "www.lusciousgracious.com"
174.140.244.241 - - [22/Sep/2022:10:17:31 -0700] "GET /stitched/index.htm HTTP/1.1" 404 88 "-" "Mozilla/5.0 (Windows NT 10.0; Win64; x64) AppleWebKit/537.36 (KHTML, like Gecko) Chrome/95.0.4638.69 Safari/537.36" "www.lusciousgracious.com"
51.222.253.18 - - [22/Sep/2022:10:32:42 -0700] "GET / HTTP/1.1" 200 270 "-" "Mozilla/5.0 (compatible; AhrefsBot/7.0; +http://ahrefs.com/robot/)" "lusciousgracious.com"
89.149.200.25 - - [22/Sep/2022:10:42:20 -0700] "GET /blog/2005/11/free-knitting-pattern-friday.html HTTP/1.1" 404 88 "-" "Mozilla/5.0 (Windows NT 10.0; Win64; x64) AppleWebKit/537.36 (KHTML, like Gecko) Chrome/60.0.3112.113 Safari/537.36" "www.lusciousgracious.com"
54.236.1.13 - - [22/Sep/2022:10:42:57 -0700] "GET /robots.txt HTTP/1.1" 404 88 "-" "Mozilla/5.0 (compatible; Pinterestbot/1.0; +http://www.pinterest.com/bot.html)" "lusciousgracious.com"
54.236.1.11 - - [22/Sep/2022:10:42:57 -0700] "GET /robots.txt HTTP/1.1" 404 88 "-" "Mozilla/5.0 (compatible; Pinterestbot/1.0; +http://www.pinterest.com/bot.html)" "lusciousgracious.com"
54.236.1.13 - - [22/Sep/2022:10:42:57 -0700] "GET /clickit_files/image016.jpg HTTP/1.1" 404 88 "-" "Mozilla/5.0 (compatible; Pinterestbot/1.0; +http://www.pinterest.com/bot.html)" "lusciousgracious.com"
103.146.202.150 - - [22/Sep/2022:10:44:15 -0700] "GET /wp-login.php HTTP/1.1" 404 88 "-" "Mozilla/5.0 (Windows NT 10.0; Win64; x64; rv:96.0) Gecko/20100101 Firefox/96" "lusciousgracious.com"
5.188.210.25 - - [22/Sep/2022:10:53:39 -0700] "GET /blog/index.html HTTP/1.1" 404 73 "http://www.lusciousgracious.com/blog/index.html" "Mozilla/5.0 (Windows NT 6.3; Win64; x64) AppleWebKit/537.36 (KHTML, like Gecko) Chrome/90.0.4430.93 Safari/537.36" "www.lusciousgracious.com"
5.188.210.25 - - [22/Sep/2022:10:53:40 -0700] "GET /index.html HTTP/1.1" 404 73 "http://www.lusciousgracious.com/index.html" "Mozilla/5.0 (Windows NT 6.3; Win64; x64) AppleWebKit/537.36 (KHTML, like Gecko) Chrome/90.0.4430.93 Safari/537.36" "www.lusciousgracious.com"
81.19.74.144 - - [22/Sep/2022:10:55:14 -0700] "GET /blog/atom.xml HTTP/1.1" 404 73 "-" "LiveJournal.com (webmaster@livejournal.com; for https://www.livejournal.com/users/lg_knitting_xml/; 2 readers)" "lusciousgracious.com"
124.223.193.80 - - [22/Sep/2022:10:56:21 -0700] "GET / HTTP/1.1" 200 270 "-" "Mozilla/5.0 (Linux; Android 6.0; Nexus 5 Build/MRA58N) AppleWebKit/537.36 (KHTML, like Gecko) Chrome/81.0.4044.138 Mobile Safari/537.36" "www.lusciousgracious.com"
70.67.228.253 - - [22/Sep/2022:10:59:30 -0700] "GET /border.htm HTTP/1.1" 404 88 "-" "Mozilla/5.0 (Windows NT 10.0; Win64; x64) AppleWebKit/537.36 (KHTML, like Gecko) Chrome/105.0.0.0 Safari/537.36" "www.lusciousgracious.com"
70.67.228.253 - - [22/Sep/2022:10:59:30 -0700] "GET /favicon.ico HTTP/1.1" 404 88 "http://www.lusciousgracious.com/border.htm" "Mozilla/5.0 (Windows NT 10.0; Win64; x64) AppleWebKit/537.36 (KHTML, like Gecko) Chrome/105.0.0.0 Safari/537.36" "www.lusciousgracious.com"
54.236.1.11 - - [22/Sep/2022:11:11:35 -0700] "GET /blog/uploaded_images/sweater-777980.jpg HTTP/1.1" 404 88 "-" "Mozilla/5.0 (compatible; Pinterestbot/1.0; +http://www.pinterest.com/bot.html)" "lusciousgracious.com"
51.15.183.168 - - [22/Sep/2022:11:38:47 -0700] "GET /stitched/index.htm HTTP/1.1" 404 73 "-" "Mozilla/5.0 (Windows NT 6.3; Win64; x64) AppleWebKit/537.36 (KHTML, like Gecko) Chrome/75.0.3770.100 Safari/537.36" "www.lusciousgracious.com"
192.34.84.8 - - [22/Sep/2022:11:45:19 -0700] "GET /blog/rss HTTP/1.1" 404 73 "-" "Ravelry.com RSS Reader/0.3 2008-10-22" "lusciousgracious.com"
77.88.9.131 - - [22/Sep/2022:12:04:16 -0700] "GET /robots.txt HTTP/1.1" 404 73 "-" "Mozilla/5.0 (compatible; YandexBot/3.0; +http://yandex.com/bots)" "www.lusciousgracious.com"
77.88.9.140 - - [22/Sep/2022:12:04:20 -0700] "GET /shop.htm HTTP/1.1" 404 88 "-" "Mozilla/5.0 (compatible; YandexBot/3.0; +http://yandex.com/bots)" "www.lusciousgracious.com"
216.131.114.36 - - [22/Sep/2022:12:09:34 -0700] "GET /blog/2009/08/hello-amyville-baby-sweater.html HTTP/1.1" 404 88 "http://lusciousgracious.com" "Mozilla/5.0 (Windows NT 10.0; Win64; x64) AppleWebKit/537.36 (KHTML, like Gecko) Chrome/62.0.3202.94 Safari/537.36" "lusciousgracious.com"
216.131.114.36 - - [22/Sep/2022:12:09:36 -0700] "GET /blog/2009/08/hello-amyville-baby-sweater.html HTTP/1.1" 404 88 "http://lusciousgracious.com" "Mozilla/5.0 (Windows NT 10.0; Win64; x64) AppleWebKit/537.36 (KHTML, like Gecko) Chrome/62.0.3202.94 Safari/537.36" "lusciousgracious.com"
216.131.114.36 - - [22/Sep/2022:12:09:38 -0700] "GET /blog/2009/08/hello-amyville-baby-sweater.html HTTP/1.1" 404 88 "http://lusciousgracious.com" "Mozilla/5.0 (Windows NT 10.0; Win64; x64) AppleWebKit/537.36 (KHTML, like Gecko) Chrome/62.0.3202.94 Safari/537.36" "lusciousgracious.com"
216.131.114.36 - - [22/Sep/2022:12:09:40 -0700] "GET /blog/2009/08/hello-amyville-baby-sweater.html HTTP/1.1" 404 88 "http://lusciousgracious.com" "Mozilla/5.0 (Windows NT 10.0; Win64; x64) AppleWebKit/537.36 (KHTML, like Gecko) Chrome/62.0.3202.94 Safari/537.36" "lusciousgracious.com"
70.39.246.37 - - [22/Sep/2022:12:12:12 -0700] "GET /blog/atom.xml HTTP/1.1" 404 88 "-" "Mozilla/5.0 Moreover/5.1 (+http://www.moreover.com)" "lusciousgracious.com"
188.212.34.36 - - [22/Sep/2022:12:16:05 -0700] "GET /stitched/index.htm HTTP/1.1" 404 88 "http://lgstitched.com/wp-login.php" "Mozilla/5.0 (Windows NT 10.0; Win64; x64; rv:96.0) Gecko/20100101 Firefox/96" "www.lusciousgracious.com"
192.34.84.8 - - [22/Sep/2022:12:17:31 -0700] "GET /blog/atom.xml HTTP/1.1" 404 73 "-" "Ravelry.com RSS Reader/0.3 2008-10-22" "lusciousgracious.com"
114.119.140.219 - - [22/Sep/2022:12:26:57 -0700] "GET /?C=M%3BO%3DA HTTP/1.1" 200 270 "https://lusciousgracious.com" "Mozilla/5.0 (Linux; Android 7.0;) AppleWebKit/537.36 (KHTML, like Gecko) Mobile Safari/537.36 (compatible; PetalBot;+https://webmaster.petalsearch.com/site/petalbot)" "lusciousgracious.com"
54.236.1.11 - - [22/Sep/2022:12:28:14 -0700] "GET /robots.txt HTTP/1.1" 404 88 "-" "Mozilla/5.0 (compatible; Pinterestbot/1.0; +http://www.pinterest.com/bot.html)" "lusciousgracious.com"
54.236.1.11 - - [22/Sep/2022:12:28:14 -0700] "GET /robots.txt HTTP/1.1" 404 88 "-" "Mozilla/5.0 (compatible; Pinterestbot/1.0; +http://www.pinterest.com/bot.html)" "lusciousgracious.com"
54.236.1.11 - - [22/Sep/2022:12:28:14 -0700] "GET /blog/2005/08/art-rock-rock-art.html HTTP/1.1" 404 88 "-" "Mozilla/5.0 (compatible; Pinterestbot/1.0; +http://www.pinterest.com/bot.html)" "lusciousgracious.com"
51.222.253.20 - - [22/Sep/2022:13:08:36 -0700] "GET /robots.txt HTTP/1.1" 404 88 "-" "Mozilla/5.0 (compatible; AhrefsBot/7.0; +http://ahrefs.com/robot/)" "lusciousgracious.com"
5.188.210.47 - - [22/Sep/2022:13:18:57 -0700] "GET /blog/index.html HTTP/1.1" 404 73 "http://www.lusciousgracious.com/blog/index.html" "Mozilla/5.0 (Windows NT 6.1; Win64; x64) AppleWebKit/537.36 (KHTML, like Gecko) Chrome/90.0.4430.85 Safari/537.36" "www.lusciousgracious.com"
5.188.210.47 - - [22/Sep/2022:13:18:58 -0700] "GET /index.html HTTP/1.1" 404 73 "http://www.lusciousgracious.com/index.html" "Mozilla/5.0 (Windows NT 6.1; Win64; x64) AppleWebKit/537.36 (KHTML, like Gecko) Chrome/90.0.4430.85 Safari/537.36" "www.lusciousgracious.com"
5.188.210.93 - - [22/Sep/2022:13:20:15 -0700] "GET /blog/index.html HTTP/1.1" 404 73 "http://www.lusciousgracious.com/blog/index.html" "Mozilla/5.0 (Windows NT 6.1; WOW64) AppleWebKit/537.36 (KHTML, like Gecko) Chrome/90.0.4430.85 Safari/537.36" "www.lusciousgracious.com"
5.188.210.93 - - [22/Sep/2022:13:20:16 -0700] "GET /index.html HTTP/1.1" 404 73 "http://www.lusciousgracious.com/index.html" "Mozilla/5.0 (Windows NT 6.1; WOW64) AppleWebKit/537.36 (KHTML, like Gecko) Chrome/90.0.4430.85 Safari/537.36" "www.lusciousgracious.com"
124.223.197.157 - - [22/Sep/2022:13:20:18 -0700] "GET / HTTP/1.1" 200 270 "-" "Mozilla/5.0 (Linux; Android 6.0; Nexus 5 Build/MRA58N) AppleWebKit/537.36 (KHTML, like Gecko) Chrome/81.0.4044.138 Mobile Safari/537.36" "lusciousgracious.com"
77.88.9.138 - - [22/Sep/2022:13:22:30 -0700] "GET /photo/fresh/07AZwDave/pages/13.htm HTTP/1.1" 404 88 "-" "Mozilla/5.0 (compatible; YandexBot/3.0; +http://yandex.com/bots)" "www.lusciousgracious.com"
208.67.104.167 - - [22/Sep/2022:13:51:34 -0700] "GET /stitched/index.htm HTTP/1.1" 404 88 "-" "python-requests/2.27.1" "www.lusciousgracious.com"
66.249.79.151 - - [22/Sep/2022:13:54:31 -0700] "GET /robots.txt HTTP/1.1" 404 88 "-" "Mozilla/5.0 (compatible; Googlebot/2.1; +http://www.google.com/bot.html)" "www.lusciousgracious.com"
66.249.79.153 - - [22/Sep/2022:13:54:31 -0700] "GET /images/Legs.jpg HTTP/1.1" 404 88 "-" "Googlebot-Image/1.0" "www.lusciousgracious.com"
51.222.253.12 - - [22/Sep/2022:13:57:38 -0700] "GET / HTTP/1.1" 200 270 "-" "Mozilla/5.0 (compatible; AhrefsBot/7.0; +http://ahrefs.com/robot/)" "www.lusciousgracious.com"
66.249.68.47 - - [22/Sep/2022:14:07:33 -0700] "GET /robots.txt HTTP/1.1" 404 88 "-" "Mozilla/5.0 (compatible; Googlebot/2.1; +http://www.google.com/bot.html)" "lusciousgracious.com"
66.249.68.49 - - [22/Sep/2022:14:07:33 -0700] "GET /ads.txt HTTP/1.1" 404 88 "-" "Mozilla/5.0 (compatible; Googlebot/2.1; +http://www.google.com/bot.html)" "lusciousgracious.com"
5.188.210.87 - - [22/Sep/2022:14:10:55 -0700] "GET /blog/ HTTP/1.1" 404 73 "http://lusciousgracious.com/blog/" "Mozilla/5.0 (Windows NT 10.0; Win64; x64) AppleWebKit/537.36 (KHTML, like Gecko) Chrome/90.0.4430.86 Safari/537.36" "lusciousgracious.com"
5.188.210.87 - - [22/Sep/2022:14:10:56 -0700] "GET / HTTP/1.1" 200 398 "http://lusciousgracious.com/" "Mozilla/5.0 (Windows NT 10.0; Win64; x64) AppleWebKit/537.36 (KHTML, like Gecko) Chrome/90.0.4430.86 Safari/537.36" "lusciousgracious.com"
54.236.1.13 - - [22/Sep/2022:14:16:39 -0700] "GET /robots.txt HTTP/1.1" 404 88 "-" "Mozilla/5.0 (compatible; Pinterestbot/1.0; +http://www.pinterest.com/bot.html)" "lusciousgracious.com"
54.236.1.11 - - [22/Sep/2022:14:16:39 -0700] "GET /robots.txt HTTP/1.1" 404 88 "-" "Mozilla/5.0 (compatible; Pinterestbot/1.0; +http://www.pinterest.com/bot.html)" "lusciousgracious.com"
54.236.1.13 - - [22/Sep/2022:14:16:39 -0700] "GET / HTTP/1.1" 200 270 "-" "Mozilla/5.0 (compatible; Pinterestbot/1.0; +http://www.pinterest.com/bot.html)" "lusciousgracious.com"
114.119.154.13 - - [22/Sep/2022:14:37:23 -0700] "GET /robots.txt HTTP/1.1" 404 88 "-" "Mozilla/5.0 (compatible;PetalBot;+https://webmaster.petalsearch.com/site/petalbot)" "www.lusciousgracious.com"
66.249.79.151 - - [22/Sep/2022:14:38:50 -0700] "GET /robots.txt HTTP/1.1" 404 88 "-" "Mozilla/5.0 (compatible; Googlebot/2.1; +http://www.google.com/bot.html)" "www.lusciousgracious.com"
66.249.79.151 - - [22/Sep/2022:14:38:52 -0700] "GET /ads.txt HTTP/1.1" 404 88 "-" "Mozilla/5.0 (compatible; Googlebot/2.1; +http://www.google.com/bot.html)" "www.lusciousgracious.com"
192.34.84.8 - - [22/Sep/2022:14:44:36 -0700] "GET /blog/rss HTTP/1.1" 404 73 "-" "Ravelry.com RSS Reader/0.3 2008-10-22" "lusciousgracious.com"
65.21.254.223 - - [22/Sep/2022:14:48:13 -0700] "GET /stitched/index.htm HTTP/1.1" 404 88 "www.google.com" "Mozlila/5.0 (Linux; Android 7.0; SM-G892A Bulid/NRD90M; wv) AppleWebKit/537.36 (KHTML, like Gecko) Version/4.0 Chrome/60.0.3112.107 Moblie Safari/537.36" "www.lusciousgracious.com"
65.21.254.223 - - [22/Sep/2022:14:48:17 -0700] "GET /stitched/index.htm HTTP/1.1" 404 88 "www.google.com" "Mozlila/5.0 (Linux; Android 7.0; SM-G892A Bulid/NRD90M; wv) AppleWebKit/537.36 (KHTML, like Gecko) Version/4.0 Chrome/60.0.3112.107 Moblie Safari/537.36" "www.lusciousgracious.com"
65.21.254.223 - - [22/Sep/2022:14:48:23 -0700] "GET /stitched/index.htm HTTP/1.1" 404 88 "www.google.com" "Mozlila/5.0 (Linux; Android 7.0; SM-G892A Bulid/NRD90M; wv) AppleWebKit/537.36 (KHTML, like Gecko) Version/4.0 Chrome/60.0.3112.107 Moblie Safari/537.36" "www.lusciousgracious.com"
65.21.254.223 - - [22/Sep/2022:14:48:34 -0700] "GET /stitched/index.htm HTTP/1.1" 404 88 "www.google.com" "Mozlila/5.0 (Linux; Android 7.0; SM-G892A Bulid/NRD90M; wv) AppleWebKit/537.36 (KHTML, like Gecko) Version/4.0 Chrome/60.0.3112.107 Moblie Safari/537.36" "www.lusciousgracious.com"
65.21.254.223 - - [22/Sep/2022:14:48:48 -0700] "GET /stitched/index.htm HTTP/1.1" 404 88 "www.google.com" "Mozlila/5.0 (Linux; Android 7.0; SM-G892A Bulid/NRD90M; wv) AppleWebKit/537.36 (KHTML, like Gecko) Version/4.0 Chrome/60.0.3112.107 Moblie Safari/537.36" "www.lusciousgracious.com"
65.21.254.223 - - [22/Sep/2022:14:48:51 -0700] "GET /stitched/index.htm HTTP/1.1" 404 88 "www.google.com" "Mozlila/5.0 (Linux; Android 7.0; SM-G892A Bulid/NRD90M; wv) AppleWebKit/537.36 (KHTML, like Gecko) Version/4.0 Chrome/60.0.3112.107 Moblie Safari/537.36" "www.lusciousgracious.com"
65.21.254.223 - - [22/Sep/2022:14:49:04 -0700] "GET /stitched/index.htm HTTP/1.1" 404 88 "www.google.com" "Mozlila/5.0 (Linux; Android 7.0; SM-G892A Bulid/NRD90M; wv) AppleWebKit/537.36 (KHTML, like Gecko) Version/4.0 Chrome/60.0.3112.107 Moblie Safari/537.36" "www.lusciousgracious.com"
65.21.254.223 - - [22/Sep/2022:14:49:06 -0700] "GET /stitched/index.htm HTTP/1.1" 404 88 "www.google.com" "Mozlila/5.0 (Linux; Android 7.0; SM-G892A Bulid/NRD90M; wv) AppleWebKit/537.36 (KHTML, like Gecko) Version/4.0 Chrome/60.0.3112.107 Moblie Safari/537.36" "www.lusciousgracious.com"
65.21.254.223 - - [22/Sep/2022:14:49:09 -0700] "GET /stitched/index.htm HTTP/1.1" 404 88 "www.google.com" "Mozlila/5.0 (Linux; Android 7.0; SM-G892A Bulid/NRD90M; wv) AppleWebKit/537.36 (KHTML, like Gecko) Version/4.0 Chrome/60.0.3112.107 Moblie Safari/537.36" "www.lusciousgracious.com"
65.21.254.223 - - [22/Sep/2022:14:49:14 -0700] "GET /stitched/index.htm HTTP/1.1" 404 88 "www.google.com" "Mozlila/5.0 (Linux; Android 7.0; SM-G892A Bulid/NRD90M; wv) AppleWebKit/537.36 (KHTML, like Gecko) Version/4.0 Chrome/60.0.3112.107 Moblie Safari/537.36" "www.lusciousgracious.com"
65.21.254.223 - - [22/Sep/2022:14:49:25 -0700] "GET /stitched/index.htm HTTP/1.1" 404 88 "www.google.com" "Mozlila/5.0 (Linux; Android 7.0; SM-G892A Bulid/NRD90M; wv) AppleWebKit/537.36 (KHTML, like Gecko) Version/4.0 Chrome/60.0.3112.107 Moblie Safari/537.36" "www.lusciousgracious.com"
192.34.84.8 - - [22/Sep/2022:15:15:40 -0700] "GET /blog/atom.xml HTTP/1.1" 404 73 "-" "Ravelry.com RSS Reader/0.3 2008-10-22" "lusciousgracious.com"
66.249.79.155 - - [22/Sep/2022:15:39:41 -0700] "GET /ads.txt HTTP/1.1" 404 88 "-" "Mozilla/5.0 (compatible; Googlebot/2.1; +http://www.google.com/bot.html)" "www.lusciousgracious.com"
70.39.246.37 - - [22/Sep/2022:16:15:47 -0700] "GET /blog/atom.xml HTTP/1.1" 404 88 "-" "Mozilla/5.0 Moreover/5.1 (+http://www.moreover.com)" "lusciousgracious.com"
157.55.39.149 - - [22/Sep/2022:16:17:48 -0700] "GET /robots.txt HTTP/1.1" 404 88 "-" "Mozilla/5.0 (compatible; bingbot/2.0; +http://www.bing.com/bingbot.htm)" "www.lusciousgracious.com"
207.46.13.82 - - [22/Sep/2022:16:17:59 -0700] "GET /blog/2005_09_01_archive.html HTTP/1.1" 404 88 "-" "Mozilla/5.0 (compatible; bingbot/2.0; +http://www.bing.com/bingbot.htm)" "www.lusciousgracious.com"
54.236.1.11 - - [22/Sep/2022:16:51:24 -0700] "GET /robots.txt HTTP/1.1" 404 88 "-" "Mozilla/5.0 (compatible; Pinterestbot/1.0; +http://www.pinterest.com/bot.html)" "lusciousgracious.com"
54.236.1.11 - - [22/Sep/2022:16:51:24 -0700] "GET /robots.txt HTTP/1.1" 404 88 "-" "Mozilla/5.0 (compatible; Pinterestbot/1.0; +http://www.pinterest.com/bot.html)" "lusciousgracious.com"
54.236.1.11 - - [22/Sep/2022:16:51:24 -0700] "GET /clickit_files/image016.jpg HTTP/1.1" 404 88 "-" "Mozilla/5.0 (compatible; Pinterestbot/1.0; +http://www.pinterest.com/bot.html)" "lusciousgracious.com"
162.55.85.222 - - [22/Sep/2022:16:53:50 -0700] "GET /robots.txt HTTP/1.1" 404 88 "-" "Mozilla/5.0 (compatible; BLEXBot/1.0; +http://webmeup-crawler.com/)" "lusciousgracious.com"
162.55.85.222 - - [22/Sep/2022:16:53:53 -0700] "GET /sitemap HTTP/1.1" 404 88 "-" "Mozilla/5.0 (compatible; BLEXBot/1.0; +http://webmeup-crawler.com/)" "lusciousgracious.com"
162.55.85.222 - - [22/Sep/2022:16:53:59 -0700] "GET /robots.txt HTTP/1.1" 404 88 "-" "Mozilla/5.0 (compatible; BLEXBot/1.0; +http://webmeup-crawler.com/)" "www.lusciousgracious.com"
162.55.85.222 - - [22/Sep/2022:16:53:59 -0700] "GET /sitemap HTTP/1.1" 404 88 "-" "Mozilla/5.0 (compatible; BLEXBot/1.0; +http://webmeup-crawler.com/)" "www.lusciousgracious.com"
162.55.85.222 - - [22/Sep/2022:16:54:04 -0700] "GET /sitemap.txt HTTP/1.1" 404 88 "-" "Mozilla/5.0 (compatible; BLEXBot/1.0; +http://webmeup-crawler.com/)" "lusciousgracious.com"
162.55.85.222 - - [22/Sep/2022:16:54:12 -0700] "GET /sitemap.txt HTTP/1.1" 404 88 "-" "Mozilla/5.0 (compatible; BLEXBot/1.0; +http://webmeup-crawler.com/)" "www.lusciousgracious.com"
162.55.85.222 - - [22/Sep/2022:16:54:17 -0700] "GET / HTTP/1.1" 200 270 "-" "Mozilla/5.0 (compatible; BLEXBot/1.0; +http://webmeup-crawler.com/)" "www.lusciousgracious.com"
162.55.85.222 - - [22/Sep/2022:16:54:20 -0700] "GET /?C=M;O=D HTTP/1.1" 200 268 "-" "Mozilla/5.0 (compatible; BLEXBot/1.0; +http://webmeup-crawler.com/)" "lusciousgracious.com"
162.55.85.222 - - [22/Sep/2022:16:54:22 -0700] "GET /blog/2006/03/poetry-week-day-6.html HTTP/1.1" 404 88 "-" "Mozilla/5.0 (compatible; BLEXBot/1.0; +http://webmeup-crawler.com/)" "lusciousgracious.com"
162.55.85.222 - - [22/Sep/2022:16:54:28 -0700] "GET /border.htm HTTP/1.1" 404 88 "-" "Mozilla/5.0 (compatible; BLEXBot/1.0; +http://webmeup-crawler.com/)" "lusciousgracious.com"
162.55.85.222 - - [22/Sep/2022:16:54:35 -0700] "GET /clickit.htm HTTP/1.1" 404 88 "-" "Mozilla/5.0 (compatible; BLEXBot/1.0; +http://webmeup-crawler.com/)" "lusciousgracious.com"
162.55.85.222 - - [22/Sep/2022:16:54:41 -0700] "GET /felt.htm HTTP/1.1" 404 88 "-" "Mozilla/5.0 (compatible; BLEXBot/1.0; +http://webmeup-crawler.com/)" "lusciousgracious.com"
162.55.85.222 - - [22/Sep/2022:16:54:45 -0700] "GET /koolaid.htm HTTP/1.1" 404 88 "-" "Mozilla/5.0 (compatible; BLEXBot/1.0; +http://webmeup-crawler.com/)" "lusciousgracious.com"
162.55.85.222 - - [22/Sep/2022:16:54:51 -0700] "GET /random.htm HTTP/1.1" 404 88 "-" "Mozilla/5.0 (compatible; BLEXBot/1.0; +http://webmeup-crawler.com/)" "lusciousgracious.com"
162.55.85.222 - - [22/Sep/2022:16:54:57 -0700] "GET /stitched/episode1/AZffsocks.htm HTTP/1.1" 404 88 "-" "Mozilla/5.0 (compatible; BLEXBot/1.0; +http://webmeup-crawler.com/)" "www.lusciousgracious.com"
162.55.85.222 - - [22/Sep/2022:16:55:03 -0700] "GET /stitched/episode1/boxfot.htm HTTP/1.1" 404 88 "-" "Mozilla/5.0 (compatible; BLEXBot/1.0; +http://webmeup-crawler.com/)" "www.lusciousgracious.com"
162.55.85.222 - - [22/Sep/2022:16:55:09 -0700] "GET /stitched/episode1/jellyfishin.htm HTTP/1.1" 404 88 "-" "Mozilla/5.0 (compatible; BLEXBot/1.0; +http://webmeup-crawler.com/)" "www.lusciousgracious.com"
162.55.85.222 - - [22/Sep/2022:16:55:14 -0700] "GET /stitched/episode1/twists.htm HTTP/1.1" 404 88 "-" "Mozilla/5.0 (compatible; BLEXBot/1.0; +http://webmeup-crawler.com/)" "www.lusciousgracious.com"
162.55.85.222 - - [22/Sep/2022:16:55:18 -0700] "GET /strap.htm HTTP/1.1" 404 88 "-" "Mozilla/5.0 (compatible; BLEXBot/1.0; +http://webmeup-crawler.com/)" "lusciousgracious.com"
162.55.85.222 - - [22/Sep/2022:16:55:28 -0700] "GET /winchester.htm HTTP/1.1" 404 88 "-" "Mozilla/5.0 (compatible; BLEXBot/1.0; +http://webmeup-crawler.com/)" "lusciousgracious.com"
185.242.6.92 - - [22/Sep/2022:17:07:31 -0700] "GET /blog/2005/11/free-knitting-pattern-friday.html HTTP/1.1" 404 73 "http://www.lusciousgracious.com/blog/2005/11/free-knitting-pattern-friday.html" "Mozilla/5.0 (Windows NT 10.0; Win64; x64) AppleWebKit/537.36 (KHTML, like Gecko) Chrome/67.0.3396.87 Safari/537.36 OPR/54.0.2952.64" "www.lusciousgracious.com"
185.242.6.92 - - [22/Sep/2022:17:07:32 -0700] "GET / HTTP/1.1" 200 398 "http://www.lusciousgracious.com/" "Mozilla/5.0 (Windows NT 10.0; Win64; x64) AppleWebKit/537.36 (KHTML, like Gecko) Chrome/67.0.3396.87 Safari/537.36 OPR/54.0.2952.64" "www.lusciousgracious.com"
138.91.110.216 - - [22/Sep/2022:17:07:55 -0700] "GET /stitched/index.htm HTTP/1.1" 404 73 "-" "Mozilla/5.0 (Windows NT 10.0; Win64; x64) AppleWebKit/537.36 (KHTML, like Gecko) Chrome/89.0.4389.114 Safari/537.36" "www.lusciousgracious.com"
138.91.110.216 - - [22/Sep/2022:17:07:55 -0700] "GET /stitched/index.htm/wp-includes/wlwmanifest.xml HTTP/1.1" 404 73 "-" "Mozilla/5.0 (Windows NT 10.0; Win64; x64) AppleWebKit/537.36 (KHTML, like Gecko) Chrome/89.0.4389.114 Safari/537.36" "www.lusciousgracious.com"
138.91.110.216 - - [22/Sep/2022:17:07:55 -0700] "GET /stitched/index.htm/xmlrpc.php?rsd HTTP/1.1" 404 73 "-" "Mozilla/5.0 (Windows NT 10.0; Win64; x64) AppleWebKit/537.36 (KHTML, like Gecko) Chrome/89.0.4389.114 Safari/537.36" "www.lusciousgracious.com"
138.91.110.216 - - [22/Sep/2022:17:07:55 -0700] "GET /stitched/index.htm HTTP/1.1" 404 73 "-" "Mozilla/5.0 (Windows NT 10.0; Win64; x64) AppleWebKit/537.36 (KHTML, like Gecko) Chrome/89.0.4389.114 Safari/537.36" "www.lusciousgracious.com"
138.91.110.216 - - [22/Sep/2022:17:07:56 -0700] "GET /stitched/index.htm/blog/wp-includes/wlwmanifest.xml HTTP/1.1" 404 73 "-" "Mozilla/5.0 (Windows NT 10.0; Win64; x64) AppleWebKit/537.36 (KHTML, like Gecko) Chrome/89.0.4389.114 Safari/537.36" "www.lusciousgracious.com"
138.91.110.216 - - [22/Sep/2022:17:07:56 -0700] "GET /stitched/index.htm/web/wp-includes/wlwmanifest.xml HTTP/1.1" 404 73 "-" "Mozilla/5.0 (Windows NT 10.0; Win64; x64) AppleWebKit/537.36 (KHTML, like Gecko) Chrome/89.0.4389.114 Safari/537.36" "www.lusciousgracious.com"
138.91.110.216 - - [22/Sep/2022:17:07:56 -0700] "GET /stitched/index.htm/wordpress/wp-includes/wlwmanifest.xml HTTP/1.1" 404 73 "-" "Mozilla/5.0 (Windows NT 10.0; Win64; x64) AppleWebKit/537.36 (KHTML, like Gecko) Chrome/89.0.4389.114 Safari/537.36" "www.lusciousgracious.com"
138.91.110.216 - - [22/Sep/2022:17:07:56 -0700] "GET /stitched/index.htm/website/wp-includes/wlwmanifest.xml HTTP/1.1" 404 73 "-" "Mozilla/5.0 (Windows NT 10.0; Win64; x64) AppleWebKit/537.36 (KHTML, like Gecko) Chrome/89.0.4389.114 Safari/537.36" "www.lusciousgracious.com"
138.91.110.216 - - [22/Sep/2022:17:07:56 -0700] "GET /stitched/index.htm/wp/wp-includes/wlwmanifest.xml HTTP/1.1" 404 73 "-" "Mozilla/5.0 (Windows NT 10.0; Win64; x64) AppleWebKit/537.36 (KHTML, like Gecko) Chrome/89.0.4389.114 Safari/537.36" "www.lusciousgracious.com"
138.91.110.216 - - [22/Sep/2022:17:07:56 -0700] "GET /stitched/index.htm/2020/wp-includes/wlwmanifest.xml HTTP/1.1" 404 73 "-" "Mozilla/5.0 (Windows NT 10.0; Win64; x64) AppleWebKit/537.36 (KHTML, like Gecko) Chrome/89.0.4389.114 Safari/537.36" "www.lusciousgracious.com"
138.91.110.216 - - [22/Sep/2022:17:07:56 -0700] "GET /stitched/index.htm/2019/wp-includes/wlwmanifest.xml HTTP/1.1" 404 73 "-" "Mozilla/5.0 (Windows NT 10.0; Win64; x64) AppleWebKit/537.36 (KHTML, like Gecko) Chrome/89.0.4389.114 Safari/537.36" "www.lusciousgracious.com"
138.91.110.216 - - [22/Sep/2022:17:07:57 -0700] "GET /stitched/index.htm/shop/wp-includes/wlwmanifest.xml HTTP/1.1" 404 73 "-" "Mozilla/5.0 (Windows NT 10.0; Win64; x64) AppleWebKit/537.36 (KHTML, like Gecko) Chrome/89.0.4389.114 Safari/537.36" "www.lusciousgracious.com"
138.91.110.216 - - [22/Sep/2022:17:07:57 -0700] "GET /stitched/index.htm/test/wp-includes/wlwmanifest.xml HTTP/1.1" 404 73 "-" "Mozilla/5.0 (Windows NT 10.0; Win64; x64) AppleWebKit/537.36 (KHTML, like Gecko) Chrome/89.0.4389.114 Safari/537.36" "www.lusciousgracious.com"
138.91.110.216 - - [22/Sep/2022:17:07:57 -0700] "GET /stitched/index.htm/wp2/wp-includes/wlwmanifest.xml HTTP/1.1" 404 73 "-" "Mozilla/5.0 (Windows NT 10.0; Win64; x64) AppleWebKit/537.36 (KHTML, like Gecko) Chrome/89.0.4389.114 Safari/537.36" "www.lusciousgracious.com"
138.91.110.216 - - [22/Sep/2022:17:07:57 -0700] "GET /stitched/index.htm/site/wp-includes/wlwmanifest.xml HTTP/1.1" 404 73 "-" "Mozilla/5.0 (Windows NT 10.0; Win64; x64) AppleWebKit/537.36 (KHTML, like Gecko) Chrome/89.0.4389.114 Safari/537.36" "www.lusciousgracious.com"
138.91.110.216 - - [22/Sep/2022:17:07:57 -0700] "GET /stitched/index.htm/cms/wp-includes/wlwmanifest.xml HTTP/1.1" 404 73 "-" "Mozilla/5.0 (Windows NT 10.0; Win64; x64) AppleWebKit/537.36 (KHTML, like Gecko) Chrome/89.0.4389.114 Safari/537.36" "www.lusciousgracious.com"
138.91.110.216 - - [22/Sep/2022:17:07:57 -0700] "GET /stitched/index.htm/sito/wp-includes/wlwmanifest.xml HTTP/1.1" 404 73 "-" "Mozilla/5.0 (Windows NT 10.0; Win64; x64) AppleWebKit/537.36 (KHTML, like Gecko) Chrome/89.0.4389.114 Safari/537.36" "www.lusciousgracious.com"
162.55.85.220 - - [22/Sep/2022:17:12:15 -0700] "GET /stitched/index.htm HTTP/1.1" 404 88 "-" "Mozilla/5.0 (compatible; BLEXBot/1.0; +http://webmeup-crawler.com/)" "www.lusciousgracious.com"
162.55.85.220 - - [22/Sep/2022:17:12:18 -0700] "GET /robots.txt HTTP/1.1" 404 88 "-" "Mozilla/5.0 (compatible; BLEXBot/1.0; +http://webmeup-crawler.com/)" "www.lusciousgracious.com"
162.55.85.220 - - [22/Sep/2022:17:12:19 -0700] "GET /stitched/index.htm HTTP/1.1" 404 88 "-" "Mozilla/5.0 (compatible; BLEXBot/1.0; +http://webmeup-crawler.com/)" "www.lusciousgracious.com"
162.55.85.220 - - [22/Sep/2022:17:12:23 -0700] "GET /stitched/index.htm HTTP/1.1" 404 88 "-" "Mozilla/5.0 (compatible; BLEXBot/1.0; +http://webmeup-crawler.com/)" "www.lusciousgracious.com"
77.88.9.138 - - [22/Sep/2022:17:39:50 -0700] "GET /robots.txt HTTP/1.1" 404 73 "-" "Mozilla/5.0 (compatible; YandexBot/3.0; +http://yandex.com/bots)" "www.lusciousgracious.com"
77.88.9.139 - - [22/Sep/2022:17:39:53 -0700] "GET /pages/morepages/orangepink.htm HTTP/1.1" 404 88 "-" "Mozilla/5.0 (compatible; YandexBot/3.0; +http://yandex.com/bots)" "www.lusciousgracious.com"
192.34.84.8 - - [22/Sep/2022:17:45:50 -0700] "GET /blog/rss HTTP/1.1" 404 73 "-" "Ravelry.com RSS Reader/0.3 2008-10-22" "lusciousgracious.com"
73.201.40.26 - - [22/Sep/2022:17:46:09 -0700] "GET /felt.htm HTTP/1.1" 404 88 "-" "Mozilla/5.0 (Macintosh; Intel Mac OS X 10_15_7) AppleWebKit/605.1.15 (KHTML, like Gecko)" "lusciousgracious.com"
73.201.40.26 - - [22/Sep/2022:17:46:09 -0700] "GET /apple-touch-icon-precomposed.png HTTP/1.1" 404 88 "-" "Safari/17613.3.9.1.16 CFNetwork/1335.0.3 Darwin/21.6.0" "lusciousgracious.com"
73.201.40.26 - - [22/Sep/2022:17:46:10 -0700] "GET /apple-touch-icon.png HTTP/1.1" 404 88 "-" "Safari/17613.3.9.1.16 CFNetwork/1335.0.3 Darwin/21.6.0" "lusciousgracious.com"
73.201.40.26 - - [22/Sep/2022:17:46:10 -0700] "GET /favicon.ico HTTP/1.1" 404 88 "-" "Safari/17613.3.9.1.16 CFNetwork/1335.0.3 Darwin/21.6.0" "lusciousgracious.com"
73.201.40.26 - - [22/Sep/2022:17:46:10 -0700] "GET /apple-touch-icon-precomposed.png HTTP/1.1" 404 88 "-" "Safari/17613.3.9.1.16 CFNetwork/1335.0.3 Darwin/21.6.0" "lusciousgracious.com"
73.201.40.26 - - [22/Sep/2022:17:46:10 -0700] "GET /apple-touch-icon.png HTTP/1.1" 404 88 "-" "Safari/17613.3.9.1.16 CFNetwork/1335.0.3 Darwin/21.6.0" "lusciousgracious.com"
73.201.40.26 - - [22/Sep/2022:17:46:10 -0700] "GET /favicon.ico HTTP/1.1" 404 88 "-" "Safari/17613.3.9.1.16 CFNetwork/1335.0.3 Darwin/21.6.0" "lusciousgracious.com"
73.201.40.26 - - [22/Sep/2022:17:46:10 -0700] "GET /felt.htm HTTP/1.1" 404 88 "-" "Mozilla/5.0 (iPhone; CPU iPhone OS 14_0 like Mac OS X) AppleWebKit/605.1.15 (KHTML, like Gecko) Version/14.0 Mobile/15E148 Safari/604.1" "lusciousgracious.com"
73.201.40.26 - - [22/Sep/2022:17:46:10 -0700] "GET /apple-touch-icon-precomposed.png HTTP/1.1" 404 88 "-" "Safari/17613.3.9.1.16 CFNetwork/1335.0.3 Darwin/21.6.0" "lusciousgracious.com"
73.201.40.26 - - [22/Sep/2022:17:46:10 -0700] "GET /apple-touch-icon.png HTTP/1.1" 404 88 "-" "Safari/17613.3.9.1.16 CFNetwork/1335.0.3 Darwin/21.6.0" "lusciousgracious.com"
73.201.40.26 - - [22/Sep/2022:17:46:10 -0700] "GET /favicon.ico HTTP/1.1" 404 88 "-" "Safari/17613.3.9.1.16 CFNetwork/1335.0.3 Darwin/21.6.0" "lusciousgracious.com"
73.201.40.26 - - [22/Sep/2022:17:46:11 -0700] "GET /apple-touch-icon-precomposed.png HTTP/1.1" 404 88 "-" "Safari/17613.3.9.1.16 CFNetwork/1335.0.3 Darwin/21.6.0" "lusciousgracious.com"
73.201.40.26 - - [22/Sep/2022:17:46:11 -0700] "GET /apple-touch-icon.png HTTP/1.1" 404 88 "-" "Safari/17613.3.9.1.16 CFNetwork/1335.0.3 Darwin/21.6.0" "lusciousgracious.com"
73.201.40.26 - - [22/Sep/2022:17:46:11 -0700] "GET /favicon.ico HTTP/1.1" 404 88 "-" "Safari/17613.3.9.1.16 CFNetwork/1335.0.3 Darwin/21.6.0" "lusciousgracious.com"
104.197.104.172 - - [22/Sep/2022:18:02:58 -0700] "GET / HTTP/1.1" 200 270 "-" "Mozilla/5.0 (X11; Linux x86_64) AppleWebKit/537.36 (KHTML, like Gecko) Chrome/108.0.0.0 Safari/537.36" "lusciousgracious.com"
104.197.104.172 - - [22/Sep/2022:18:03:00 -0700] "GET /favicon.ico HTTP/1.1" 404 88 "http://lusciousgracious.com/" "Mozilla/5.0 (X11; Linux x86_64) AppleWebKit/537.36 (KHTML, like Gecko) Chrome/108.0.0.0 Safari/537.36" "lusciousgracious.com"
14.116.184.143 - - [22/Sep/2022:18:07:14 -0700] "GET /stitched/index.htm HTTP/1.1" 404 88 "http://lgstitched.com" "Mozilla/5.0 (iPhone; CPU iPhone OS 13_2_3 like Mac OS X) AppleWebKit/605.1.15 (KHTML, like Gecko) Version/13.0.3 Mobile/15E148 Safari/604.1" "www.lusciousgracious.com"
192.34.84.8 - - [22/Sep/2022:18:16:43 -0700] "GET /blog/atom.xml HTTP/1.1" 404 73 "-" "Ravelry.com RSS Reader/0.3 2008-10-22" "lusciousgracious.com"
5.188.62.174 - - [22/Sep/2022:18:40:45 -0700] "GET / HTTP/1.1" 200 270 "-" "Mozilla/5.0 (Windows NT 10.0; Win64; x64) AppleWebKit/537.36 (KHTML, like Gecko) Chrome/100.0.4758.11 Safari/537.36" "lusciousgracious.com"
54.236.1.13 - - [22/Sep/2022:18:49:52 -0700] "GET /robots.txt HTTP/1.1" 404 88 "-" "Mozilla/5.0 (compatible; Pinterestbot/1.0; +http://www.pinterest.com/bot.html)" "lusciousgracious.com"
54.236.1.11 - - [22/Sep/2022:18:49:52 -0700] "GET /robots.txt HTTP/1.1" 404 88 "-" "Mozilla/5.0 (compatible; Pinterestbot/1.0; +http://www.pinterest.com/bot.html)" "lusciousgracious.com"
54.236.1.13 - - [22/Sep/2022:18:49:52 -0700] "GET /blog/uploaded_images/sweater-777980.jpg HTTP/1.1" 404 88 "-" "Mozilla/5.0 (compatible; Pinterestbot/1.0; +http://www.pinterest.com/bot.html)" "lusciousgracious.com"
104.41.4.32 - - [22/Sep/2022:18:59:55 -0700] "GET /shell4.php HTTP/1.1" 404 88 "https://www.google.com" "Mozilla/5.0 (Windows NT 10.0; WOW64; rv:52.0) Gecko/20100101 Firefox/52.0" "lusciousgracious.com"
104.41.4.32 - - [22/Sep/2022:18:59:56 -0700] "GET /ups.php HTTP/1.1" 404 88 "https://www.google.com" "Mozilla/5.0 (Windows NT 10.0; WOW64; rv:52.0) Gecko/20100101 Firefox/52.0" "lusciousgracious.com"
104.41.4.32 - - [22/Sep/2022:18:59:57 -0700] "GET /ru.php HTTP/1.1" 404 88 "https://www.google.com" "Mozilla/5.0 (Windows NT 10.0; WOW64; rv:52.0) Gecko/20100101 Firefox/52.0" "lusciousgracious.com"
104.41.4.32 - - [22/Sep/2022:18:59:57 -0700] "GET /if.php HTTP/1.1" 404 88 "https://www.google.com" "Mozilla/5.0 (Windows NT 10.0; WOW64; rv:52.0) Gecko/20100101 Firefox/52.0" "lusciousgracious.com"
104.41.4.32 - - [22/Sep/2022:18:59:58 -0700] "GET /vuln.php HTTP/1.1" 404 88 "https://www.google.com" "Mozilla/5.0 (Windows NT 10.0; WOW64; rv:52.0) Gecko/20100101 Firefox/52.0" "lusciousgracious.com"
104.41.4.32 - - [22/Sep/2022:18:59:58 -0700] "GET /fw.php HTTP/1.1" 404 88 "https://www.google.com" "Mozilla/5.0 (Windows NT 10.0; WOW64; rv:52.0) Gecko/20100101 Firefox/52.0" "lusciousgracious.com"
104.41.4.32 - - [22/Sep/2022:18:59:59 -0700] "GET /skipper.php HTTP/1.1" 404 88 "https://www.google.com" "Mozilla/5.0 (Windows NT 10.0; WOW64; rv:52.0) Gecko/20100101 Firefox/52.0" "lusciousgracious.com"
104.41.4.32 - - [22/Sep/2022:18:59:59 -0700] "GET /skippershell.php HTTP/1.1" 404 88 "https://www.google.com" "Mozilla/5.0 (Windows NT 10.0; WOW64; rv:52.0) Gecko/20100101 Firefox/52.0" "lusciousgracious.com"
104.41.4.32 - - [22/Sep/2022:19:00:00 -0700] "GET /tttt.php HTTP/1.1" 404 88 "https://www.google.com" "Mozilla/5.0 (Windows NT 10.0; WOW64; rv:52.0) Gecko/20100101 Firefox/52.0" "lusciousgracious.com"
104.41.4.32 - - [22/Sep/2022:19:00:01 -0700] "GET /tshop.php HTTP/1.1" 404 88 "https://www.google.com" "Mozilla/5.0 (Windows NT 10.0; WOW64; rv:52.0) Gecko/20100101 Firefox/52.0" "lusciousgracious.com"
104.41.4.32 - - [22/Sep/2022:19:00:01 -0700] "GET /alfa.php HTTP/1.1" 404 88 "https://www.google.com" "Mozilla/5.0 (Windows NT 10.0; WOW64; rv:52.0) Gecko/20100101 Firefox/52.0" "lusciousgracious.com"
104.41.4.32 - - [22/Sep/2022:19:00:02 -0700] "GET /shell.php HTTP/1.1" 404 88 "https://www.google.com" "Mozilla/5.0 (Windows NT 10.0; WOW64; rv:52.0) Gecko/20100101 Firefox/52.0" "lusciousgracious.com"
104.41.4.32 - - [22/Sep/2022:19:00:02 -0700] "GET /inje3ctor.php HTTP/1.1" 404 88 "https://www.google.com" "Mozilla/5.0 (Windows NT 10.0; WOW64; rv:52.0) Gecko/20100101 Firefox/52.0" "lusciousgracious.com"
104.41.4.32 - - [22/Sep/2022:19:00:03 -0700] "GET /saudi.php HTTP/1.1" 404 88 "https://www.google.com" "Mozilla/5.0 (Windows NT 10.0; WOW64; rv:52.0) Gecko/20100101 Firefox/52.0" "lusciousgracious.com"
104.41.4.32 - - [22/Sep/2022:19:00:04 -0700] "GET /wso.php HTTP/1.1" 404 88 "https://www.google.com" "Mozilla/5.0 (Windows NT 10.0; WOW64; rv:52.0) Gecko/20100101 Firefox/52.0" "lusciousgracious.com"
104.41.4.32 - - [22/Sep/2022:19:00:04 -0700] "GET /alfashell.php HTTP/1.1" 404 88 "https://www.google.com" "Mozilla/5.0 (Windows NT 10.0; WOW64; rv:52.0) Gecko/20100101 Firefox/52.0" "lusciousgracious.com"
104.41.4.32 - - [22/Sep/2022:19:00:05 -0700] "GET /my_alfa.php HTTP/1.1" 404 88 "https://www.google.com" "Mozilla/5.0 (Windows NT 10.0; WOW64; rv:52.0) Gecko/20100101 Firefox/52.0" "lusciousgracious.com"
104.41.4.32 - - [22/Sep/2022:19:00:06 -0700] "GET /uploader.php HTTP/1.1" 404 88 "https://www.google.com" "Mozilla/5.0 (Windows NT 10.0; WOW64; rv:52.0) Gecko/20100101 Firefox/52.0" "lusciousgracious.com"
104.41.4.32 - - [22/Sep/2022:19:00:06 -0700] "GET /up.php HTTP/1.1" 404 88 "https://www.google.com" "Mozilla/5.0 (Windows NT 10.0; WOW64; rv:52.0) Gecko/20100101 Firefox/52.0" "lusciousgracious.com"
104.41.4.32 - - [22/Sep/2022:19:00:07 -0700] "GET /hacked.php HTTP/1.1" 404 88 "https://www.google.com" "Mozilla/5.0 (Windows NT 10.0; WOW64; rv:52.0) Gecko/20100101 Firefox/52.0" "lusciousgracious.com"
104.41.4.32 - - [22/Sep/2022:19:00:07 -0700] "GET /c99.php HTTP/1.1" 404 88 "https://www.google.com" "Mozilla/5.0 (Windows NT 10.0; WOW64; rv:52.0) Gecko/20100101 Firefox/52.0" "lusciousgracious.com"
104.41.4.32 - - [22/Sep/2022:19:00:08 -0700] "GET /priv8.php HTTP/1.1" 404 88 "https://www.google.com" "Mozilla/5.0 (Windows NT 10.0; WOW64; rv:52.0) Gecko/20100101 Firefox/52.0" "lusciousgracious.com"
104.41.4.32 - - [22/Sep/2022:19:00:09 -0700] "GET /Navir.php HTTP/1.1" 404 88 "https://www.google.com" "Mozilla/5.0 (Windows NT 10.0; WOW64; rv:52.0) Gecko/20100101 Firefox/52.0" "lusciousgracious.com"
104.41.4.32 - - [22/Sep/2022:19:00:10 -0700] "GET /cmd13.php HTTP/1.1" 404 88 "https://www.google.com" "Mozilla/5.0 (Windows NT 10.0; WOW64; rv:52.0) Gecko/20100101 Firefox/52.0" "lusciousgracious.com"
104.41.4.32 - - [22/Sep/2022:19:00:11 -0700] "GET /inc20k1.php HTTP/1.1" 404 88 "https://www.google.com" "Mozilla/5.0 (Windows NT 10.0; WOW64; rv:52.0) Gecko/20100101 Firefox/52.0" "lusciousgracious.com"
104.41.4.32 - - [22/Sep/2022:19:00:12 -0700] "GET /1index.php HTTP/1.1" 404 88 "https://www.google.com" "Mozilla/5.0 (Windows NT 10.0; WOW64; rv:52.0) Gecko/20100101 Firefox/52.0" "lusciousgracious.com"
104.41.4.32 - - [22/Sep/2022:19:00:12 -0700] "GET /404.php HTTP/1.1" 404 88 "https://www.google.com" "Mozilla/5.0 (Windows NT 10.0; WOW64; rv:52.0) Gecko/20100101 Firefox/52.0" "lusciousgracious.com"
104.41.4.32 - - [22/Sep/2022:19:00:13 -0700] "GET /swm.php HTTP/1.1" 404 88 "https://www.google.com" "Mozilla/5.0 (Windows NT 10.0; WOW64; rv:52.0) Gecko/20100101 Firefox/52.0" "lusciousgracious.com"
104.41.4.32 - - [22/Sep/2022:19:00:13 -0700] "GET /wp.php HTTP/1.1" 404 88 "https://www.google.com" "Mozilla/5.0 (Windows NT 10.0; WOW64; rv:52.0) Gecko/20100101 Firefox/52.0" "lusciousgracious.com"
104.41.4.32 - - [22/Sep/2022:19:00:14 -0700] "GET /doc.php HTTP/1.1" 404 88 "https://www.google.com" "Mozilla/5.0 (Windows NT 10.0; WOW64; rv:52.0) Gecko/20100101 Firefox/52.0" "lusciousgracious.com"
104.41.4.32 - - [22/Sep/2022:19:00:14 -0700] "GET /shx.php HTTP/1.1" 404 88 "https://www.google.com" "Mozilla/5.0 (Windows NT 10.0; WOW64; rv:52.0) Gecko/20100101 Firefox/52.0" "lusciousgracious.com"
104.41.4.32 - - [22/Sep/2022:19:00:15 -0700] "GET /ws.php HTTP/1.1" 404 88 "https://www.google.com" "Mozilla/5.0 (Windows NT 10.0; WOW64; rv:52.0) Gecko/20100101 Firefox/52.0" "lusciousgracious.com"
104.41.4.32 - - [22/Sep/2022:19:00:16 -0700] "GET /m.php HTTP/1.1" 404 88 "https://www.google.com" "Mozilla/5.0 (Windows NT 10.0; WOW64; rv:52.0) Gecko/20100101 Firefox/52.0" "lusciousgracious.com"
104.41.4.32 - - [22/Sep/2022:19:00:16 -0700] "GET /edit-form.php HTTP/1.1" 404 88 "https://www.google.com" "Mozilla/5.0 (Windows NT 10.0; WOW64; rv:52.0) Gecko/20100101 Firefox/52.0" "lusciousgracious.com"
104.41.4.32 - - [22/Sep/2022:19:00:17 -0700] "GET /LEAF.php HTTP/1.1" 404 88 "https://www.google.com" "Mozilla/5.0 (Windows NT 10.0; WOW64; rv:52.0) Gecko/20100101 Firefox/52.0" "lusciousgracious.com"
104.41.4.32 - - [22/Sep/2022:19:00:17 -0700] "GET /leafmailer.php HTTP/1.1" 404 88 "https://www.google.com" "Mozilla/5.0 (Windows NT 10.0; WOW64; rv:52.0) Gecko/20100101 Firefox/52.0" "lusciousgracious.com"
104.41.4.32 - - [22/Sep/2022:19:00:18 -0700] "GET /mailer.php HTTP/1.1" 404 88 "https://www.google.com" "Mozilla/5.0 (Windows NT 10.0; WOW64; rv:52.0) Gecko/20100101 Firefox/52.0" "lusciousgracious.com"
104.41.4.32 - - [22/Sep/2022:19:00:19 -0700] "GET /leafmailer2.8.php HTTP/1.1" 404 88 "https://www.google.com" "Mozilla/5.0 (Windows NT 10.0; WOW64; rv:52.0) Gecko/20100101 Firefox/52.0" "lusciousgracious.com"
104.41.4.32 - - [22/Sep/2022:19:00:19 -0700] "GET /Leaf.php HTTP/1.1" 404 88 "https://www.google.com" "Mozilla/5.0 (Windows NT 10.0; WOW64; rv:52.0) Gecko/20100101 Firefox/52.0" "lusciousgracious.com"
