114.119.152.195 - - [14/Oct/2022:12:19:50 -0700] "GET /blog/uploaded_images/20070107/34.jpg HTTP/1.1" 404 88 "http://lusciousgracious.com/blog/2007/01/x-mas-sweaters-other-gifts.html" "Mozilla/5.0 (Linux; Android 7.0;) AppleWebKit/537.36 (KHTML, like Gecko) Mobile Safari/537.36 (compatible; PetalBot;+https://webmaster.petalsearch.com/site/petalbot)" "lusciousgracious.com"
66.249.68.56 - - [14/Oct/2022:12:31:38 -0700] "GET /clickit_files/image016.jpg HTTP/1.1" 404 88 "-" "Googlebot-Image/1.0" "lusciousgracious.com"
44.228.64.221 - - [14/Oct/2022:12:34:02 -0700] "GET /stitched/episode1/menu.htm HTTP/1.1" 404 88 "-" "Python/3.8 aiohttp/3.8.3" "lusciousgracious.com"
5.188.210.80 - - [14/Oct/2022:12:35:41 -0700] "GET /blog/index.html HTTP/1.1" 404 73 "http://www.lusciousgracious.com/blog/index.html" "Mozilla/5.0 (Windows NT 6.1; Win64; x64) AppleWebKit/537.36 (KHTML, like Gecko) Chrome/90.0.4427.0 Safari/537.36" "www.lusciousgracious.com"
5.188.210.80 - - [14/Oct/2022:12:35:42 -0700] "GET /index.html HTTP/1.1" 404 73 "http://www.lusciousgracious.com/index.html" "Mozilla/5.0 (Windows NT 6.1; Win64; x64) AppleWebKit/537.36 (KHTML, like Gecko) Chrome/90.0.4427.0 Safari/537.36" "www.lusciousgracious.com"
70.39.246.37 - - [14/Oct/2022:12:36:42 -0700] "GET /blog/atom.xml HTTP/1.1" 404 88 "-" "Mozilla/5.0 Moreover/5.1 (+http://www.moreover.com)" "lusciousgracious.com"
192.34.84.8 - - [14/Oct/2022:13:01:19 -0700] "GET /blog/atom.xml HTTP/1.1" 404 73 "-" "Ravelry.com RSS Reader/0.3 2008-10-22" "lusciousgracious.com"
5.188.210.87 - - [14/Oct/2022:13:05:06 -0700] "GET /blog/index.html HTTP/1.1" 404 73 "http://www.lusciousgracious.com/blog/index.html" "Mozilla/5.0 (Windows NT 6.1) AppleWebKit/537.36 (KHTML, like Gecko) Chrome/90.0.4430.85 Safari/537.36" "www.lusciousgracious.com"
5.188.210.87 - - [14/Oct/2022:13:05:07 -0700] "GET /index.html HTTP/1.1" 404 73 "http://www.lusciousgracious.com/index.html" "Mozilla/5.0 (Windows NT 6.1) AppleWebKit/537.36 (KHTML, like Gecko) Chrome/90.0.4430.85 Safari/537.36" "www.lusciousgracious.com"
54.236.1.11 - - [14/Oct/2022:13:28:57 -0700] "GET /robots.txt HTTP/1.1" 404 88 "-" "Mozilla/5.0 (compatible; Pinterestbot/1.0; +http://www.pinterest.com/bot.html)" "lusciousgracious.com"
54.236.1.13 - - [14/Oct/2022:13:28:57 -0700] "GET /robots.txt HTTP/1.1" 404 88 "-" "Mozilla/5.0 (compatible; Pinterestbot/1.0; +http://www.pinterest.com/bot.html)" "lusciousgracious.com"
54.236.1.13 - - [14/Oct/2022:13:28:57 -0700] "GET /clickit_files/image016.jpg HTTP/1.1" 404 88 "-" "Mozilla/5.0 (compatible; Pinterestbot/1.0; +http://www.pinterest.com/bot.html)" "lusciousgracious.com"
114.119.152.155 - - [14/Oct/2022:13:29:06 -0700] "GET /blog/uploaded_images/DSCN3715-793308.jpg HTTP/1.1" 404 88 "http://lusciousgracious.com/blog/2005/07/camp-blog-hiatus.html" "Mozilla/5.0 (Linux; Android 7.0;) AppleWebKit/537.36 (KHTML, like Gecko) Mobile Safari/537.36 (compatible; PetalBot;+https://webmaster.petalsearch.com/site/petalbot)" "lusciousgracious.com"
189.219.210.75 - - [14/Oct/2022:13:30:12 -0700] "GET /clickit_files/image016.jpg HTTP/1.1" 404 88 "http://pinterest.com/pin/186547609557079071/?source_app=android" "Mozilla/5.0 (Linux; Android 7.0; SM-G925I Build/NRD90M; wv) AppleWebKit/537.36 (KHTML, like Gecko) Version/4.0 Chrome/58.0.3029.83 Mobile Safari/537.36 [Pinterest/Android]" "lusciousgracious.com"
189.219.210.75 - - [14/Oct/2022:13:30:12 -0700] "GET /favicon.ico HTTP/1.1" 404 88 "http://lusciousgracious.com/clickit_files/image016.jpg" "Mozilla/5.0 (Linux; Android 7.0; SM-G925I Build/NRD90M; wv) AppleWebKit/537.36 (KHTML, like Gecko) Version/4.0 Chrome/58.0.3029.83 Mobile Safari/537.36 [Pinterest/Android]" "lusciousgracious.com"
114.119.152.160 - - [14/Oct/2022:13:34:49 -0700] "GET /blog/uploaded_images/20080109/52.jpg HTTP/1.1" 404 88 "http://lusciousgracious.com/blog/2008/01/hsb.html" "Mozilla/5.0 (Linux; Android 7.0;) AppleWebKit/537.36 (KHTML, like Gecko) Mobile Safari/537.36 (compatible; PetalBot;+https://webmaster.petalsearch.com/site/petalbot)" "lusciousgracious.com"
189.219.210.75 - - [14/Oct/2022:13:36:07 -0700] "GET /clickit_files/image016.jpg HTTP/1.1" 404 88 "http://pinterest.com/pin/186547609557079071/?source_app=android" "Mozilla/5.0 (Linux; Android 7.0; SM-G925I Build/NRD90M; wv) AppleWebKit/537.36 (KHTML, like Gecko) Version/4.0 Chrome/58.0.3029.83 Mobile Safari/537.36 [Pinterest/Android]" "lusciousgracious.com"
189.219.210.75 - - [14/Oct/2022:13:36:08 -0700] "GET /favicon.ico HTTP/1.1" 404 88 "http://lusciousgracious.com/clickit_files/image016.jpg" "Mozilla/5.0 (Linux; Android 7.0; SM-G925I Build/NRD90M; wv) AppleWebKit/537.36 (KHTML, like Gecko) Version/4.0 Chrome/58.0.3029.83 Mobile Safari/537.36 [Pinterest/Android]" "lusciousgracious.com"
114.119.152.160 - - [14/Oct/2022:14:13:29 -0700] "GET /Houndstooth_files/image002.jpg HTTP/1.1" 404 88 "http://lusciousgracious.com/Houndstooth.htm" "Mozilla/5.0 (Linux; Android 7.0;) AppleWebKit/537.36 (KHTML, like Gecko) Mobile Safari/537.36 (compatible; PetalBot;+https://webmaster.petalsearch.com/site/petalbot)" "lusciousgracious.com"
73.189.36.239 - - [14/Oct/2022:14:22:20 -0700] "GET /images/fit.jpg HTTP/1.1" 404 73 "-" "Python-urllib/3.8" "lusciousgracious.com"
54.236.1.11 - - [14/Oct/2022:14:29:18 -0700] "GET /robots.txt HTTP/1.1" 404 88 "-" "Mozilla/5.0 (compatible; Pinterestbot/1.0; +http://www.pinterest.com/bot.html)" "lusciousgracious.com"
54.236.1.13 - - [14/Oct/2022:14:29:18 -0700] "GET /robots.txt HTTP/1.1" 404 88 "-" "Mozilla/5.0 (compatible; Pinterestbot/1.0; +http://www.pinterest.com/bot.html)" "lusciousgracious.com"
54.236.1.13 - - [14/Oct/2022:14:29:19 -0700] "GET /blog/uploaded_images/sweater-777980.jpg HTTP/1.1" 404 88 "-" "Mozilla/5.0 (compatible; Pinterestbot/1.0; +http://www.pinterest.com/bot.html)" "lusciousgracious.com"
43.142.237.137 - - [14/Oct/2022:14:33:43 -0700] "GET / HTTP/1.1" 200 270 "-" "Mozilla/5.0 (Linux; Android 6.0; Nexus 5 Build/MRA58N) AppleWebKit/537.36 (KHTML, like Gecko) Chrome/81.0.4044.138 Mobile Safari/537.36" "lusciousgracious.com"
24.150.205.63 - - [14/Oct/2022:14:40:21 -0700] "GET / HTTP/1.1" 200 270 "-" "Mozilla/5.0 (iPhone; CPU iPhone OS 15_6_1 like Mac OS X) AppleWebKit/605.1.15 (KHTML, like Gecko) Version/15.6.1 Mobile/15E148 Safari/604.1" "www.lusciousgracious.com"
192.34.84.8 - - [14/Oct/2022:14:59:49 -0700] "GET /blog/rss HTTP/1.1" 404 73 "-" "Ravelry.com RSS Reader/0.3 2008-10-22" "lusciousgracious.com"
20.196.152.157 - - [14/Oct/2022:15:00:59 -0700] "POST / HTTP/1.1" 404 88 "-" "Mozilla/5.0 (Linux; U; Android 4.4.2; en-US; HM NOTE 1W Build/KOT49H) AppleWebKit/534.30 (KHTML, like Gecko) Version/4.0 UCBrowser/11.0.5.850 U3/0.8.0 Mobile Safari/534.30" "lusciousgracious.com"
20.196.152.157 - - [14/Oct/2022:15:01:00 -0700] "POST / HTTP/1.1" 404 88 "-" "Mozilla/5.0 (Linux; U; Android 4.4.2; en-US; HM NOTE 1W Build/KOT49H) AppleWebKit/534.30 (KHTML, like Gecko) Version/4.0 UCBrowser/11.0.5.850 U3/0.8.0 Mobile Safari/534.30" "lusciousgracious.com"
20.196.152.157 - - [14/Oct/2022:15:01:06 -0700] "GET /vendor/phpunit/phpunit/src/Util/PHP/eval-stdin.php HTTP/1.1" 404 88 "-" "python-requests/2.28.1" "lusciousgracious.com"
5.188.210.25 - - [14/Oct/2022:15:11:35 -0700] "GET /blog/ HTTP/1.1" 404 73 "http://lusciousgracious.com/blog/" "Mozilla/5.0 (Windows NT 10.0; WOW64) AppleWebKit/537.36 (KHTML, like Gecko) Chrome/90.0.4400.8 Safari/537.36" "lusciousgracious.com"
5.188.210.25 - - [14/Oct/2022:15:11:36 -0700] "GET / HTTP/1.1" 200 398 "http://lusciousgracious.com/" "Mozilla/5.0 (Windows NT 10.0; WOW64) AppleWebKit/537.36 (KHTML, like Gecko) Chrome/90.0.4400.8 Safari/537.36" "lusciousgracious.com"
194.38.20.161 - - [14/Oct/2022:15:39:50 -0700] "GET /wp-content/themes/purevision/scripts/admin/uploadify/uploadify.css HTTP/1.1" 404 73 "-" "ALittle Client" "lusciousgracious.com"
207.46.13.12 - - [14/Oct/2022:15:51:29 -0700] "GET /shopwb.htm HTTP/1.1" 404 88 "-" "Mozilla/5.0 (compatible; bingbot/2.0; +http://www.bing.com/bingbot.htm)" "lusciousgracious.com"
192.34.84.8 - - [14/Oct/2022:16:00:54 -0700] "GET /blog/atom.xml HTTP/1.1" 404 73 "-" "Ravelry.com RSS Reader/0.3 2008-10-22" "lusciousgracious.com"
64.124.8.27 - - [14/Oct/2022:16:04:09 -0700] "GET /robots.txt HTTP/1.1" 404 88 "-" "Mozilla/5.0 (X11; Linux x86_64) AppleWebKit/537.36 (KHTML, like Gecko) Chrome/61.0.3163.79 Safari/537.36" "lusciousgracious.com"
64.124.8.27 - - [14/Oct/2022:16:04:09 -0700] "GET /blog/2005/09/spun-out.html HTTP/1.1" 404 88 "-" "Mozilla/5.0 (X11; Linux x86_64) AppleWebKit/537.36 (KHTML, like Gecko) Chrome/61.0.3163.79 Safari/537.36" "lusciousgracious.com"
5.188.210.30 - - [14/Oct/2022:16:06:15 -0700] "GET /blog/index.html HTTP/1.1" 404 73 "http://www.lusciousgracious.com/blog/index.html" "Mozilla/5.0 (Windows NT 6.3; Win64; x64) AppleWebKit/537.36 (KHTML, like Gecko) Chrome/90.0.4430.85 Safari/537.36 Edg/90.0.818.49" "www.lusciousgracious.com"
5.188.210.30 - - [14/Oct/2022:16:06:16 -0700] "GET /index.html HTTP/1.1" 404 73 "http://www.lusciousgracious.com/index.html" "Mozilla/5.0 (Windows NT 6.3; Win64; x64) AppleWebKit/537.36 (KHTML, like Gecko) Chrome/90.0.4430.85 Safari/537.36 Edg/90.0.818.49" "www.lusciousgracious.com"
35.208.83.69 - - [14/Oct/2022:16:07:02 -0700] "HEAD / HTTP/1.1" 200 - "-" "scalaj-http/2.4.2" "lusciousgracious.com"
35.208.83.69 - - [14/Oct/2022:16:07:02 -0700] "GET / HTTP/1.1" 200 270 "-" "Buck/2.3.2; (+https://app.hypefactors.com/media-monitoring/about.html)" "lusciousgracious.com"
35.208.83.69 - - [14/Oct/2022:16:07:02 -0700] "GET /robots.txt HTTP/1.1" 404 88 "-" "Buck/2.3.2; (+https://app.hypefactors.com/media-monitoring/about.html)" "lusciousgracious.com"
35.208.83.69 - - [14/Oct/2022:16:07:02 -0700] "GET /sitemap.xml HTTP/1.1" 404 88 "-" "Buck/2.3.2; (+https://app.hypefactors.com/media-monitoring/about.html)" "lusciousgracious.com"
64.124.8.27 - - [14/Oct/2022:16:07:20 -0700] "GET /blog/2006/04/you-spin-me-right-round-baby.html HTTP/1.1" 404 88 "-" "Mozilla/5.0 (X11; Linux x86_64) AppleWebKit/537.36 (KHTML, like Gecko) Chrome/61.0.3163.79 Safari/537.36" "lusciousgracious.com"
64.124.8.27 - - [14/Oct/2022:16:09:42 -0700] "GET /blog/2006_02_01_archive.html HTTP/1.1" 404 88 "-" "Mozilla/5.0 (X11; Linux x86_64) AppleWebKit/537.36 (KHTML, like Gecko) Chrome/61.0.3163.79 Safari/537.36" "lusciousgracious.com"
64.124.8.29 - - [14/Oct/2022:16:10:45 -0700] "GET /robots.txt HTTP/1.1" 404 88 "-" "Mozilla/5.0 (X11; Linux x86_64) AppleWebKit/537.36 (KHTML, like Gecko) Chrome/61.0.3163.79 Safari/537.36" "www.lusciousgracious.com"
64.124.8.29 - - [14/Oct/2022:16:10:45 -0700] "GET /stitched/index.htm HTTP/1.1" 404 88 "-" "Mozilla/5.0 (X11; Linux x86_64) AppleWebKit/537.36 (KHTML, like Gecko) Chrome/61.0.3163.79 Safari/537.36" "www.lusciousgracious.com"
64.124.8.29 - - [14/Oct/2022:16:14:11 -0700] "GET /robots.txt HTTP/1.1" 404 88 "-" "Mozilla/5.0 (X11; Linux x86_64) AppleWebKit/537.36 (KHTML, like Gecko) Chrome/61.0.3163.79 Safari/537.36" "www.lusciousgracious.com"
64.124.8.27 - - [14/Oct/2022:16:15:39 -0700] "GET /strap.htm HTTP/1.1" 404 88 "-" "Mozilla/5.0 (X11; Linux x86_64) AppleWebKit/537.36 (KHTML, like Gecko) Chrome/61.0.3163.79 Safari/537.36" "lusciousgracious.com"
64.124.8.27 - - [14/Oct/2022:16:18:11 -0700] "GET /blog/2006_04_01_archive.html HTTP/1.1" 404 88 "-" "Mozilla/5.0 (X11; Linux x86_64) AppleWebKit/537.36 (KHTML, like Gecko) Chrome/61.0.3163.79 Safari/537.36" "lusciousgracious.com"
64.124.8.27 - - [14/Oct/2022:16:19:33 -0700] "GET /blog/2005/10/illanna-makes-me-happy.html HTTP/1.1" 404 88 "-" "Mozilla/5.0 (X11; Linux x86_64) AppleWebKit/537.36 (KHTML, like Gecko) Chrome/61.0.3163.79 Safari/537.36" "lusciousgracious.com"
64.124.8.27 - - [14/Oct/2022:16:21:01 -0700] "GET /blog/2006/07/firefoxbot-friendly.html HTTP/1.1" 404 88 "-" "Mozilla/5.0 (X11; Linux x86_64) AppleWebKit/537.36 (KHTML, like Gecko) Chrome/61.0.3163.79 Safari/537.36" "lusciousgracious.com"
64.124.8.27 - - [14/Oct/2022:16:21:03 -0700] "GET /blog/2006/10/another-long-post.html HTTP/1.1" 404 88 "-" "Mozilla/5.0 (X11; Linux x86_64) AppleWebKit/537.36 (KHTML, like Gecko) Chrome/61.0.3163.79 Safari/537.36" "lusciousgracious.com"
64.124.8.29 - - [14/Oct/2022:16:22:00 -0700] "GET /blog/2006/04/if-nautical-nonsense-be-something-you.html HTTP/1.1" 404 88 "-" "Mozilla/5.0 (X11; Linux x86_64) AppleWebKit/537.36 (KHTML, like Gecko) Chrome/61.0.3163.79 Safari/537.36" "www.lusciousgracious.com"
64.124.8.27 - - [14/Oct/2022:16:22:32 -0700] "GET /blog/2006/04/watch-out-for-snakes.html HTTP/1.1" 404 88 "-" "Mozilla/5.0 (X11; Linux x86_64) AppleWebKit/537.36 (KHTML, like Gecko) Chrome/61.0.3163.79 Safari/537.36" "lusciousgracious.com"
64.124.8.27 - - [14/Oct/2022:16:23:18 -0700] "GET /blog/2006/03/kiki-follows-pattern.html HTTP/1.1" 404 88 "-" "Mozilla/5.0 (X11; Linux x86_64) AppleWebKit/537.36 (KHTML, like Gecko) Chrome/61.0.3163.79 Safari/537.36" "lusciousgracious.com"
64.124.8.27 - - [14/Oct/2022:16:23:58 -0700] "GET /blog/2005_03_01_archive.html HTTP/1.1" 404 88 "-" "Mozilla/5.0 (X11; Linux x86_64) AppleWebKit/537.36 (KHTML, like Gecko) Chrome/61.0.3163.79 Safari/537.36" "lusciousgracious.com"
64.124.8.27 - - [14/Oct/2022:16:24:59 -0700] "GET /blog/2005/09/bon-appetit-baby-feet.html HTTP/1.1" 404 88 "-" "Mozilla/5.0 (X11; Linux x86_64) AppleWebKit/537.36 (KHTML, like Gecko) Chrome/61.0.3163.79 Safari/537.36" "lusciousgracious.com"
64.124.8.27 - - [14/Oct/2022:16:26:01 -0700] "GET /blog/2006_06_01_archive.html HTTP/1.1" 404 88 "-" "Mozilla/5.0 (X11; Linux x86_64) AppleWebKit/537.36 (KHTML, like Gecko) Chrome/61.0.3163.79 Safari/537.36" "lusciousgracious.com"
77.88.5.42 - - [14/Oct/2022:16:35:15 -0700] "GET /robots.txt HTTP/1.1" 404 73 "-" "Mozilla/5.0 (compatible; YandexBot/3.0; +http://yandex.com/bots)" "www.lusciousgracious.com"
77.88.5.42 - - [14/Oct/2022:16:35:19 -0700] "GET /smallaffairs.htm HTTP/1.1" 404 88 "-" "Mozilla/5.0 (compatible; YandexBot/3.0; +http://yandex.com/bots)" "www.lusciousgracious.com"
70.39.246.37 - - [14/Oct/2022:16:38:34 -0700] "GET /blog/atom.xml HTTP/1.1" 404 88 "-" "Mozilla/5.0 Moreover/5.1 (+http://www.moreover.com)" "lusciousgracious.com"
20.196.152.157 - - [14/Oct/2022:16:46:49 -0700] "POST / HTTP/1.1" 404 88 "-" "Mozilla/5.0 (Linux; U; Android 4.4.2; en-US; HM NOTE 1W Build/KOT49H) AppleWebKit/534.30 (KHTML, like Gecko) Version/4.0 UCBrowser/11.0.5.850 U3/0.8.0 Mobile Safari/534.30" "lusciousgracious.com"
20.196.152.157 - - [14/Oct/2022:16:46:50 -0700] "POST / HTTP/1.1" 404 88 "-" "Mozilla/5.0 (Linux; U; Android 4.4.2; en-US; HM NOTE 1W Build/KOT49H) AppleWebKit/534.30 (KHTML, like Gecko) Version/4.0 UCBrowser/11.0.5.850 U3/0.8.0 Mobile Safari/534.30" "lusciousgracious.com"
20.196.152.157 - - [14/Oct/2022:16:46:53 -0700] "GET /vendor/phpunit/phpunit/src/Util/PHP/eval-stdin.php HTTP/1.1" 404 88 "-" "python-requests/2.28.1" "lusciousgracious.com"
54.36.148.166 - - [14/Oct/2022:16:51:38 -0700] "GET /robots.txt HTTP/1.1" 404 88 "-" "Mozilla/5.0 (compatible; AhrefsBot/7.0; +http://ahrefs.com/robot/)" "www.lusciousgracious.com"
114.119.152.160 - - [14/Oct/2022:16:55:05 -0700] "GET /blog/egg1.jpg HTTP/1.1" 404 88 "http://lusciousgracious.com/blog/2005/04/birthday-knitting-warning.html" "Mozilla/5.0 (Linux; Android 7.0;) AppleWebKit/537.36 (KHTML, like Gecko) Mobile Safari/537.36 (compatible; PetalBot;+https://webmaster.petalsearch.com/site/petalbot)" "lusciousgracious.com"
5.102.173.71 - - [14/Oct/2022:17:21:04 -0700] "GET /robots.txt HTTP/1.1" 404 88 "-" "Mozilla/5.0 (compatible; MojeekBot/0.11; +https://www.mojeek.com/bot.html)" "lusciousgracious.com"
5.102.173.71 - - [14/Oct/2022:17:21:04 -0700] "GET /blog/2008/09/i-win-or-do-i.html HTTP/1.1" 404 88 "-" "Mozilla/5.0 (compatible; MojeekBot/0.11; +https://www.mojeek.com/bot.html)" "lusciousgracious.com"
49.7.20.71 - - [14/Oct/2022:17:29:16 -0700] "GET / HTTP/1.1" 200 270 "-" "Sogou web spider/4.0(+http://www.sogou.com/docs/help/webmasters.htm#07)" "lusciousgracious.com"
114.119.131.180 - - [14/Oct/2022:17:38:07 -0700] "GET /robots.txt HTTP/1.1" 404 88 "-" "Mozilla/5.0 (compatible;PetalBot;+https://webmaster.petalsearch.com/site/petalbot)" "lusciousgracious.com"
192.34.84.8 - - [14/Oct/2022:18:00:30 -0700] "GET /blog/rss HTTP/1.1" 404 73 "-" "Ravelry.com RSS Reader/0.3 2008-10-22" "lusciousgracious.com"
104.7.62.213 - - [14/Oct/2022:18:10:43 -0700] "GET /stitched/episode1/cotton.htm HTTP/1.1" 404 88 "-" "Mozilla/5.0 (Windows NT 10.0; Win64; x64) AppleWebKit/537.36 (KHTML, like Gecko) Chrome/106.0.0.0 Safari/537.36" "www.lusciousgracious.com"
104.7.62.213 - - [14/Oct/2022:18:10:43 -0700] "GET /favicon.ico HTTP/1.1" 404 88 "http://www.lusciousgracious.com/stitched/episode1/cotton.htm" "Mozilla/5.0 (Windows NT 10.0; Win64; x64) AppleWebKit/537.36 (KHTML, like Gecko) Chrome/106.0.0.0 Safari/537.36" "www.lusciousgracious.com"
54.236.1.13 - - [14/Oct/2022:18:11:14 -0700] "GET /robots.txt HTTP/1.1" 404 88 "-" "Mozilla/5.0 (compatible; Pinterestbot/1.0; +http://www.pinterest.com/bot.html)" "lusciousgracious.com"
54.236.1.11 - - [14/Oct/2022:18:11:14 -0700] "GET /robots.txt HTTP/1.1" 404 88 "-" "Mozilla/5.0 (compatible; Pinterestbot/1.0; +http://www.pinterest.com/bot.html)" "lusciousgracious.com"
54.236.1.11 - - [14/Oct/2022:18:11:14 -0700] "GET /blog/uploaded_images/sweater-777980.jpg HTTP/1.1" 404 88 "-" "Mozilla/5.0 (compatible; Pinterestbot/1.0; +http://www.pinterest.com/bot.html)" "lusciousgracious.com"
45.95.147.39 - - [14/Oct/2022:18:26:53 -0700] "GET / HTTP/1.1" 200 398 "-" "libwww-perl/6.67" "www.lusciousgracious.com"
20.196.152.157 - - [14/Oct/2022:18:29:32 -0700] "POST / HTTP/1.1" 404 88 "-" "Mozilla/5.0 (Linux; U; Android 4.4.2; en-US; HM NOTE 1W Build/KOT49H) AppleWebKit/534.30 (KHTML, like Gecko) Version/4.0 UCBrowser/11.0.5.850 U3/0.8.0 Mobile Safari/534.30" "lusciousgracious.com"
20.196.152.157 - - [14/Oct/2022:18:29:33 -0700] "POST / HTTP/1.1" 404 88 "-" "Mozilla/5.0 (Linux; U; Android 4.4.2; en-US; HM NOTE 1W Build/KOT49H) AppleWebKit/534.30 (KHTML, like Gecko) Version/4.0 UCBrowser/11.0.5.850 U3/0.8.0 Mobile Safari/534.30" "lusciousgracious.com"
20.196.152.157 - - [14/Oct/2022:18:29:33 -0700] "GET /vendor/phpunit/phpunit/src/Util/PHP/eval-stdin.php HTTP/1.1" 404 88 "-" "python-requests/2.28.1" "lusciousgracious.com"
51.222.253.8 - - [14/Oct/2022:18:31:35 -0700] "GET / HTTP/1.1" 200 270 "-" "Mozilla/5.0 (compatible; AhrefsBot/7.0; +http://ahrefs.com/robot/)" "www.lusciousgracious.com"
20.25.135.46 - - [14/Oct/2022:18:34:18 -0700] "GET /wp-content/themes/seotheme/mar.php HTTP/1.1" 404 88 "www.google.com" "Mozlila/5.0 (Linux; Android 7.0; SM-G892A Bulid/NRD90M; wv) AppleWebKit/537.36 (KHTML, like Gecko) Version/4.0 Chrome/60.0.3112.107 Moblie Safari/537.36" "lusciousgracious.com"
20.25.135.46 - - [14/Oct/2022:18:34:20 -0700] "GET /wp-content/themes/seotheme/mar.php HTTP/1.1" 404 88 "www.google.com" "Mozlila/5.0 (Linux; Android 7.0; SM-G892A Bulid/NRD90M; wv) AppleWebKit/537.36 (KHTML, like Gecko) Version/4.0 Chrome/60.0.3112.107 Moblie Safari/537.36" "lusciousgracious.com"
20.25.135.46 - - [14/Oct/2022:18:34:59 -0700] "GET /wp-includes/shell20211028.php HTTP/1.1" 404 88 "www.google.com" "Mozlila/5.0 (Linux; Android 7.0; SM-G892A Bulid/NRD90M; wv) AppleWebKit/537.36 (KHTML, like Gecko) Version/4.0 Chrome/60.0.3112.107 Moblie Safari/537.36" "lusciousgracious.com"
20.25.135.46 - - [14/Oct/2022:18:35:03 -0700] "GET /wp-includes/shell20211028.php HTTP/1.1" 404 88 "www.google.com" "Mozlila/5.0 (Linux; Android 7.0; SM-G892A Bulid/NRD90M; wv) AppleWebKit/537.36 (KHTML, like Gecko) Version/4.0 Chrome/60.0.3112.107 Moblie Safari/537.36" "lusciousgracious.com"
20.25.135.46 - - [14/Oct/2022:18:35:16 -0700] "GET /1index.php HTTP/1.1" 404 88 "www.google.com" "Mozlila/5.0 (Linux; Android 7.0; SM-G892A Bulid/NRD90M; wv) AppleWebKit/537.36 (KHTML, like Gecko) Version/4.0 Chrome/60.0.3112.107 Moblie Safari/537.36" "lusciousgracious.com"
20.25.135.46 - - [14/Oct/2022:18:35:19 -0700] "GET /1index.php HTTP/1.1" 404 88 "www.google.com" "Mozlila/5.0 (Linux; Android 7.0; SM-G892A Bulid/NRD90M; wv) AppleWebKit/537.36 (KHTML, like Gecko) Version/4.0 Chrome/60.0.3112.107 Moblie Safari/537.36" "lusciousgracious.com"
20.25.135.46 - - [14/Oct/2022:18:35:25 -0700] "GET /wp-cron.php HTTP/1.1" 404 88 "www.google.com" "Mozlila/5.0 (Linux; Android 7.0; SM-G892A Bulid/NRD90M; wv) AppleWebKit/537.36 (KHTML, like Gecko) Version/4.0 Chrome/60.0.3112.107 Moblie Safari/537.36" "lusciousgracious.com"
20.25.135.46 - - [14/Oct/2022:18:35:38 -0700] "GET /wp-cron.php HTTP/1.1" 404 88 "www.google.com" "Mozlila/5.0 (Linux; Android 7.0; SM-G892A Bulid/NRD90M; wv) AppleWebKit/537.36 (KHTML, like Gecko) Version/4.0 Chrome/60.0.3112.107 Moblie Safari/537.36" "lusciousgracious.com"
20.25.135.46 - - [14/Oct/2022:18:35:56 -0700] "GET /wp-signup.php HTTP/1.1" 404 88 "www.google.com" "Mozlila/5.0 (Linux; Android 7.0; SM-G892A Bulid/NRD90M; wv) AppleWebKit/537.36 (KHTML, like Gecko) Version/4.0 Chrome/60.0.3112.107 Moblie Safari/537.36" "lusciousgracious.com"
20.25.135.46 - - [14/Oct/2022:18:36:01 -0700] "GET /wp-signup.php HTTP/1.1" 404 88 "www.google.com" "Mozlila/5.0 (Linux; Android 7.0; SM-G892A Bulid/NRD90M; wv) AppleWebKit/537.36 (KHTML, like Gecko) Version/4.0 Chrome/60.0.3112.107 Moblie Safari/537.36" "lusciousgracious.com"
20.25.135.46 - - [14/Oct/2022:18:36:14 -0700] "GET /wp-activate.php HTTP/1.1" 404 88 "www.google.com" "Mozlila/5.0 (Linux; Android 7.0; SM-G892A Bulid/NRD90M; wv) AppleWebKit/537.36 (KHTML, like Gecko) Version/4.0 Chrome/60.0.3112.107 Moblie Safari/537.36" "lusciousgracious.com"
20.25.135.46 - - [14/Oct/2022:18:36:15 -0700] "GET /wp-activate.php HTTP/1.1" 404 88 "www.google.com" "Mozlila/5.0 (Linux; Android 7.0; SM-G892A Bulid/NRD90M; wv) AppleWebKit/537.36 (KHTML, like Gecko) Version/4.0 Chrome/60.0.3112.107 Moblie Safari/537.36" "lusciousgracious.com"
192.34.84.8 - - [14/Oct/2022:19:02:15 -0700] "GET /blog/atom.xml HTTP/1.1" 404 73 "-" "Ravelry.com RSS Reader/0.3 2008-10-22" "lusciousgracious.com"
54.236.1.13 - - [14/Oct/2022:19:22:07 -0700] "GET /robots.txt HTTP/1.1" 404 88 "-" "Mozilla/5.0 (compatible; Pinterestbot/1.0; +http://www.pinterest.com/bot.html)" "lusciousgracious.com"
54.236.1.13 - - [14/Oct/2022:19:22:07 -0700] "GET /clickit_files/image016.jpg HTTP/1.1" 404 88 "-" "Mozilla/5.0 (compatible; Pinterestbot/1.0; +http://www.pinterest.com/bot.html)" "lusciousgracious.com"
54.236.1.11 - - [14/Oct/2022:19:22:07 -0700] "GET /robots.txt HTTP/1.1" 404 88 "-" "Mozilla/5.0 (compatible; Pinterestbot/1.0; +http://www.pinterest.com/bot.html)" "lusciousgracious.com"
190.71.20.59 - - [14/Oct/2022:19:22:11 -0700] "GET /clickit_files/image016.jpg HTTP/1.1" 404 88 "android-app://com.pinterest/" "Mozilla/5.0 (Linux; Android 9; SM-J701M) AppleWebKit/537.36 (KHTML, like Gecko) Chrome/106.0.0.0 Mobile Safari/537.36" "lusciousgracious.com"
190.71.20.59 - - [14/Oct/2022:19:22:12 -0700] "GET /favicon.ico HTTP/1.1" 404 88 "http://lusciousgracious.com/clickit_files/image016.jpg" "Mozilla/5.0 (Linux; Android 9; SM-J701M) AppleWebKit/537.36 (KHTML, like Gecko) Chrome/106.0.0.0 Mobile Safari/537.36" "lusciousgracious.com"
190.71.20.59 - - [14/Oct/2022:19:22:20 -0700] "GET /clickit_files/image016.jpg HTTP/1.1" 404 88 "android-app://com.pinterest/" "Mozilla/5.0 (Linux; Android 9; SM-J701M) AppleWebKit/537.36 (KHTML, like Gecko) Chrome/106.0.0.0 Mobile Safari/537.36" "lusciousgracious.com"
218.188.41.122 - - [14/Oct/2022:19:34:19 -0700] "GET /robots.txt HTTP/1.1" 404 73 "-" "Mozilla/5.0 (compatible; MJ12bot/v1.4.8; http://mj12bot.com/)" "lusciousgracious.com"
218.188.41.122 - - [14/Oct/2022:19:34:22 -0700] "GET /?C=D;O=A HTTP/1.1" 200 270 "-" "Mozilla/5.0 (compatible; MJ12bot/v1.4.8; http://mj12bot.com/)" "lusciousgracious.com"
218.188.41.122 - - [14/Oct/2022:19:34:24 -0700] "GET /?C=M;O=A HTTP/1.1" 200 271 "-" "Mozilla/5.0 (compatible; MJ12bot/v1.4.8; http://mj12bot.com/)" "lusciousgracious.com"
218.188.41.122 - - [14/Oct/2022:19:34:26 -0700] "GET /?C=N;O=D HTTP/1.1" 200 268 "-" "Mozilla/5.0 (compatible; MJ12bot/v1.4.8; http://mj12bot.com/)" "lusciousgracious.com"
218.188.41.122 - - [14/Oct/2022:19:34:28 -0700] "GET /?C=S;O=A HTTP/1.1" 200 271 "-" "Mozilla/5.0 (compatible; MJ12bot/v1.4.8; http://mj12bot.com/)" "lusciousgracious.com"
205.185.214.57 - - [14/Oct/2022:19:41:04 -0700] "GET /blog/2009/08/hello-amyville-baby-sweater.html HTTP/1.1" 404 88 "http://lusciousgracious.com" "Mozilla/5.0 (Windows NT 10.0; Win64; x64) AppleWebKit/537.36 (KHTML, like Gecko) Chrome/62.0.3202.94 Safari/537.36" "lusciousgracious.com"
205.185.214.57 - - [14/Oct/2022:19:41:06 -0700] "GET /blog/2009/08/hello-amyville-baby-sweater.html HTTP/1.1" 404 88 "http://lusciousgracious.com" "Mozilla/5.0 (Windows NT 10.0; Win64; x64) AppleWebKit/537.36 (KHTML, like Gecko) Chrome/62.0.3202.94 Safari/537.36" "lusciousgracious.com"
205.185.214.57 - - [14/Oct/2022:19:41:09 -0700] "GET /blog/2009/08/hello-amyville-baby-sweater.html HTTP/1.1" 404 88 "http://lusciousgracious.com" "Mozilla/5.0 (Windows NT 10.0; Win64; x64) AppleWebKit/537.36 (KHTML, like Gecko) Chrome/62.0.3202.94 Safari/537.36" "lusciousgracious.com"
205.185.214.57 - - [14/Oct/2022:19:41:11 -0700] "GET /blog/2009/08/hello-amyville-baby-sweater.html HTTP/1.1" 404 88 "http://lusciousgracious.com" "Mozilla/5.0 (Windows NT 10.0; Win64; x64) AppleWebKit/537.36 (KHTML, like Gecko) Chrome/62.0.3202.94 Safari/537.36" "lusciousgracious.com"
5.188.210.21 - - [14/Oct/2022:19:42:26 -0700] "GET /blog/ HTTP/1.1" 404 73 "http://lusciousgracious.com/blog/" "Mozilla/5.0 (Windows NT 10.0) AppleWebKit/537.36 (KHTML, like Gecko) Chrome/90.0.4430.93 Safari/537.36" "lusciousgracious.com"
5.188.210.21 - - [14/Oct/2022:19:42:27 -0700] "GET / HTTP/1.1" 200 398 "http://lusciousgracious.com/" "Mozilla/5.0 (Windows NT 10.0) AppleWebKit/537.36 (KHTML, like Gecko) Chrome/90.0.4430.93 Safari/537.36" "lusciousgracious.com"
116.30.162.223 - - [14/Oct/2022:20:00:15 -0700] "GET / HTTP/1.1" 200 270 "-" "Python/3.7 aiohttp/3.8.3" "www.lusciousgracious.com"
77.88.5.211 - - [14/Oct/2022:20:00:35 -0700] "GET /robots.txt HTTP/1.1" 404 73 "-" "Mozilla/5.0 (compatible; YandexBot/3.0; +http://yandex.com/bots)" "www.lusciousgracious.com"
93.158.161.65 - - [14/Oct/2022:20:00:39 -0700] "GET /roses/pages/15.htm HTTP/1.1" 404 88 "-" "Mozilla/5.0 (compatible; YandexBot/3.0; +http://yandex.com/bots)" "www.lusciousgracious.com"
66.44.121.149 - - [14/Oct/2022:20:03:00 -0700] "GET /robots.txt HTTP/1.1" 404 88 "-" "Go-http-client/1.1" "www.lusciousgracious.com"
51.222.253.18 - - [14/Oct/2022:20:16:53 -0700] "GET /robots.txt HTTP/1.1" 404 88 "-" "Mozilla/5.0 (compatible; AhrefsBot/7.0; +http://ahrefs.com/robot/)" "lusciousgracious.com"
5.188.210.38 - - [14/Oct/2022:20:31:21 -0700] "GET /blog/index.html HTTP/1.1" 404 73 "http://www.lusciousgracious.com/blog/index.html" "Mozilla/5.0 (Windows NT 10.0; Win64; x64) AppleWebKit/537.36 (KHTML, like Gecko) Chrome/90.0.4430.72 Safari/537.36 Edg/90.0.818.42" "www.lusciousgracious.com"
5.188.210.38 - - [14/Oct/2022:20:31:28 -0700] "GET /index.html HTTP/1.1" 404 73 "http://www.lusciousgracious.com/index.html" "Mozilla/5.0 (Windows NT 10.0; Win64; x64) AppleWebKit/537.36 (KHTML, like Gecko) Chrome/90.0.4430.72 Safari/537.36 Edg/90.0.818.42" "www.lusciousgracious.com"
51.222.253.5 - - [14/Oct/2022:20:33:10 -0700] "GET /robots.txt HTTP/1.1" 404 88 "-" "Mozilla/5.0 (compatible; AhrefsBot/7.0; +http://ahrefs.com/robot/)" "lusciousgracious.com"
51.222.253.12 - - [14/Oct/2022:20:33:11 -0700] "GET / HTTP/1.1" 200 270 "-" "Mozilla/5.0 (compatible; AhrefsBot/7.0; +http://ahrefs.com/robot/)" "lusciousgracious.com"
5.188.210.80 - - [14/Oct/2022:20:41:20 -0700] "GET /blog/ HTTP/1.1" 404 73 "http://lusciousgracious.com/blog/" "Mozilla/5.0 (Windows NT 10.0; Win64; x64) AppleWebKit/537.36 (KHTML, like Gecko) Chrome/90.0.4430.93 Safari/537.36" "lusciousgracious.com"
5.188.210.80 - - [14/Oct/2022:20:41:21 -0700] "GET / HTTP/1.1" 200 398 "http://lusciousgracious.com/" "Mozilla/5.0 (Windows NT 10.0; Win64; x64) AppleWebKit/537.36 (KHTML, like Gecko) Chrome/90.0.4430.93 Safari/537.36" "lusciousgracious.com"
70.39.246.37 - - [14/Oct/2022:20:41:57 -0700] "GET /blog/atom.xml HTTP/1.1" 404 88 "-" "Mozilla/5.0 Moreover/5.1 (+http://www.moreover.com)" "lusciousgracious.com"
20.196.152.157 - - [14/Oct/2022:20:54:33 -0700] "POST / HTTP/1.1" 404 88 "-" "Mozilla/5.0 (Linux; U; Android 4.4.2; en-US; HM NOTE 1W Build/KOT49H) AppleWebKit/534.30 (KHTML, like Gecko) Version/4.0 UCBrowser/11.0.5.850 U3/0.8.0 Mobile Safari/534.30" "lusciousgracious.com"
20.196.152.157 - - [14/Oct/2022:20:54:33 -0700] "POST / HTTP/1.1" 404 88 "-" "Mozilla/5.0 (Linux; U; Android 4.4.2; en-US; HM NOTE 1W Build/KOT49H) AppleWebKit/534.30 (KHTML, like Gecko) Version/4.0 UCBrowser/11.0.5.850 U3/0.8.0 Mobile Safari/534.30" "lusciousgracious.com"
20.196.152.157 - - [14/Oct/2022:20:54:41 -0700] "GET /vendor/phpunit/phpunit/src/Util/PHP/eval-stdin.php HTTP/1.1" 404 88 "-" "python-requests/2.28.1" "lusciousgracious.com"
61.135.159.147 - - [14/Oct/2022:21:00:10 -0700] "GET / HTTP/1.1" 200 270 "-" "Sogou web spider/4.0(+http://www.sogou.com/docs/help/webmasters.htm#07)" "lusciousgracious.com"
192.34.84.8 - - [14/Oct/2022:21:01:20 -0700] "GET /blog/rss HTTP/1.1" 404 73 "-" "Ravelry.com RSS Reader/0.3 2008-10-22" "lusciousgracious.com"
157.55.39.180 - - [14/Oct/2022:21:14:47 -0700] "GET /pages/nightvision.htm HTTP/1.1" 404 88 "-" "Mozilla/5.0 AppleWebKit/537.36 (KHTML, like Gecko; compatible; bingbot/2.0; +http://www.bing.com/bingbot.htm) Chrome/103.0.5060.134 Safari/537.36" "www.lusciousgracious.com"
5.102.173.71 - - [14/Oct/2022:21:22:27 -0700] "GET /robots.txt HTTP/1.1" 404 88 "-" "Mozilla/5.0 (compatible; MojeekBot/0.11; +https://www.mojeek.com/bot.html)" "www.lusciousgracious.com"
5.102.173.71 - - [14/Oct/2022:21:22:28 -0700] "GET /stitched/episode1/Kate.htm HTTP/1.1" 404 88 "-" "Mozilla/5.0 (compatible; MojeekBot/0.11; +https://www.mojeek.com/bot.html)" "www.lusciousgracious.com"
104.41.4.32 - - [14/Oct/2022:21:22:34 -0700] "POST / HTTP/1.1" 404 88 "-" "Mozilla/5.0 (X11; Linux x86_64) AppleWebKit/537.36 (KHTML, like Gecko) Chrome/81.0.4044.129 Safari/537.36" "lusciousgracious.com"
198.235.24.19 - - [14/Oct/2022:21:40:23 -0700] "GET / HTTP/1.1" 200 398 "-" "Expanse, a Palo Alto Networks company, searches across the global IPv4 space multiple times per day to identify customers&#39; presences on the Internet. If you would like to be excluded from our scans, please send IP addresses/domains to: scaninfo@paloaltonetworks.com" "lusciousgracious.com"
54.236.1.11 - - [14/Oct/2022:21:41:35 -0700] "GET /robots.txt HTTP/1.1" 404 88 "-" "Mozilla/5.0 (compatible; Pinterestbot/1.0; +http://www.pinterest.com/bot.html)" "lusciousgracious.com"
54.236.1.11 - - [14/Oct/2022:21:41:35 -0700] "GET /robots.txt HTTP/1.1" 404 88 "-" "Mozilla/5.0 (compatible; Pinterestbot/1.0; +http://www.pinterest.com/bot.html)" "lusciousgracious.com"
54.236.1.11 - - [14/Oct/2022:21:41:35 -0700] "GET / HTTP/1.1" 200 270 "-" "Mozilla/5.0 (compatible; Pinterestbot/1.0; +http://www.pinterest.com/bot.html)" "lusciousgracious.com"
89.185.85.245 - - [14/Oct/2022:21:42:14 -0700] "GET / HTTP/1.1" 200 398 "https://javxxx18.com/" "Mozilla/4.0 (compatible; MSIE 6.0; Windows NT 5.1; SV1; MRA 4.6 (build 01425); MRSPUTNIK 1, 5, 0, 19 SW)" "lusciousgracious.com"
89.185.85.245 - - [14/Oct/2022:21:42:14 -0700] "GET / HTTP/1.1" 200 398 "https://javxxx18.com/" "Mozilla/4.0 (compatible; MSIE 6.0; Windows NT 5.1; SV1; MRA 4.6 (build 01425); MRSPUTNIK 1, 5, 0, 19 SW)" "lusciousgracious.com"
89.185.85.245 - - [14/Oct/2022:21:42:15 -0700] "GET / HTTP/1.1" 200 398 "https://javxxx18.com/" "Mozilla/4.0 (compatible; MSIE 6.0; Windows NT 5.1; SV1; MRA 4.6 (build 01425); MRSPUTNIK 1, 5, 0, 19 SW)" "lusciousgracious.com"
185.196.220.26 - - [14/Oct/2022:21:44:18 -0700] "GET /blog/readme.html HTTP/1.1" 404 88 "https://www.google.com/" "Mozilla/5.0 (Macintosh; Intel Mac OS X 12.6; rv:105.0) Gecko/20100101 Firefox/105.0" "lusciousgracious.com"
5.188.210.43 - - [14/Oct/2022:21:48:12 -0700] "GET /blog/ HTTP/1.1" 404 73 "http://lusciousgracious.com/blog/" "Mozilla/5.0 (Windows NT 10.0) AppleWebKit/537.36 (KHTML, like Gecko) Chrome/90.0.4430.85 Safari/537.36" "lusciousgracious.com"
5.188.210.43 - - [14/Oct/2022:21:48:12 -0700] "GET / HTTP/1.1" 200 398 "http://lusciousgracious.com/" "Mozilla/5.0 (Windows NT 10.0) AppleWebKit/537.36 (KHTML, like Gecko) Chrome/90.0.4430.85 Safari/537.36" "lusciousgracious.com"
35.89.215.36 - - [14/Oct/2022:21:51:02 -0700] "GET /stitched/index.htm HTTP/1.1" 404 88 "-" "Mozilla/5.0 (X11; Linux x86_64) AppleWebKit/537.36 (KHTML, like Gecko) Chrome/83.0.4103.97 Safari/537.36" "www.lusciousgracious.com"
192.34.84.8 - - [14/Oct/2022:22:01:11 -0700] "GET /blog/atom.xml HTTP/1.1" 404 73 "-" "Ravelry.com RSS Reader/0.3 2008-10-22" "lusciousgracious.com"
51.222.253.18 - - [14/Oct/2022:22:16:07 -0700] "GET / HTTP/1.1" 200 270 "-" "Mozilla/5.0 (compatible; AhrefsBot/7.0; +http://ahrefs.com/robot/)" "lusciousgracious.com"
77.75.79.31 - - [14/Oct/2022:22:18:15 -0700] "GET /robots.txt HTTP/1.1" 404 88 "-" "Mozilla/5.0 (compatible; SeznamBot/4.0-RC1; +http://napoveda.seznam.cz/seznambot-intro/)" "lusciousgracious.com"
77.75.79.31 - - [14/Oct/2022:22:18:15 -0700] "GET /strap.htm HTTP/1.1" 404 88 "-" "Mozilla/5.0 (compatible; SeznamBot/4.0-RC1; +http://napoveda.seznam.cz/seznambot-intro/)" "lusciousgracious.com"
93.159.230.89 - - [14/Oct/2022:22:24:42 -0700] "GET / HTTP/1.1" 200 270 "-" "Mozilla/5.0 (Windows NT 10.0; Win64; x64) AppleWebKit/537.36 (KHTML, like Gecko) Chrome/71.0.3578.98 Safari/537.36" "lusciousgracious.com"
5.188.210.47 - - [14/Oct/2022:22:39:03 -0700] "GET /blog/index.html HTTP/1.1" 404 73 "http://www.lusciousgracious.com/blog/index.html" "Mozilla/5.0 (Windows NT 6.1; Win64; x64) AppleWebKit/537.36 (KHTML, like Gecko) Chrome/90.0.4430.72 Safari/537.36" "www.lusciousgracious.com"
5.188.210.47 - - [14/Oct/2022:22:39:03 -0700] "GET /index.html HTTP/1.1" 404 73 "http://www.lusciousgracious.com/index.html" "Mozilla/5.0 (Windows NT 6.1; Win64; x64) AppleWebKit/537.36 (KHTML, like Gecko) Chrome/90.0.4430.72 Safari/537.36" "www.lusciousgracious.com"
18.236.143.72 - - [14/Oct/2022:22:47:31 -0700] "GET / HTTP/1.1" 200 270 "-" "Mozilla/5.0 (X11; Linux x86_64) AppleWebKit/537.36 (KHTML, like Gecko) Chrome/83.0.4103.97 Safari/537.36" "lusciousgracious.com"
34.219.228.137 - - [14/Oct/2022:22:48:00 -0700] "GET /favicon.ico HTTP/1.1" 404 88 "-" "Mozilla/5.0 (X11; Linux x86_64) AppleWebKit/537.36 (KHTML, like Gecko) Chrome/83.0.4103.97 Safari/537.36" "lusciousgracious.com"
34.219.228.137 - - [14/Oct/2022:22:48:01 -0700] "GET / HTTP/1.1" 200 270 "-" "Mozilla/5.0 (X11; Linux x86_64) AppleWebKit/537.36 (KHTML, like Gecko) Chrome/83.0.4103.97 Safari/537.36" "lusciousgracious.com"
51.11.178.147 - - [14/Oct/2022:23:02:36 -0700] "GET /stitched/index.htm HTTP/1.1" 404 73 "-" "Mozilla/5.0 (Windows NT 10.0; Win64; x64) AppleWebKit/537.36 (KHTML, like Gecko) Chrome/78.0.3904.108 Safari/537.36" "www.lusciousgracious.com"
51.11.178.147 - - [14/Oct/2022:23:02:40 -0700] "GET /stitched/index.htm/wp/wp-includes/wlwmanifest.xml HTTP/1.1" 404 73 "-" "Mozilla/5.0 (Windows NT 10.0; Win64; x64) AppleWebKit/537.36 (KHTML, like Gecko) Chrome/78.0.3904.108 Safari/537.36" "www.lusciousgracious.com"
51.11.178.147 - - [14/Oct/2022:23:02:42 -0700] "GET /stitched/index.htm/shop/wp-includes/wlwmanifest.xml HTTP/1.1" 404 73 "-" "Mozilla/5.0 (Windows NT 10.0; Win64; x64) AppleWebKit/537.36 (KHTML, like Gecko) Chrome/78.0.3904.108 Safari/537.36" "www.lusciousgracious.com"
51.11.178.147 - - [14/Oct/2022:23:02:44 -0700] "GET /stitched/index.htm/cms/wp-includes/wlwmanifest.xml HTTP/1.1" 404 73 "-" "Mozilla/5.0 (Windows NT 10.0; Win64; x64) AppleWebKit/537.36 (KHTML, like Gecko) Chrome/78.0.3904.108 Safari/537.36" "www.lusciousgracious.com"
51.11.178.147 - - [14/Oct/2022:23:02:44 -0700] "GET /stitched/index.htm/sito/wp-includes/wlwmanifest.xml HTTP/1.1" 404 73 "-" "Mozilla/5.0 (Windows NT 10.0; Win64; x64) AppleWebKit/537.36 (KHTML, like Gecko) Chrome/78.0.3904.108 Safari/537.36" "www.lusciousgracious.com"
51.11.178.147 - - [14/Oct/2022:23:04:44 -0700] "GET / HTTP/1.1" 200 398 "-" "Mozilla/5.0 (Windows NT 10.0; Win64; x64) AppleWebKit/537.36 (KHTML, like Gecko) Chrome/78.0.3904.108 Safari/537.36" "lusciousgracious.com"
51.11.178.147 - - [14/Oct/2022:23:04:47 -0700] "GET /wordpress/wp-includes/wlwmanifest.xml HTTP/1.1" 404 73 "-" "Mozilla/5.0 (Windows NT 10.0; Win64; x64) AppleWebKit/537.36 (KHTML, like Gecko) Chrome/78.0.3904.108 Safari/537.36" "lusciousgracious.com"
51.11.178.147 - - [14/Oct/2022:23:04:47 -0700] "GET /website/wp-includes/wlwmanifest.xml HTTP/1.1" 404 73 "-" "Mozilla/5.0 (Windows NT 10.0; Win64; x64) AppleWebKit/537.36 (KHTML, like Gecko) Chrome/78.0.3904.108 Safari/537.36" "lusciousgracious.com"
51.11.178.147 - - [14/Oct/2022:23:04:48 -0700] "GET /wp/wp-includes/wlwmanifest.xml HTTP/1.1" 404 73 "-" "Mozilla/5.0 (Windows NT 10.0; Win64; x64) AppleWebKit/537.36 (KHTML, like Gecko) Chrome/78.0.3904.108 Safari/537.36" "lusciousgracious.com"
51.11.178.147 - - [14/Oct/2022:23:04:49 -0700] "GET /news/wp-includes/wlwmanifest.xml HTTP/1.1" 404 73 "-" "Mozilla/5.0 (Windows NT 10.0; Win64; x64) AppleWebKit/537.36 (KHTML, like Gecko) Chrome/78.0.3904.108 Safari/537.36" "lusciousgracious.com"
114.119.152.160 - - [14/Oct/2022:23:06:20 -0700] "GET /blog/uploaded_images/DSCN3808-737967.jpg HTTP/1.1" 404 88 "http://lusciousgracious.com/blog/2005/08/look-what-we-made-this-week.html" "Mozilla/5.0 (Linux; Android 7.0;) AppleWebKit/537.36 (KHTML, like Gecko) Mobile Safari/537.36 (compatible; PetalBot;+https://webmaster.petalsearch.com/site/petalbot)" "lusciousgracious.com"
5.188.210.38 - - [14/Oct/2022:23:25:00 -0700] "GET /blog/index.html HTTP/1.1" 404 73 "http://www.lusciousgracious.com/blog/index.html" "Mozilla/5.0 (Windows NT 10.0) AppleWebKit/537.36 (KHTML, like Gecko) Chrome/90.0.4430.72 Safari/537.36" "www.lusciousgracious.com"
5.188.210.38 - - [14/Oct/2022:23:25:03 -0700] "GET /index.html HTTP/1.1" 404 73 "http://www.lusciousgracious.com/index.html" "Mozilla/5.0 (Windows NT 10.0) AppleWebKit/537.36 (KHTML, like Gecko) Chrome/90.0.4430.72 Safari/537.36" "www.lusciousgracious.com"
93.159.230.83 - - [14/Oct/2022:23:25:11 -0700] "GET / HTTP/1.1" 200 270 "-" "Mozilla/5.0 (Windows NT 10.0; Win64; x64) AppleWebKit/537.36 (KHTML, like Gecko) Chrome/71.0.3578.98 Safari/537.36" "lusciousgracious.com"
77.88.5.211 - - [14/Oct/2022:23:34:34 -0700] "GET /robots.txt HTTP/1.1" 404 73 "-" "Mozilla/5.0 (compatible; YandexBot/3.0; +http://yandex.com/bots)" "www.lusciousgracious.com"
77.88.5.211 - - [14/Oct/2022:23:34:38 -0700] "GET /pages/morepages/rosesky4.htm HTTP/1.1" 404 88 "-" "Mozilla/5.0 (compatible; YandexBot/3.0; +http://yandex.com/bots)" "www.lusciousgracious.com"
5.188.210.47 - - [14/Oct/2022:23:35:13 -0700] "GET /blog/ HTTP/1.1" 404 73 "http://lusciousgracious.com/blog/" "Mozilla/5.0 (Windows NT 6.1) AppleWebKit/537.36 (KHTML, like Gecko) Chrome/90.0.4430.93 Safari/537.36" "lusciousgracious.com"
5.188.210.47 - - [14/Oct/2022:23:35:13 -0700] "GET / HTTP/1.1" 200 398 "http://lusciousgracious.com/" "Mozilla/5.0 (Windows NT 6.1) AppleWebKit/537.36 (KHTML, like Gecko) Chrome/90.0.4430.93 Safari/537.36" "lusciousgracious.com"
51.11.178.147 - - [14/Oct/2022:23:35:25 -0700] "GET /stitched/index.htm HTTP/1.1" 404 73 "-" "Mozilla/5.0 (Windows NT 10.0; Win64; x64) AppleWebKit/537.36 (KHTML, like Gecko) Chrome/78.0.3904.108 Safari/537.36" "www.lusciousgracious.com"
51.11.178.147 - - [14/Oct/2022:23:35:27 -0700] "GET /stitched/index.htm/wordpress/wp-includes/wlwmanifest.xml HTTP/1.1" 404 73 "-" "Mozilla/5.0 (Windows NT 10.0; Win64; x64) AppleWebKit/537.36 (KHTML, like Gecko) Chrome/78.0.3904.108 Safari/537.36" "www.lusciousgracious.com"
51.11.178.147 - - [14/Oct/2022:23:35:31 -0700] "GET /stitched/index.htm/site/wp-includes/wlwmanifest.xml HTTP/1.1" 404 73 "-" "Mozilla/5.0 (Windows NT 10.0; Win64; x64) AppleWebKit/537.36 (KHTML, like Gecko) Chrome/78.0.3904.108 Safari/537.36" "www.lusciousgracious.com"
66.249.68.56 - - [14/Oct/2022:23:36:10 -0700] "GET /robots.txt HTTP/1.1" 404 88 "-" "Mozilla/5.0 (compatible; Googlebot/2.1; +http://www.google.com/bot.html)" "lusciousgracious.com"
66.249.68.54 - - [14/Oct/2022:23:36:11 -0700] "GET /blog/uploaded_images/20061028/5.jpg HTTP/1.1" 404 88 "-" "Googlebot-Image/1.0" "lusciousgracious.com"
51.11.178.147 - - [14/Oct/2022:23:37:29 -0700] "GET /xmlrpc.php?rsd HTTP/1.1" 500 5659 "-" "Mozilla/5.0 (Windows NT 10.0; Win64; x64) AppleWebKit/537.36 (KHTML, like Gecko) Chrome/78.0.3904.108 Safari/537.36" "lusciousgracious.com"
51.11.178.147 - - [14/Oct/2022:23:37:30 -0700] "GET / HTTP/1.1" 200 398 "-" "Mozilla/5.0 (Windows NT 10.0; Win64; x64) AppleWebKit/537.36 (KHTML, like Gecko) Chrome/78.0.3904.108 Safari/537.36" "lusciousgracious.com"
51.11.178.147 - - [14/Oct/2022:23:37:32 -0700] "GET /website/wp-includes/wlwmanifest.xml HTTP/1.1" 404 73 "-" "Mozilla/5.0 (Windows NT 10.0; Win64; x64) AppleWebKit/537.36 (KHTML, like Gecko) Chrome/78.0.3904.108 Safari/537.36" "lusciousgracious.com"
51.11.178.147 - - [14/Oct/2022:23:37:34 -0700] "GET /2019/wp-includes/wlwmanifest.xml HTTP/1.1" 404 73 "-" "Mozilla/5.0 (Windows NT 10.0; Win64; x64) AppleWebKit/537.36 (KHTML, like Gecko) Chrome/78.0.3904.108 Safari/537.36" "lusciousgracious.com"
51.11.178.147 - - [14/Oct/2022:23:37:35 -0700] "GET /shop/wp-includes/wlwmanifest.xml HTTP/1.1" 404 73 "-" "Mozilla/5.0 (Windows NT 10.0; Win64; x64) AppleWebKit/537.36 (KHTML, like Gecko) Chrome/78.0.3904.108 Safari/537.36" "lusciousgracious.com"
51.11.178.147 - - [14/Oct/2022:23:37:37 -0700] "GET /wp2/wp-includes/wlwmanifest.xml HTTP/1.1" 404 73 "-" "Mozilla/5.0 (Windows NT 10.0; Win64; x64) AppleWebKit/537.36 (KHTML, like Gecko) Chrome/78.0.3904.108 Safari/537.36" "lusciousgracious.com"
51.11.178.147 - - [14/Oct/2022:23:37:37 -0700] "GET /site/wp-includes/wlwmanifest.xml HTTP/1.1" 404 73 "-" "Mozilla/5.0 (Windows NT 10.0; Win64; x64) AppleWebKit/537.36 (KHTML, like Gecko) Chrome/78.0.3904.108 Safari/537.36" "lusciousgracious.com"
66.249.68.54 - - [14/Oct/2022:23:52:20 -0700] "GET /blog/2005/05/favorites.html HTTP/1.1" 404 88 "-" "Mozilla/5.0 (compatible; Googlebot/2.1; +http://www.google.com/bot.html)" "lusciousgracious.com"
192.34.84.8 - - [14/Oct/2022:23:59:59 -0700] "GET /blog/rss HTTP/1.1" 404 73 "-" "Ravelry.com RSS Reader/0.3 2008-10-22" "lusciousgracious.com"
20.196.152.157 - - [15/Oct/2022:00:11:04 -0700] "POST / HTTP/1.1" 404 88 "-" "Mozilla/5.0 (Linux; U; Android 4.4.2; en-US; HM NOTE 1W Build/KOT49H) AppleWebKit/534.30 (KHTML, like Gecko) Version/4.0 UCBrowser/11.0.5.850 U3/0.8.0 Mobile Safari/534.30" "lusciousgracious.com"
20.196.152.157 - - [15/Oct/2022:00:11:05 -0700] "POST / HTTP/1.1" 404 88 "-" "Mozilla/5.0 (Linux; U; Android 4.4.2; en-US; HM NOTE 1W Build/KOT49H) AppleWebKit/534.30 (KHTML, like Gecko) Version/4.0 UCBrowser/11.0.5.850 U3/0.8.0 Mobile Safari/534.30" "lusciousgracious.com"
20.196.152.157 - - [15/Oct/2022:00:11:08 -0700] "GET /vendor/phpunit/phpunit/src/Util/PHP/eval-stdin.php HTTP/1.1" 404 88 "-" "python-requests/2.28.1" "lusciousgracious.com"
93.159.230.83 - - [15/Oct/2022:00:25:08 -0700] "GET / HTTP/1.1" 200 270 "-" "Mozilla/5.0 (Windows NT 10.0; Win64; x64) AppleWebKit/537.36 (KHTML, like Gecko) Chrome/71.0.3578.98 Safari/537.36" "lusciousgracious.com"
54.236.1.13 - - [15/Oct/2022:00:25:30 -0700] "GET /robots.txt HTTP/1.1" 404 88 "-" "Mozilla/5.0 (compatible; Pinterestbot/1.0; +http://www.pinterest.com/bot.html)" "lusciousgracious.com"
54.236.1.11 - - [15/Oct/2022:00:25:30 -0700] "GET /robots.txt HTTP/1.1" 404 88 "-" "Mozilla/5.0 (compatible; Pinterestbot/1.0; +http://www.pinterest.com/bot.html)" "lusciousgracious.com"
54.236.1.11 - - [15/Oct/2022:00:25:30 -0700] "GET /blog/uploaded_images/sweater-777980.jpg HTTP/1.1" 404 88 "-" "Mozilla/5.0 (compatible; Pinterestbot/1.0; +http://www.pinterest.com/bot.html)" "lusciousgracious.com"
70.39.246.37 - - [15/Oct/2022:00:43:30 -0700] "GET /blog/atom.xml HTTP/1.1" 404 88 "-" "Mozilla/5.0 Moreover/5.1 (+http://www.moreover.com)" "lusciousgracious.com"
66.249.79.151 - - [15/Oct/2022:00:43:50 -0700] "GET /robots.txt HTTP/1.1" 404 88 "-" "Mozilla/5.0 (compatible; Googlebot/2.1; +http://www.google.com/bot.html)" "www.lusciousgracious.com"
66.249.79.153 - - [15/Oct/2022:00:43:50 -0700] "GET /images/Legs.jpg HTTP/1.1" 404 88 "-" "Googlebot-Image/1.0" "www.lusciousgracious.com"
49.7.20.68 - - [15/Oct/2022:00:51:34 -0700] "GET / HTTP/1.1" 200 270 "-" "Sogou web spider/4.0(+http://www.sogou.com/docs/help/webmasters.htm#07)" "www.lusciousgracious.com"
51.81.32.179 - - [15/Oct/2022:00:51:49 -0700] "GET / HTTP/1.1" 200 270 "-" "Mozilla/5.0 (Windows NT 6.1; WOW64) AppleWebKit/537.36 (KHTML, like Gecko) Chrome/41.0.2227.0 Safari/537.36" "www.lusciousgracious.com"
