61.135.159.147 - - [16/Oct/2022:01:08:16 -0700] "GET / HTTP/1.1" 200 270 "-" "Sogou web spider/4.0(+http://www.sogou.com/docs/help/webmasters.htm#07)" "lusciousgracious.com"
192.34.84.8 - - [16/Oct/2022:01:16:20 -0700] "GET /blog/atom.xml HTTP/1.1" 404 73 "-" "Ravelry.com RSS Reader/0.3 2008-10-22" "lusciousgracious.com"
54.236.1.11 - - [16/Oct/2022:01:48:02 -0700] "GET /robots.txt HTTP/1.1" 404 88 "-" "Mozilla/5.0 (compatible; Pinterestbot/1.0; +http://www.pinterest.com/bot.html)" "lusciousgracious.com"
54.236.1.13 - - [16/Oct/2022:01:48:02 -0700] "GET /robots.txt HTTP/1.1" 404 88 "-" "Mozilla/5.0 (compatible; Pinterestbot/1.0; +http://www.pinterest.com/bot.html)" "www.lusciousgracious.com"
54.236.1.13 - - [16/Oct/2022:01:48:02 -0700] "GET /stitched/episode1/checker.htm HTTP/1.1" 404 88 "-" "Mozilla/5.0 (compatible; Pinterestbot/1.0; +http://www.pinterest.com/bot.html)" "www.lusciousgracious.com"
77.88.5.10 - - [16/Oct/2022:01:55:37 -0700] "GET /robots.txt HTTP/1.1" 404 73 "-" "Mozilla/5.0 (compatible; YandexBot/3.0; +http://yandex.com/bots)" "www.lusciousgracious.com"
93.158.161.48 - - [16/Oct/2022:01:55:41 -0700] "GET /stitched/episode2/episode2dtl.htm HTTP/1.1" 404 88 "-" "Mozilla/5.0 (compatible; YandexBot/3.0; +http://yandex.com/bots)" "www.lusciousgracious.com"
114.119.143.123 - - [16/Oct/2022:02:26:52 -0700] "GET /?C=N%3BO%3DD HTTP/1.1" 200 270 "http://www.lusciousgracious.com?C=S%3BO%3DA" "Mozilla/5.0 (Linux; Android 7.0;) AppleWebKit/537.36 (KHTML, like Gecko) Mobile Safari/537.36 (compatible; PetalBot;+https://webmaster.petalsearch.com/site/petalbot)" "www.lusciousgracious.com"
114.119.152.167 - - [16/Oct/2022:02:44:01 -0700] "GET /blog/uploaded_images/20061112/3.jpg HTTP/1.1" 404 88 "http://lusciousgracious.com/blog/2006/11/more-birthday-gifts-few-gifts-for.html" "Mozilla/5.0 (Linux; Android 7.0;) AppleWebKit/537.36 (KHTML, like Gecko) Mobile Safari/537.36 (compatible; PetalBot;+https://webmaster.petalsearch.com/site/petalbot)" "lusciousgracious.com"
77.88.5.228 - - [16/Oct/2022:02:50:20 -0700] "GET /cardsale/pages/15.htm HTTP/1.1" 404 88 "-" "Mozilla/5.0 (compatible; YandexBot/3.0; +http://yandex.com/bots)" "www.lusciousgracious.com"
114.119.152.155 - - [16/Oct/2022:02:51:04 -0700] "GET /blog/uploaded_images/20070423/2.jpg HTTP/1.1" 404 88 "http://lusciousgracious.com/blog/2007/04/dragons-sweaters-dragon-sweater.html" "Mozilla/5.0 (Linux; Android 7.0;) AppleWebKit/537.36 (KHTML, like Gecko) Mobile Safari/537.36 (compatible; PetalBot;+https://webmaster.petalsearch.com/site/petalbot)" "lusciousgracious.com"
54.236.1.13 - - [16/Oct/2022:02:55:20 -0700] "GET /robots.txt HTTP/1.1" 404 88 "-" "Mozilla/5.0 (compatible; Pinterestbot/1.0; +http://www.pinterest.com/bot.html)" "lusciousgracious.com"
54.236.1.13 - - [16/Oct/2022:02:55:20 -0700] "GET /robots.txt HTTP/1.1" 404 88 "-" "Mozilla/5.0 (compatible; Pinterestbot/1.0; +http://www.pinterest.com/bot.html)" "lusciousgracious.com"
54.236.1.13 - - [16/Oct/2022:02:55:20 -0700] "GET /blog/uploaded_images/sweater-777980.jpg HTTP/1.1" 404 88 "-" "Mozilla/5.0 (compatible; Pinterestbot/1.0; +http://www.pinterest.com/bot.html)" "lusciousgracious.com"
54.236.1.11 - - [16/Oct/2022:02:55:27 -0700] "GET / HTTP/1.1" 200 270 "-" "Mozilla/5.0 (compatible; Pinterestbot/1.0; +http://www.pinterest.com/bot.html)" "lusciousgracious.com"
192.34.84.8 - - [16/Oct/2022:02:59:17 -0700] "GET /blog/rss HTTP/1.1" 404 73 "-" "Ravelry.com RSS Reader/0.3 2008-10-22" "lusciousgracious.com"
136.243.228.181 - - [16/Oct/2022:03:13:42 -0700] "GET /robots.txt HTTP/1.1" 404 88 "-" "Mozilla/5.0 (compatible; DataForSeoBot/1.0; +https://dataforseo.com/dataforseo-bot)" "lusciousgracious.com"
136.243.228.181 - - [16/Oct/2022:03:13:43 -0700] "GET /robots.txt HTTP/1.1" 404 88 "-" "Mozilla/5.0 (compatible; DataForSeoBot/1.0; +https://dataforseo.com/dataforseo-bot)" "lusciousgracious.com"
136.243.228.181 - - [16/Oct/2022:03:13:43 -0700] "GET /clickit.htm HTTP/1.1" 304 - "-" "Mozilla/5.0 (compatible; DataForSeoBot/1.0; +https://dataforseo.com/dataforseo-bot)" "lusciousgracious.com"
136.243.228.181 - - [16/Oct/2022:03:13:44 -0700] "GET /sitemap.xml HTTP/1.1" 404 88 "-" "Mozilla/5.0 (compatible; DataForSeoBot/1.0; +https://dataforseo.com/dataforseo-bot)" "lusciousgracious.com"
65.108.110.26 - - [16/Oct/2022:03:14:45 -0700] "GET /robots.txt HTTP/1.1" 404 73 "-" "Mozilla/5.0 (compatible; MJ12bot/v1.4.8; http://mj12bot.com/)" "www.lusciousgracious.com"
65.108.110.26 - - [16/Oct/2022:03:14:47 -0700] "GET /blog/2005/11/free-knitting-pattern-friday.html HTTP/1.1" 404 88 "-" "Mozilla/5.0 (compatible; MJ12bot/v1.4.8; http://mj12bot.com/)" "www.lusciousgracious.com"
114.119.138.48 - - [16/Oct/2022:03:24:57 -0700] "GET /robots.txt HTTP/1.1" 404 88 "-" "Mozilla/5.0 (compatible;PetalBot;+https://webmaster.petalsearch.com/site/petalbot)" "lusciousgracious.com"
114.119.144.15 - - [16/Oct/2022:03:42:06 -0700] "GET / HTTP/1.1" 200 270 "http://yarnover.net/web/help/tips.html" "Mozilla/5.0 (Linux; Android 7.0;) AppleWebKit/537.36 (KHTML, like Gecko) Mobile Safari/537.36 (compatible; PetalBot;+https://webmaster.petalsearch.com/site/petalbot)" "lusciousgracious.com"
20.196.152.157 - - [16/Oct/2022:03:46:26 -0700] "POST / HTTP/1.1" 404 88 "-" "Mozilla/5.0 (Linux; U; Android 4.4.2; en-US; HM NOTE 1W Build/KOT49H) AppleWebKit/534.30 (KHTML, like Gecko) Version/4.0 UCBrowser/11.0.5.850 U3/0.8.0 Mobile Safari/534.30" "lusciousgracious.com"
20.196.152.157 - - [16/Oct/2022:03:46:27 -0700] "POST / HTTP/1.1" 404 88 "-" "Mozilla/5.0 (Linux; U; Android 4.4.2; en-US; HM NOTE 1W Build/KOT49H) AppleWebKit/534.30 (KHTML, like Gecko) Version/4.0 UCBrowser/11.0.5.850 U3/0.8.0 Mobile Safari/534.30" "lusciousgracious.com"
20.196.152.157 - - [16/Oct/2022:03:46:32 -0700] "GET /vendor/phpunit/phpunit/src/Util/PHP/eval-stdin.php HTTP/1.1" 404 88 "-" "python-requests/2.28.1" "lusciousgracious.com"
157.55.39.68 - - [16/Oct/2022:03:48:35 -0700] "GET /blog/2008_01_01_archive.html HTTP/1.1" 404 88 "-" "Mozilla/5.0 AppleWebKit/537.36 (KHTML, like Gecko; compatible; bingbot/2.0; +http://www.bing.com/bingbot.htm) Chrome/103.0.5060.134 Safari/537.36" "www.lusciousgracious.com"
66.249.68.45 - - [16/Oct/2022:03:56:36 -0700] "GET /robots.txt HTTP/1.1" 404 88 "-" "Mozilla/5.0 (compatible; Googlebot/2.1; +http://www.google.com/bot.html)" "lusciousgracious.com"
66.249.68.49 - - [16/Oct/2022:03:57:58 -0700] "GET /ads.txt HTTP/1.1" 404 88 "-" "Mozilla/5.0 (compatible; Googlebot/2.1; +http://www.google.com/bot.html)" "lusciousgracious.com"
66.249.79.149 - - [16/Oct/2022:03:58:17 -0700] "GET /robots.txt HTTP/1.1" 404 88 "-" "Mozilla/5.0 (compatible; Googlebot/2.1; +http://www.google.com/bot.html)" "www.lusciousgracious.com"
65.108.110.26 - - [16/Oct/2022:03:58:57 -0700] "GET /robots.txt HTTP/1.1" 404 73 "-" "Mozilla/5.0 (compatible; MJ12bot/v1.4.8; http://mj12bot.com/)" "www.lusciousgracious.com"
65.108.110.26 - - [16/Oct/2022:03:58:59 -0700] "GET /blog/2005/11/free-knitting-pattern-friday.html HTTP/1.1" 404 88 "-" "Mozilla/5.0 (compatible; MJ12bot/v1.4.8; http://mj12bot.com/)" "www.lusciousgracious.com"
66.249.79.153 - - [16/Oct/2022:04:00:04 -0700] "GET /ads.txt HTTP/1.1" 404 88 "-" "Mozilla/5.0 (compatible; Googlebot/2.1; +http://www.google.com/bot.html)" "www.lusciousgracious.com"
192.34.84.8 - - [16/Oct/2022:04:16:09 -0700] "GET /blog/atom.xml HTTP/1.1" 404 73 "-" "Ravelry.com RSS Reader/0.3 2008-10-22" "lusciousgracious.com"
20.196.152.157 - - [16/Oct/2022:04:24:59 -0700] "POST / HTTP/1.1" 404 88 "-" "Mozilla/5.0 (Linux; U; Android 4.4.2; en-US; HM NOTE 1W Build/KOT49H) AppleWebKit/534.30 (KHTML, like Gecko) Version/4.0 UCBrowser/11.0.5.850 U3/0.8.0 Mobile Safari/534.30" "lusciousgracious.com"
20.196.152.157 - - [16/Oct/2022:04:25:00 -0700] "POST / HTTP/1.1" 404 88 "-" "Mozilla/5.0 (Linux; U; Android 4.4.2; en-US; HM NOTE 1W Build/KOT49H) AppleWebKit/534.30 (KHTML, like Gecko) Version/4.0 UCBrowser/11.0.5.850 U3/0.8.0 Mobile Safari/534.30" "lusciousgracious.com"
20.196.152.157 - - [16/Oct/2022:04:25:07 -0700] "GET /vendor/phpunit/phpunit/src/Util/PHP/eval-stdin.php HTTP/1.1" 404 88 "-" "python-requests/2.28.1" "lusciousgracious.com"
20.196.152.157 - - [16/Oct/2022:04:32:54 -0700] "POST / HTTP/1.1" 404 88 "-" "Mozilla/5.0 (Linux; U; Android 4.4.2; en-US; HM NOTE 1W Build/KOT49H) AppleWebKit/534.30 (KHTML, like Gecko) Version/4.0 UCBrowser/11.0.5.850 U3/0.8.0 Mobile Safari/534.30" "lusciousgracious.com"
20.196.152.157 - - [16/Oct/2022:04:32:55 -0700] "POST / HTTP/1.1" 404 88 "-" "Mozilla/5.0 (Linux; U; Android 4.4.2; en-US; HM NOTE 1W Build/KOT49H) AppleWebKit/534.30 (KHTML, like Gecko) Version/4.0 UCBrowser/11.0.5.850 U3/0.8.0 Mobile Safari/534.30" "lusciousgracious.com"
20.196.152.157 - - [16/Oct/2022:04:33:00 -0700] "GET /vendor/phpunit/phpunit/src/Util/PHP/eval-stdin.php HTTP/1.1" 404 88 "-" "python-requests/2.28.1" "lusciousgracious.com"
66.249.68.54 - - [16/Oct/2022:04:51:59 -0700] "GET /robots.txt HTTP/1.1" 404 88 "-" "Mozilla/5.0 (compatible; Googlebot/2.1; +http://www.google.com/bot.html)" "lusciousgracious.com"
66.249.68.58 - - [16/Oct/2022:04:51:59 -0700] "GET /blog/2006_01_01_archive.html HTTP/1.1" 404 88 "-" "Mozilla/5.0 (Linux; Android 6.0.1; Nexus 5X Build/MMB29P) AppleWebKit/537.36 (KHTML, like Gecko) Chrome/106.0.5249.103 Mobile Safari/537.36 (compatible; Googlebot/2.1; +http://www.google.com/bot.html)" "lusciousgracious.com"
70.39.246.37 - - [16/Oct/2022:04:57:52 -0700] "GET /blog/atom.xml HTTP/1.1" 404 88 "-" "Mozilla/5.0 Moreover/5.1 (+http://www.moreover.com)" "lusciousgracious.com"
5.188.210.84 - - [16/Oct/2022:05:01:41 -0700] "GET /blog/index.html HTTP/1.1" 404 73 "http://www.lusciousgracious.com/blog/index.html" "Mozilla/5.0 (Windows NT 6.3; Win64; x64) AppleWebKit/537.36 (KHTML, like Gecko) Chrome/90.0.4430.85 Safari/537.36 Edg/90.0.818.46" "www.lusciousgracious.com"
5.188.210.84 - - [16/Oct/2022:05:01:41 -0700] "GET /index.html HTTP/1.1" 404 73 "http://www.lusciousgracious.com/index.html" "Mozilla/5.0 (Windows NT 6.3; Win64; x64) AppleWebKit/537.36 (KHTML, like Gecko) Chrome/90.0.4430.85 Safari/537.36 Edg/90.0.818.46" "www.lusciousgracious.com"
20.196.152.157 - - [16/Oct/2022:05:27:19 -0700] "POST / HTTP/1.1" 404 88 "-" "Mozilla/5.0 (Linux; U; Android 4.4.2; en-US; HM NOTE 1W Build/KOT49H) AppleWebKit/534.30 (KHTML, like Gecko) Version/4.0 UCBrowser/11.0.5.850 U3/0.8.0 Mobile Safari/534.30" "lusciousgracious.com"
20.196.152.157 - - [16/Oct/2022:05:27:20 -0700] "POST / HTTP/1.1" 404 88 "-" "Mozilla/5.0 (Linux; U; Android 4.4.2; en-US; HM NOTE 1W Build/KOT49H) AppleWebKit/534.30 (KHTML, like Gecko) Version/4.0 UCBrowser/11.0.5.850 U3/0.8.0 Mobile Safari/534.30" "lusciousgracious.com"
20.196.152.157 - - [16/Oct/2022:05:27:25 -0700] "GET /vendor/phpunit/phpunit/src/Util/PHP/eval-stdin.php HTTP/1.1" 404 88 "-" "python-requests/2.28.1" "lusciousgracious.com"
34.134.251.85 - - [16/Oct/2022:05:40:28 -0700] "GET / HTTP/1.1" 200 270 "-" "Mozilla/5.0 (X11; Linux x86_64) AppleWebKit/537.36 (KHTML, like Gecko) Chrome/57.0.2987.110 Safari/537.36" "lusciousgracious.com"
192.34.84.8 - - [16/Oct/2022:05:44:35 -0700] "GET /blog/rss HTTP/1.1" 404 73 "-" "Ravelry.com RSS Reader/0.3 2008-10-22" "lusciousgracious.com"
20.196.152.157 - - [16/Oct/2022:05:58:20 -0700] "POST / HTTP/1.1" 404 88 "-" "Mozilla/5.0 (Linux; U; Android 4.4.2; en-US; HM NOTE 1W Build/KOT49H) AppleWebKit/534.30 (KHTML, like Gecko) Version/4.0 UCBrowser/11.0.5.850 U3/0.8.0 Mobile Safari/534.30" "lusciousgracious.com"
20.196.152.157 - - [16/Oct/2022:05:58:21 -0700] "POST / HTTP/1.1" 404 88 "-" "Mozilla/5.0 (Linux; U; Android 4.4.2; en-US; HM NOTE 1W Build/KOT49H) AppleWebKit/534.30 (KHTML, like Gecko) Version/4.0 UCBrowser/11.0.5.850 U3/0.8.0 Mobile Safari/534.30" "lusciousgracious.com"
20.196.152.157 - - [16/Oct/2022:05:58:26 -0700] "GET /vendor/phpunit/phpunit/src/Util/PHP/eval-stdin.php HTTP/1.1" 404 88 "-" "python-requests/2.28.1" "lusciousgracious.com"
149.56.26.144 - - [16/Oct/2022:06:00:26 -0700] "HEAD /home.htm HTTP/1.1" 404 - "https://felting.craftgossip.com" "Mozilla/5.0 (Windows NT 10.0; Win64; x64) AppleWebKit/537.36 (KHTML, like Gecko) Chrome/104.0.5112.34 Safari/537.36" "www.lusciousgracious.com"
149.56.26.144 - - [16/Oct/2022:06:00:26 -0700] "GET /home.htm HTTP/1.1" 404 73 "https://felting.craftgossip.com" "Mozilla/5.0 (Windows NT 10.0; Win64; x64) AppleWebKit/537.36 (KHTML, like Gecko) Chrome/104.0.5112.34 Safari/537.36" "www.lusciousgracious.com"
61.135.159.147 - - [16/Oct/2022:06:04:02 -0700] "GET / HTTP/1.1" 200 270 "-" "Sogou web spider/4.0(+http://www.sogou.com/docs/help/webmasters.htm#07)" "lusciousgracious.com"
149.56.26.144 - - [16/Oct/2022:06:07:57 -0700] "HEAD /strap.htm HTTP/1.1" 404 - "https://felting.craftgossip.com" "Mozilla/5.0 (Windows NT 10.0; Win64; x64) AppleWebKit/537.36 (KHTML, like Gecko) Chrome/104.0.5112.34 Safari/537.36" "lusciousgracious.com"
149.56.26.144 - - [16/Oct/2022:06:07:57 -0700] "GET /strap.htm HTTP/1.1" 404 73 "https://felting.craftgossip.com" "Mozilla/5.0 (Windows NT 10.0; Win64; x64) AppleWebKit/537.36 (KHTML, like Gecko) Chrome/104.0.5112.34 Safari/537.36" "lusciousgracious.com"
149.56.26.144 - - [16/Oct/2022:06:10:57 -0700] "HEAD /stitched/episode1/jellyfishin.htm HTTP/1.1" 404 - "https://felting.craftgossip.com" "Mozilla/5.0 (Windows NT 10.0; Win64; x64) AppleWebKit/537.36 (KHTML, like Gecko) Chrome/104.0.5112.34 Safari/537.36" "www.lusciousgracious.com"
149.56.26.144 - - [16/Oct/2022:06:10:57 -0700] "GET /stitched/episode1/jellyfishin.htm HTTP/1.1" 404 73 "https://felting.craftgossip.com" "Mozilla/5.0 (Windows NT 10.0; Win64; x64) AppleWebKit/537.36 (KHTML, like Gecko) Chrome/104.0.5112.34 Safari/537.36" "www.lusciousgracious.com"
66.249.68.54 - - [16/Oct/2022:06:25:35 -0700] "GET /ads.txt HTTP/1.1" 404 88 "-" "Mozilla/5.0 (compatible; Googlebot/2.1; +http://www.google.com/bot.html)" "lusciousgracious.com"
185.83.144.103 - - [16/Oct/2022:06:32:10 -0700] "GET /phpinfo.php.bak HTTP/1.1" 404 88 "-" "Mozilla/5.0 (X11; Linux x86_64) AppleWebKit/537.36 (KHTML, like Gecko) Chrome/81.0.4044.129 Safari/537.36" "lusciousgracious.com"
185.83.144.103 - - [16/Oct/2022:06:32:11 -0700] "GET /phpinfo.php.bak HTTP/1.1" 404 88 "-" "Mozilla/5.0 (X11; Linux x86_64) AppleWebKit/537.36 (KHTML, like Gecko) Chrome/81.0.4044.129 Safari/537.36" "lusciousgracious.com"
3.145.29.251 - - [16/Oct/2022:06:35:55 -0700] "GET /sftp-config.json HTTP/1.1" 404 88 "-" "Mozilla/5.0 (Macintosh; Intel Mac OS X 10.15; rv:77.0) Gecko/20100101 Firefox/77.0" "lusciousgracious.com"
44.228.64.221 - - [16/Oct/2022:06:38:30 -0700] "GET /stitched/episode2/episode2.htm HTTP/1.1" 404 88 "-" "Python/3.8 aiohttp/3.8.3" "lusciousgracious.com"
77.88.5.211 - - [16/Oct/2022:06:50:30 -0700] "GET /robots.txt HTTP/1.1" 404 73 "-" "Mozilla/5.0 (compatible; YandexBot/3.0; +http://yandex.com/bots)" "www.lusciousgracious.com"
77.88.5.211 - - [16/Oct/2022:06:50:34 -0700] "GET /pages/morepages/porose.htm HTTP/1.1" 404 88 "-" "Mozilla/5.0 (compatible; YandexBot/3.0; +http://yandex.com/bots)" "www.lusciousgracious.com"
207.46.13.232 - - [16/Oct/2022:06:52:37 -0700] "GET /robots.txt HTTP/1.1" 404 88 "-" "Mozilla/5.0 AppleWebKit/537.36 (KHTML, like Gecko; compatible; bingbot/2.0; +http://www.bing.com/bingbot.htm) Chrome/103.0.5060.134 Safari/537.36" "www.lusciousgracious.com"
157.55.39.107 - - [16/Oct/2022:06:52:40 -0700] "GET /home.html HTTP/1.1" 404 88 "-" "Mozilla/5.0 AppleWebKit/537.36 (KHTML, like Gecko; compatible; bingbot/2.0; +http://www.bing.com/bingbot.htm) Chrome/103.0.5060.134 Safari/537.36" "www.lusciousgracious.com"
20.196.152.157 - - [16/Oct/2022:07:00:13 -0700] "POST / HTTP/1.1" 404 88 "-" "Mozilla/5.0 (Linux; U; Android 4.4.2; en-US; HM NOTE 1W Build/KOT49H) AppleWebKit/534.30 (KHTML, like Gecko) Version/4.0 UCBrowser/11.0.5.850 U3/0.8.0 Mobile Safari/534.30" "lusciousgracious.com"
20.196.152.157 - - [16/Oct/2022:07:00:14 -0700] "POST / HTTP/1.1" 404 88 "-" "Mozilla/5.0 (Linux; U; Android 4.4.2; en-US; HM NOTE 1W Build/KOT49H) AppleWebKit/534.30 (KHTML, like Gecko) Version/4.0 UCBrowser/11.0.5.850 U3/0.8.0 Mobile Safari/534.30" "lusciousgracious.com"
20.196.152.157 - - [16/Oct/2022:07:00:17 -0700] "GET /vendor/phpunit/phpunit/src/Util/PHP/eval-stdin.php HTTP/1.1" 404 88 "-" "python-requests/2.28.1" "lusciousgracious.com"
89.185.85.245 - - [16/Oct/2022:07:01:17 -0700] "GET / HTTP/1.1" 200 398 "https://javxxx18.com/" "Opera/7.11 (Windows NT 5.1; U) [en]" "lusciousgracious.com"
89.185.85.245 - - [16/Oct/2022:07:01:18 -0700] "GET / HTTP/1.1" 200 398 "https://javxxx18.com/" "Opera/7.11 (Windows NT 5.1; U) [en]" "lusciousgracious.com"
89.185.85.245 - - [16/Oct/2022:07:01:18 -0700] "GET / HTTP/1.1" 200 398 "https://javxxx18.com/" "Opera/7.11 (Windows NT 5.1; U) [en]" "lusciousgracious.com"
49.7.20.65 - - [16/Oct/2022:07:01:27 -0700] "GET / HTTP/1.1" 200 270 "-" "Sogou web spider/4.0(+http://www.sogou.com/docs/help/webmasters.htm#07)" "www.lusciousgracious.com"
167.99.102.248 - - [16/Oct/2022:07:02:29 -0700] "GET / HTTP/1.1" 200 270 "-" "Mozilla/5.0 (Windows; U; Windows NT 5.1; en-US) AppleWebKit/534.10 (KHTML, like Gecko) Chrome/8.0.552.215 Safari/534.10" "lusciousgracious.com"
5.102.173.71 - - [16/Oct/2022:07:04:38 -0700] "GET /robots.txt HTTP/1.1" 404 88 "-" "Mozilla/5.0 (compatible; MojeekBot/0.11; +https://www.mojeek.com/bot.html)" "lusciousgracious.com"
5.102.173.71 - - [16/Oct/2022:07:04:39 -0700] "GET /photo/fresh/DBGNight/ HTTP/1.1" 404 88 "-" "Mozilla/5.0 (compatible; MojeekBot/0.11; +https://www.mojeek.com/bot.html)" "lusciousgracious.com"
192.34.84.8 - - [16/Oct/2022:07:16:13 -0700] "GET /blog/atom.xml HTTP/1.1" 404 73 "-" "Ravelry.com RSS Reader/0.3 2008-10-22" "lusciousgracious.com"
77.88.5.89 - - [16/Oct/2022:07:20:57 -0700] "GET /favicon.ico HTTP/1.1" 404 88 "-" "Mozilla/5.0 (compatible; YandexFavicons/1.0; +http://yandex.com/bots)" "www.lusciousgracious.com"
20.196.152.157 - - [16/Oct/2022:07:26:40 -0700] "POST / HTTP/1.1" 404 88 "-" "Mozilla/5.0 (Linux; U; Android 4.4.2; en-US; HM NOTE 1W Build/KOT49H) AppleWebKit/534.30 (KHTML, like Gecko) Version/4.0 UCBrowser/11.0.5.850 U3/0.8.0 Mobile Safari/534.30" "lusciousgracious.com"
20.196.152.157 - - [16/Oct/2022:07:26:41 -0700] "POST / HTTP/1.1" 404 88 "-" "Mozilla/5.0 (Linux; U; Android 4.4.2; en-US; HM NOTE 1W Build/KOT49H) AppleWebKit/534.30 (KHTML, like Gecko) Version/4.0 UCBrowser/11.0.5.850 U3/0.8.0 Mobile Safari/534.30" "lusciousgracious.com"
20.196.152.157 - - [16/Oct/2022:07:26:48 -0700] "GET /vendor/phpunit/phpunit/src/Util/PHP/eval-stdin.php HTTP/1.1" 404 88 "-" "python-requests/2.28.1" "lusciousgracious.com"
5.188.210.30 - - [16/Oct/2022:07:28:33 -0700] "GET /blog/index.html HTTP/1.1" 404 73 "http://www.lusciousgracious.com/blog/index.html" "Mozilla/5.0 (Windows NT 6.1; ) AppleWebKit/537.36 (KHTML, like Gecko) Chrome/90.0.4430.85 Safari/537.36" "www.lusciousgracious.com"
5.188.210.30 - - [16/Oct/2022:07:28:34 -0700] "GET /index.html HTTP/1.1" 404 73 "http://www.lusciousgracious.com/index.html" "Mozilla/5.0 (Windows NT 6.1; ) AppleWebKit/537.36 (KHTML, like Gecko) Chrome/90.0.4430.85 Safari/537.36" "www.lusciousgracious.com"
66.29.138.73 - - [16/Oct/2022:08:05:08 -0700] "GET /wp-login.php HTTP/1.1" 404 88 "-" "Mozilla/5.0 (Windows NT 10.0; Win64; x64; rv:96.0) Gecko/20100101 Firefox/96" "lusciousgracious.com"
54.236.1.11 - - [16/Oct/2022:08:14:35 -0700] "GET /robots.txt HTTP/1.1" 404 88 "-" "Mozilla/5.0 (compatible; Pinterestbot/1.0; +http://www.pinterest.com/bot.html)" "lusciousgracious.com"
54.236.1.11 - - [16/Oct/2022:08:14:35 -0700] "GET /robots.txt HTTP/1.1" 404 88 "-" "Mozilla/5.0 (compatible; Pinterestbot/1.0; +http://www.pinterest.com/bot.html)" "lusciousgracious.com"
54.236.1.11 - - [16/Oct/2022:08:14:35 -0700] "GET /clickit_files/image016.jpg HTTP/1.1" 404 88 "-" "Mozilla/5.0 (compatible; Pinterestbot/1.0; +http://www.pinterest.com/bot.html)" "lusciousgracious.com"
94.198.43.10 - - [16/Oct/2022:08:14:38 -0700] "POST / HTTP/1.1" 404 88 "-" "Mozilla/5.0 (Linux; U; Android 4.4.2; en-US; HM NOTE 1W Build/KOT49H) AppleWebKit/534.30 (KHTML, like Gecko) Version/4.0 UCBrowser/11.0.5.850 U3/0.8.0 Mobile Safari/534.30" "lusciousgracious.com"
54.236.1.11 - - [16/Oct/2022:08:14:40 -0700] "GET / HTTP/1.1" 200 270 "-" "Mozilla/5.0 (compatible; Pinterestbot/1.0; +http://www.pinterest.com/bot.html)" "lusciousgracious.com"
94.198.43.10 - - [16/Oct/2022:08:14:43 -0700] "POST / HTTP/1.1" 404 88 "-" "Mozilla/5.0 (Linux; U; Android 4.4.2; en-US; HM NOTE 1W Build/KOT49H) AppleWebKit/534.30 (KHTML, like Gecko) Version/4.0 UCBrowser/11.0.5.850 U3/0.8.0 Mobile Safari/534.30" "lusciousgracious.com"
94.198.43.10 - - [16/Oct/2022:08:14:46 -0700] "GET /vendor/phpunit/phpunit/src/Util/PHP/eval-stdin.php HTTP/1.1" 404 88 "-" "python-requests/2.27.1" "lusciousgracious.com"
77.88.5.132 - - [16/Oct/2022:08:18:27 -0700] "GET /robots.txt HTTP/1.1" 404 73 "-" "Mozilla/5.0 (compatible; YandexBot/3.0; +http://yandex.com/bots)" "www.lusciousgracious.com"
77.88.5.238 - - [16/Oct/2022:08:18:32 -0700] "GET /words.htm HTTP/1.1" 404 88 "-" "Mozilla/5.0 (compatible; YandexBot/3.0; +http://yandex.com/bots)" "www.lusciousgracious.com"
54.236.1.11 - - [16/Oct/2022:08:21:21 -0700] "GET /blog/uploaded_images/sweater-777980.jpg HTTP/1.1" 404 88 "-" "Mozilla/5.0 (compatible; Pinterestbot/1.0; +http://www.pinterest.com/bot.html)" "lusciousgracious.com"
192.34.84.8 - - [16/Oct/2022:08:30:11 -0700] "GET /blog/rss HTTP/1.1" 404 73 "-" "Ravelry.com RSS Reader/0.3 2008-10-22" "lusciousgracious.com"
66.249.79.153 - - [16/Oct/2022:08:51:08 -0700] "GET /robots.txt HTTP/1.1" 404 88 "-" "Mozilla/5.0 (compatible; Googlebot/2.1; +http://www.google.com/bot.html)" "www.lusciousgracious.com"
66.249.79.155 - - [16/Oct/2022:08:52:05 -0700] "GET /ads.txt HTTP/1.1" 404 88 "-" "Mozilla/5.0 (compatible; Googlebot/2.1; +http://www.google.com/bot.html)" "www.lusciousgracious.com"
70.39.246.37 - - [16/Oct/2022:08:58:25 -0700] "GET /blog/atom.xml HTTP/1.1" 404 88 "-" "Mozilla/5.0 Moreover/5.1 (+http://www.moreover.com)" "lusciousgracious.com"
5.188.210.42 - - [16/Oct/2022:09:20:26 -0700] "GET /blog/ HTTP/1.1" 404 73 "http://lusciousgracious.com/blog/" "Mozilla/5.0 (Windows NT 6.3; Win64; x64) AppleWebKit/537.36 (KHTML, like Gecko) Chrome/90.0.4430.85 Safari/537.36" "lusciousgracious.com"
5.188.210.42 - - [16/Oct/2022:09:20:30 -0700] "GET / HTTP/1.1" 200 398 "http://lusciousgracious.com/" "Mozilla/5.0 (Windows NT 6.3; Win64; x64) AppleWebKit/537.36 (KHTML, like Gecko) Chrome/90.0.4430.85 Safari/537.36" "lusciousgracious.com"
192.64.113.147 - - [16/Oct/2022:09:23:28 -0700] "GET /stitched/index.htm HTTP/1.1" 404 88 "http://lgstitched.com/wp-login.php" "Mozilla/5.0 (Windows NT 10.0; Win64; x64; rv:96.0) Gecko/20100101 Firefox/96" "www.lusciousgracious.com"
77.88.5.229 - - [16/Oct/2022:09:25:14 -0700] "GET /october.htm HTTP/1.1" 404 88 "-" "Mozilla/5.0 (compatible; YandexBot/3.0; +http://yandex.com/bots)" "www.lusciousgracious.com"
114.119.152.155 - - [16/Oct/2022:09:36:32 -0700] "GET /winchester_files/image007.jpg HTTP/1.1" 404 88 "http://www.lusciousgracious.com/winchester.htm" "Mozilla/5.0 (Linux; Android 7.0;) AppleWebKit/537.36 (KHTML, like Gecko) Mobile Safari/537.36 (compatible; PetalBot;+https://webmaster.petalsearch.com/site/petalbot)" "www.lusciousgracious.com"
35.209.139.157 - - [16/Oct/2022:09:37:02 -0700] "HEAD / HTTP/1.1" 200 - "-" "scalaj-http/2.4.2" "lusciousgracious.com"
35.209.139.157 - - [16/Oct/2022:09:37:02 -0700] "GET / HTTP/1.1" 200 270 "-" "Buck/2.3.2; (+https://app.hypefactors.com/media-monitoring/about.html)" "lusciousgracious.com"
35.209.139.157 - - [16/Oct/2022:09:37:02 -0700] "GET /robots.txt HTTP/1.1" 404 88 "-" "Buck/2.3.2; (+https://app.hypefactors.com/media-monitoring/about.html)" "lusciousgracious.com"
35.209.139.157 - - [16/Oct/2022:09:37:02 -0700] "GET /sitemap.xml HTTP/1.1" 404 88 "-" "Buck/2.3.2; (+https://app.hypefactors.com/media-monitoring/about.html)" "lusciousgracious.com"
83.227.122.66 - - [16/Oct/2022:10:03:15 -0700] "GET /blog/uploaded_images/sweater-777980.jpg HTTP/1.1" 404 88 "https://www.pinterest.se/" "Mozilla/5.0 (Macintosh; Intel Mac OS X 10_15_6) AppleWebKit/605.1.15 (KHTML, like Gecko) Version/15.6.1 Safari/605.1.15" "lusciousgracious.com"
83.227.122.66 - - [16/Oct/2022:10:03:16 -0700] "GET /favicon.ico HTTP/1.1" 404 88 "http://lusciousgracious.com/blog/uploaded_images/sweater-777980.jpg" "Mozilla/5.0 (Macintosh; Intel Mac OS X 10_15_6) AppleWebKit/605.1.15 (KHTML, like Gecko) Version/15.6.1 Safari/605.1.15" "lusciousgracious.com"
173.208.196.229 - - [16/Oct/2022:10:06:38 -0700] "GET / HTTP/1.1" 200 270 "http://www.google.com.hk" "Mozilla/5.0 (Windows NT 6.1; WOW64) AppleWebKit/537.36 (KHTML, like Gecko) Chrome/42.0.2311.90 Safari/537.36" "www.lusciousgracious.com"
192.34.84.8 - - [16/Oct/2022:10:15:47 -0700] "GET /blog/atom.xml HTTP/1.1" 404 73 "-" "Ravelry.com RSS Reader/0.3 2008-10-22" "lusciousgracious.com"
35.239.108.64 - - [16/Oct/2022:10:30:49 -0700] "GET /stitched/index.htm HTTP/1.1" 404 88 "-" "Mozilla/5.0 (X11; Ubuntu; Linux x86_64; rv:55.0) Gecko/20100101 Firefox/55.0" "www.lusciousgracious.com"
35.239.108.64 - - [16/Oct/2022:10:30:49 -0700] "GET /stitched/index.htm HTTP/1.1" 404 88 "http://www.lusciousgracious.com/stitched/index.htm" "Mozilla/5.0 (X11; Linux x86_64) AppleWebKit/537.36 (KHTML, like Gecko) Chrome/57.0.2987.110 Safari/537.36" "www.lusciousgracious.com"
114.119.152.155 - - [16/Oct/2022:11:05:56 -0700] "GET /ontheneedles/lucyotn_files/image006.jpg HTTP/1.1" 404 88 "http://www.lusciousgracious.com/ontheneedles/lucyotn.htm" "Mozilla/5.0 (Linux; Android 7.0;) AppleWebKit/537.36 (KHTML, like Gecko) Mobile Safari/537.36 (compatible; PetalBot;+https://webmaster.petalsearch.com/site/petalbot)" "www.lusciousgracious.com"
192.34.84.8 - - [16/Oct/2022:11:14:59 -0700] "GET /blog/rss HTTP/1.1" 404 73 "-" "Ravelry.com RSS Reader/0.3 2008-10-22" "lusciousgracious.com"
114.119.152.155 - - [16/Oct/2022:11:17:54 -0700] "GET /blog/uploaded_images/20060809/11.jpg HTTP/1.1" 404 88 "http://lusciousgracious.com/blog/2006/08/kids-take-over-3.html" "Mozilla/5.0 (Linux; Android 7.0;) AppleWebKit/537.36 (KHTML, like Gecko) Mobile Safari/537.36 (compatible; PetalBot;+https://webmaster.petalsearch.com/site/petalbot)" "lusciousgracious.com"
44.234.48.35 - - [16/Oct/2022:11:19:31 -0700] "GET / HTTP/1.1" 200 270 "-" "Mozilla/4.0 (compatible; MSIE 6.0; Windows NT 5.1; FSL 7.0.6.01001)" "lusciousgracious.com"
54.236.1.11 - - [16/Oct/2022:12:05:20 -0700] "GET /robots.txt HTTP/1.1" 404 88 "-" "Mozilla/5.0 (compatible; Pinterestbot/1.0; +http://www.pinterest.com/bot.html)" "lusciousgracious.com"
54.236.1.11 - - [16/Oct/2022:12:05:20 -0700] "GET /robots.txt HTTP/1.1" 404 88 "-" "Mozilla/5.0 (compatible; Pinterestbot/1.0; +http://www.pinterest.com/bot.html)" "lusciousgracious.com"
54.236.1.11 - - [16/Oct/2022:12:05:20 -0700] "GET /clickit_files/image016.jpg HTTP/1.1" 404 88 "-" "Mozilla/5.0 (compatible; Pinterestbot/1.0; +http://www.pinterest.com/bot.html)" "lusciousgracious.com"
20.196.152.157 - - [16/Oct/2022:12:17:49 -0700] "POST / HTTP/1.1" 404 88 "-" "Mozilla/5.0 (Linux; U; Android 4.4.2; en-US; HM NOTE 1W Build/KOT49H) AppleWebKit/534.30 (KHTML, like Gecko) Version/4.0 UCBrowser/11.0.5.850 U3/0.8.0 Mobile Safari/534.30" "lusciousgracious.com"
20.196.152.157 - - [16/Oct/2022:12:17:50 -0700] "POST / HTTP/1.1" 404 88 "-" "Mozilla/5.0 (Linux; U; Android 4.4.2; en-US; HM NOTE 1W Build/KOT49H) AppleWebKit/534.30 (KHTML, like Gecko) Version/4.0 UCBrowser/11.0.5.850 U3/0.8.0 Mobile Safari/534.30" "lusciousgracious.com"
20.196.152.157 - - [16/Oct/2022:12:17:54 -0700] "GET /vendor/phpunit/phpunit/src/Util/PHP/eval-stdin.php HTTP/1.1" 404 88 "-" "python-requests/2.28.1" "lusciousgracious.com"
5.188.210.20 - - [16/Oct/2022:12:56:14 -0700] "GET /blog/index.html HTTP/1.1" 404 73 "http://www.lusciousgracious.com/blog/index.html" "Mozilla/5.0 (Windows NT 10.0; Win64; x64) AppleWebKit/537.36 (KHTML, like Gecko) Chrome/90.0.4430.72 Safari/537.36 Edg/90.0.818.39" "www.lusciousgracious.com"
5.188.210.20 - - [16/Oct/2022:12:56:15 -0700] "GET /index.html HTTP/1.1" 404 73 "http://www.lusciousgracious.com/index.html" "Mozilla/5.0 (Windows NT 10.0; Win64; x64) AppleWebKit/537.36 (KHTML, like Gecko) Chrome/90.0.4430.72 Safari/537.36 Edg/90.0.818.39" "www.lusciousgracious.com"
70.39.246.37 - - [16/Oct/2022:13:00:32 -0700] "GET /blog/atom.xml HTTP/1.1" 404 88 "-" "Mozilla/5.0 Moreover/5.1 (+http://www.moreover.com)" "lusciousgracious.com"
114.119.152.195 - - [16/Oct/2022:13:10:09 -0700] "GET /?C=M%3BO%3DA HTTP/1.1" 200 270 "http://www.lusciousgracious.com?C=D%3BO%3DA" "Mozilla/5.0 (Linux; Android 7.0;) AppleWebKit/537.36 (KHTML, like Gecko) Mobile Safari/537.36 (compatible; PetalBot;+https://webmaster.petalsearch.com/site/petalbot)" "www.lusciousgracious.com"
192.34.84.8 - - [16/Oct/2022:13:16:59 -0700] "GET /blog/atom.xml HTTP/1.1" 404 73 "-" "Ravelry.com RSS Reader/0.3 2008-10-22" "lusciousgracious.com"
54.236.1.11 - - [16/Oct/2022:13:24:03 -0700] "GET /robots.txt HTTP/1.1" 404 88 "-" "Mozilla/5.0 (compatible; Pinterestbot/1.0; +http://www.pinterest.com/bot.html)" "lusciousgracious.com"
54.236.1.11 - - [16/Oct/2022:13:24:03 -0700] "GET /robots.txt HTTP/1.1" 404 88 "-" "Mozilla/5.0 (compatible; Pinterestbot/1.0; +http://www.pinterest.com/bot.html)" "lusciousgracious.com"
54.236.1.11 - - [16/Oct/2022:13:24:03 -0700] "GET / HTTP/1.1" 200 270 "-" "Mozilla/5.0 (compatible; Pinterestbot/1.0; +http://www.pinterest.com/bot.html)" "lusciousgracious.com"
20.196.152.157 - - [16/Oct/2022:13:40:35 -0700] "POST / HTTP/1.1" 404 88 "-" "Mozilla/5.0 (Linux; U; Android 4.4.2; en-US; HM NOTE 1W Build/KOT49H) AppleWebKit/534.30 (KHTML, like Gecko) Version/4.0 UCBrowser/11.0.5.850 U3/0.8.0 Mobile Safari/534.30" "lusciousgracious.com"
20.196.152.157 - - [16/Oct/2022:13:40:36 -0700] "POST / HTTP/1.1" 404 88 "-" "Mozilla/5.0 (Linux; U; Android 4.4.2; en-US; HM NOTE 1W Build/KOT49H) AppleWebKit/534.30 (KHTML, like Gecko) Version/4.0 UCBrowser/11.0.5.850 U3/0.8.0 Mobile Safari/534.30" "lusciousgracious.com"
20.196.152.157 - - [16/Oct/2022:13:40:44 -0700] "GET /vendor/phpunit/phpunit/src/Util/PHP/eval-stdin.php HTTP/1.1" 404 88 "-" "python-requests/2.28.1" "lusciousgracious.com"
54.236.1.11 - - [16/Oct/2022:13:40:46 -0700] "GET /blog/uploaded_images/sweater-777980.jpg HTTP/1.1" 404 88 "-" "Mozilla/5.0 (compatible; Pinterestbot/1.0; +http://www.pinterest.com/bot.html)" "lusciousgracious.com"
54.236.1.11 - - [16/Oct/2022:13:40:50 -0700] "GET /blog/uploaded_images/06670031-741832.jpg HTTP/1.1" 404 88 "-" "Mozilla/5.0 (compatible; Pinterestbot/1.0; +http://www.pinterest.com/bot.html)" "lusciousgracious.com"
192.34.84.8 - - [16/Oct/2022:14:14:53 -0700] "GET /blog/rss HTTP/1.1" 404 73 "-" "Ravelry.com RSS Reader/0.3 2008-10-22" "lusciousgracious.com"
114.119.149.66 - - [16/Oct/2022:14:40:11 -0700] "GET /robots.txt HTTP/1.1" 404 88 "-" "Mozilla/5.0 (compatible;PetalBot;+https://webmaster.petalsearch.com/site/petalbot)" "lusciousgracious.com"
193.235.141.168 - - [16/Oct/2022:15:20:00 -0700] "GET / HTTP/1.1" 200 270 "-" "Mozilla/5.0 (Windows NT 10.0; Win64; x64) AppleWebKit/537.36 (KHTML, like Gecko) Chrome/105.0.0.0 Safari/537.36" "lusciousgracious.com"
193.235.141.168 - - [16/Oct/2022:15:20:01 -0700] "GET /favicon.ico HTTP/1.1" 404 88 "-" "Mozilla/5.0 (Windows NT 10.0; Win64; x64) AppleWebKit/537.36 (KHTML, like Gecko) Chrome/105.0.0.0 Safari/537.36" "lusciousgracious.com"
34.140.63.59 - - [16/Oct/2022:15:29:02 -0700] "GET / HTTP/1.1" 200 270 "-" "Mozilla/5.0 (Macintosh; Intel Mac OS X 10.11; rv:52.0) Gecko/20100101 Firefox/52.0" "lusciousgracious.com"
54.36.148.87 - - [16/Oct/2022:15:44:13 -0700] "GET /robots.txt HTTP/1.1" 404 88 "-" "Mozilla/5.0 (compatible; AhrefsBot/7.0; +http://ahrefs.com/robot/)" "www.lusciousgracious.com"
51.222.253.18 - - [16/Oct/2022:15:44:14 -0700] "GET / HTTP/1.1" 200 270 "-" "Mozilla/5.0 (compatible; AhrefsBot/7.0; +http://ahrefs.com/robot/)" "www.lusciousgracious.com"
20.196.152.157 - - [16/Oct/2022:16:01:38 -0700] "POST / HTTP/1.1" 404 88 "-" "Mozilla/5.0 (Linux; U; Android 4.4.2; en-US; HM NOTE 1W Build/KOT49H) AppleWebKit/534.30 (KHTML, like Gecko) Version/4.0 UCBrowser/11.0.5.850 U3/0.8.0 Mobile Safari/534.30" "lusciousgracious.com"
20.196.152.157 - - [16/Oct/2022:16:01:39 -0700] "POST / HTTP/1.1" 404 88 "-" "Mozilla/5.0 (Linux; U; Android 4.4.2; en-US; HM NOTE 1W Build/KOT49H) AppleWebKit/534.30 (KHTML, like Gecko) Version/4.0 UCBrowser/11.0.5.850 U3/0.8.0 Mobile Safari/534.30" "lusciousgracious.com"
20.196.152.157 - - [16/Oct/2022:16:01:43 -0700] "GET /vendor/phpunit/phpunit/src/Util/PHP/eval-stdin.php HTTP/1.1" 404 88 "-" "python-requests/2.28.1" "lusciousgracious.com"
51.222.253.19 - - [16/Oct/2022:16:07:12 -0700] "GET /robots.txt HTTP/1.1" 404 88 "-" "Mozilla/5.0 (compatible; AhrefsBot/7.0; +http://ahrefs.com/robot/)" "lusciousgracious.com"
192.34.84.8 - - [16/Oct/2022:16:16:35 -0700] "GET /blog/atom.xml HTTP/1.1" 404 73 "-" "Ravelry.com RSS Reader/0.3 2008-10-22" "lusciousgracious.com"
54.36.149.93 - - [16/Oct/2022:16:34:34 -0700] "GET /robots.txt HTTP/1.1" 404 88 "-" "Mozilla/5.0 (compatible; AhrefsBot/7.0; +http://ahrefs.com/robot/)" "www.lusciousgracious.com"
51.222.253.11 - - [16/Oct/2022:16:34:36 -0700] "GET / HTTP/1.1" 200 270 "-" "Mozilla/5.0 (compatible; AhrefsBot/7.0; +http://ahrefs.com/robot/)" "www.lusciousgracious.com"
114.119.132.25 - - [16/Oct/2022:16:39:32 -0700] "GET /robots.txt HTTP/1.1" 404 88 "-" "Mozilla/5.0 (compatible;PetalBot;+https://webmaster.petalsearch.com/site/petalbot)" "www.lusciousgracious.com"
20.196.152.157 - - [16/Oct/2022:16:51:15 -0700] "POST / HTTP/1.1" 404 88 "-" "Mozilla/5.0 (Linux; U; Android 4.4.2; en-US; HM NOTE 1W Build/KOT49H) AppleWebKit/534.30 (KHTML, like Gecko) Version/4.0 UCBrowser/11.0.5.850 U3/0.8.0 Mobile Safari/534.30" "lusciousgracious.com"
20.196.152.157 - - [16/Oct/2022:16:51:16 -0700] "POST / HTTP/1.1" 404 88 "-" "Mozilla/5.0 (Linux; U; Android 4.4.2; en-US; HM NOTE 1W Build/KOT49H) AppleWebKit/534.30 (KHTML, like Gecko) Version/4.0 UCBrowser/11.0.5.850 U3/0.8.0 Mobile Safari/534.30" "lusciousgracious.com"
20.196.152.157 - - [16/Oct/2022:16:51:21 -0700] "GET /vendor/phpunit/phpunit/src/Util/PHP/eval-stdin.php HTTP/1.1" 404 88 "-" "python-requests/2.28.1" "lusciousgracious.com"
192.34.84.8 - - [16/Oct/2022:16:59:54 -0700] "GET /blog/rss HTTP/1.1" 404 73 "-" "Ravelry.com RSS Reader/0.3 2008-10-22" "lusciousgracious.com"
74.125.150.57 - - [16/Oct/2022:17:00:52 -0700] "GET /blog/atom.xml HTTP/1.1" 404 88 "-" "FeedBurner/1.0 (http://www.FeedBurner.com)" "lusciousgracious.com"
70.39.246.37 - - [16/Oct/2022:17:03:53 -0700] "GET /blog/atom.xml HTTP/1.1" 404 88 "-" "Mozilla/5.0 Moreover/5.1 (+http://www.moreover.com)" "lusciousgracious.com"
54.236.1.13 - - [16/Oct/2022:17:17:56 -0700] "GET /robots.txt HTTP/1.1" 404 88 "-" "Mozilla/5.0 (compatible; Pinterestbot/1.0; +http://www.pinterest.com/bot.html)" "lusciousgracious.com"
54.236.1.13 - - [16/Oct/2022:17:17:56 -0700] "GET /robots.txt HTTP/1.1" 404 88 "-" "Mozilla/5.0 (compatible; Pinterestbot/1.0; +http://www.pinterest.com/bot.html)" "lusciousgracious.com"
54.236.1.13 - - [16/Oct/2022:17:17:56 -0700] "GET /clickit_files/image016.jpg HTTP/1.1" 404 88 "-" "Mozilla/5.0 (compatible; Pinterestbot/1.0; +http://www.pinterest.com/bot.html)" "lusciousgracious.com"
51.222.253.4 - - [16/Oct/2022:17:24:24 -0700] "GET /robots.txt HTTP/1.1" 404 88 "-" "Mozilla/5.0 (compatible; AhrefsBot/7.0; +http://ahrefs.com/robot/)" "lusciousgracious.com"
51.222.253.12 - - [16/Oct/2022:17:24:26 -0700] "GET / HTTP/1.1" 200 270 "-" "Mozilla/5.0 (compatible; AhrefsBot/7.0; +http://ahrefs.com/robot/)" "lusciousgracious.com"
114.119.152.167 - - [16/Oct/2022:17:25:53 -0700] "GET /?C=N%3BO%3DD HTTP/1.1" 200 270 "https://lusciousgracious.com?C=D%3BO%3DA" "Mozilla/5.0 (Linux; Android 7.0;) AppleWebKit/537.36 (KHTML, like Gecko) Mobile Safari/537.36 (compatible; PetalBot;+https://webmaster.petalsearch.com/site/petalbot)" "lusciousgracious.com"
20.196.152.157 - - [16/Oct/2022:17:54:08 -0700] "POST / HTTP/1.1" 404 88 "-" "Mozilla/5.0 (Linux; U; Android 4.4.2; en-US; HM NOTE 1W Build/KOT49H) AppleWebKit/534.30 (KHTML, like Gecko) Version/4.0 UCBrowser/11.0.5.850 U3/0.8.0 Mobile Safari/534.30" "lusciousgracious.com"
20.196.152.157 - - [16/Oct/2022:17:54:09 -0700] "POST / HTTP/1.1" 404 88 "-" "Mozilla/5.0 (Linux; U; Android 4.4.2; en-US; HM NOTE 1W Build/KOT49H) AppleWebKit/534.30 (KHTML, like Gecko) Version/4.0 UCBrowser/11.0.5.850 U3/0.8.0 Mobile Safari/534.30" "lusciousgracious.com"
20.196.152.157 - - [16/Oct/2022:17:54:13 -0700] "GET /vendor/phpunit/phpunit/src/Util/PHP/eval-stdin.php HTTP/1.1" 404 88 "-" "python-requests/2.28.1" "lusciousgracious.com"
51.222.253.3 - - [16/Oct/2022:18:08:56 -0700] "GET / HTTP/1.1" 200 270 "-" "Mozilla/5.0 (compatible; AhrefsBot/7.0; +http://ahrefs.com/robot/)" "lusciousgracious.com"
5.188.210.20 - - [16/Oct/2022:18:35:27 -0700] "GET /blog/index.html HTTP/1.1" 404 73 "http://www.lusciousgracious.com/blog/index.html" "Mozilla/5.0 (Windows NT 6.3; Win64; x64) AppleWebKit/537.36 (KHTML, like Gecko) Chrome/90.0.4430.72 Safari/537.36 Edg/90.0.818.42" "www.lusciousgracious.com"
5.188.210.20 - - [16/Oct/2022:18:35:31 -0700] "GET /index.html HTTP/1.1" 404 73 "http://www.lusciousgracious.com/index.html" "Mozilla/5.0 (Windows NT 6.3; Win64; x64) AppleWebKit/537.36 (KHTML, like Gecko) Chrome/90.0.4430.72 Safari/537.36 Edg/90.0.818.42" "www.lusciousgracious.com"
5.188.210.25 - - [16/Oct/2022:18:43:09 -0700] "GET /blog/ HTTP/1.1" 404 73 "http://lusciousgracious.com/blog/" "Mozilla/5.0 (Windows NT 6.1; Win64; x64) AppleWebKit/537.36 (KHTML, like Gecko) Chrome/90.0.4430.93 Safari/537.36" "lusciousgracious.com"
5.188.210.25 - - [16/Oct/2022:18:43:10 -0700] "GET / HTTP/1.1" 200 398 "http://lusciousgracious.com/" "Mozilla/5.0 (Windows NT 6.1; Win64; x64) AppleWebKit/537.36 (KHTML, like Gecko) Chrome/90.0.4430.93 Safari/537.36" "lusciousgracious.com"
3.133.126.7 - - [16/Oct/2022:18:44:49 -0700] "GET / HTTP/1.1" 200 270 "-" "Mozilla/5.0 (Macintosh; Intel Mac OS X 10_15_7) AppleWebKit/537.36 (KHTML, like Gecko) Chrome/91.0.4472.114 Safari/537.36" "lusciousgracious.com"
3.133.126.7 - - [16/Oct/2022:18:44:49 -0700] "GET / HTTP/1.1" 200 270 "-" "Mozilla/5.0 (Macintosh; Intel Mac OS X 10_15_7) AppleWebKit/537.36 (KHTML, like Gecko) Chrome/91.0.4472.114 Safari/537.36" "www.lusciousgracious.com"
3.133.126.7 - - [16/Oct/2022:18:44:49 -0700] "GET / HTTP/1.1" 200 270 "-" "Mozilla/5.0 (Macintosh; Intel Mac OS X 10_15_7) AppleWebKit/537.36 (KHTML, like Gecko) Chrome/91.0.4472.114 Safari/537.36" "lusciousgracious.com"
3.133.126.7 - - [16/Oct/2022:18:44:51 -0700] "GET /favicon.ico HTTP/1.1" 404 88 "http://lusciousgracious.com/" "Mozilla/5.0 (Macintosh; Intel Mac OS X 10_15_7) AppleWebKit/537.36 (KHTML, like Gecko) Chrome/91.0.4472.114 Safari/537.36" "lusciousgracious.com"
51.222.253.5 - - [16/Oct/2022:18:51:27 -0700] "GET /?C=N;O=A HTTP/1.1" 200 270 "-" "Mozilla/5.0 (compatible; AhrefsBot/7.0; +http://ahrefs.com/robot/)" "lusciousgracious.com"
136.243.228.181 - - [16/Oct/2022:18:54:04 -0700] "GET / HTTP/1.1" 200 270 "-" "Mozilla/5.0 (compatible; DataForSeoBot/1.0; +https://dataforseo.com/dataforseo-bot)" "lusciousgracious.com"
114.119.128.142 - - [16/Oct/2022:19:13:14 -0700] "GET /robots.txt HTTP/1.1" 404 88 "-" "Mozilla/5.0 (compatible;PetalBot;+https://webmaster.petalsearch.com/site/petalbot)" "www.lusciousgracious.com"
192.34.84.8 - - [16/Oct/2022:19:16:29 -0700] "GET /blog/atom.xml HTTP/1.1" 404 73 "-" "Ravelry.com RSS Reader/0.3 2008-10-22" "lusciousgracious.com"
207.46.13.232 - - [16/Oct/2022:19:25:21 -0700] "GET /robots.txt HTTP/1.1" 404 88 "-" "Mozilla/5.0 AppleWebKit/537.36 (KHTML, like Gecko; compatible; bingbot/2.0; +http://www.bing.com/bingbot.htm) Chrome/103.0.5060.134 Safari/537.36" "lusciousgracious.com"
157.55.39.68 - - [16/Oct/2022:19:25:24 -0700] "GET /blog/2006/10/halloween-birthdays-secret-pals.html HTTP/1.1" 404 88 "-" "Mozilla/5.0 (compatible; bingbot/2.0; +http://www.bing.com/bingbot.htm)" "lusciousgracious.com"
192.34.84.8 - - [16/Oct/2022:19:45:18 -0700] "GET /blog/rss HTTP/1.1" 404 73 "-" "Ravelry.com RSS Reader/0.3 2008-10-22" "lusciousgracious.com"
51.222.253.2 - - [16/Oct/2022:19:53:39 -0700] "GET /?C=D;O=D HTTP/1.1" 200 268 "-" "Mozilla/5.0 (compatible; AhrefsBot/7.0; +http://ahrefs.com/robot/)" "lusciousgracious.com"
5.188.210.25 - - [16/Oct/2022:20:07:36 -0700] "GET /blog/ HTTP/1.1" 404 73 "http://lusciousgracious.com/blog/" "Mozilla/5.0 (Windows NT 10.0; Win64; x64) AppleWebKit/537.36 (KHTML, like Gecko) Chrome/90.0.4430.86 Safari/537.36" "lusciousgracious.com"
5.188.210.25 - - [16/Oct/2022:20:07:37 -0700] "GET / HTTP/1.1" 200 398 "http://lusciousgracious.com/" "Mozilla/5.0 (Windows NT 10.0; Win64; x64) AppleWebKit/537.36 (KHTML, like Gecko) Chrome/90.0.4430.86 Safari/537.36" "lusciousgracious.com"
118.184.177.65 - - [16/Oct/2022:20:12:08 -0700] "GET / HTTP/1.1" 200 270 "-" "Sogou web spider/4.0(+http://www.sogou.com/docs/help/webmasters.htm#07)" "lusciousgracious.com"
54.236.1.11 - - [16/Oct/2022:20:17:48 -0700] "GET /robots.txt HTTP/1.1" 404 88 "-" "Mozilla/5.0 (compatible; Pinterestbot/1.0; +http://www.pinterest.com/bot.html)" "lusciousgracious.com"
54.236.1.11 - - [16/Oct/2022:20:17:48 -0700] "GET /robots.txt HTTP/1.1" 404 88 "-" "Mozilla/5.0 (compatible; Pinterestbot/1.0; +http://www.pinterest.com/bot.html)" "lusciousgracious.com"
54.236.1.11 - - [16/Oct/2022:20:17:49 -0700] "GET / HTTP/1.1" 200 270 "-" "Mozilla/5.0 (compatible; Pinterestbot/1.0; +http://www.pinterest.com/bot.html)" "lusciousgracious.com"
5.188.210.47 - - [16/Oct/2022:20:42:05 -0700] "GET /blog/ HTTP/1.1" 404 73 "http://lusciousgracious.com/blog/" "Mozilla/5.0 (Windows NT 6.1; WOW64) AppleWebKit/537.36 (KHTML, like Gecko) Chrome/90.0.4430.93 Safari/537.36" "lusciousgracious.com"
5.188.210.47 - - [16/Oct/2022:20:42:06 -0700] "GET / HTTP/1.1" 200 398 "http://lusciousgracious.com/" "Mozilla/5.0 (Windows NT 6.1; WOW64) AppleWebKit/537.36 (KHTML, like Gecko) Chrome/90.0.4430.93 Safari/537.36" "lusciousgracious.com"
51.132.231.226 - - [16/Oct/2022:20:53:08 -0700] "GET /stitched/index.htm HTTP/1.1" 404 88 "-" "Mozilla/5.0 (Windows NT 10.0; Win64; x64) AppleWebKit/537.36 (KHTML, like Gecko) Chrome/85.0.4183.102 Safari/537.36" "www.lusciousgracious.com"
51.132.231.226 - - [16/Oct/2022:20:53:12 -0700] "GET /stitched/index.htm HTTP/1.1" 404 88 "-" "Mozilla/5.0 (Windows NT 10.0; Win64; x64) AppleWebKit/537.36 (KHTML, like Gecko) Chrome/85.0.4183.102 Safari/537.36" "www.lusciousgracious.com"
51.132.231.226 - - [16/Oct/2022:20:53:17 -0700] "GET /stitched/index.htm HTTP/1.1" 404 88 "-" "Mozilla/5.0 (Windows NT 10.0; Win64; x64) AppleWebKit/537.36 (KHTML, like Gecko) Chrome/85.0.4183.102 Safari/537.36" "www.lusciousgracious.com"
51.132.231.226 - - [16/Oct/2022:20:53:19 -0700] "GET /stitched/index.htm HTTP/1.1" 404 88 "-" "Mozilla/5.0 (Windows NT 10.0; Win64; x64) AppleWebKit/537.36 (KHTML, like Gecko) Chrome/85.0.4183.102 Safari/537.36" "www.lusciousgracious.com"
51.132.231.226 - - [16/Oct/2022:20:53:24 -0700] "GET /stitched/index.htm HTTP/1.1" 404 88 "-" "Mozilla/5.0 (Windows NT 10.0; Win64; x64) AppleWebKit/537.36 (KHTML, like Gecko) Chrome/85.0.4183.102 Safari/537.36" "www.lusciousgracious.com"
51.132.231.226 - - [16/Oct/2022:20:53:32 -0700] "GET /stitched/index.htm HTTP/1.1" 404 88 "-" "Mozilla/5.0 (Windows NT 10.0; Win64; x64) AppleWebKit/537.36 (KHTML, like Gecko) Chrome/85.0.4183.102 Safari/537.36" "www.lusciousgracious.com"
51.132.231.226 - - [16/Oct/2022:20:53:48 -0700] "GET /stitched/index.htm HTTP/1.1" 404 88 "-" "Mozilla/5.0 (Windows NT 10.0; Win64; x64) AppleWebKit/537.36 (KHTML, like Gecko) Chrome/85.0.4183.102 Safari/537.36" "www.lusciousgracious.com"
51.132.231.226 - - [16/Oct/2022:20:53:49 -0700] "GET /stitched/index.htm HTTP/1.1" 404 88 "-" "Mozilla/5.0 (Windows NT 10.0; Win64; x64) AppleWebKit/537.36 (KHTML, like Gecko) Chrome/85.0.4183.102 Safari/537.36" "www.lusciousgracious.com"
51.132.231.226 - - [16/Oct/2022:20:54:04 -0700] "GET /stitched/index.htm HTTP/1.1" 404 88 "-" "Mozilla/5.0 (Windows NT 10.0; Win64; x64) AppleWebKit/537.36 (KHTML, like Gecko) Chrome/85.0.4183.102 Safari/537.36" "www.lusciousgracious.com"
51.132.231.226 - - [16/Oct/2022:20:54:06 -0700] "GET /stitched/index.htm HTTP/1.1" 404 88 "-" "Mozilla/5.0 (Windows NT 10.0; Win64; x64) AppleWebKit/537.36 (KHTML, like Gecko) Chrome/85.0.4183.102 Safari/537.36" "www.lusciousgracious.com"
51.132.231.226 - - [16/Oct/2022:20:54:13 -0700] "GET /stitched/index.htm HTTP/1.1" 404 88 "-" "Mozilla/5.0 (Windows NT 10.0; Win64; x64) AppleWebKit/537.36 (KHTML, like Gecko) Chrome/85.0.4183.102 Safari/537.36" "www.lusciousgracious.com"
51.132.231.226 - - [16/Oct/2022:20:54:20 -0700] "GET /stitched/index.htm HTTP/1.1" 404 88 "-" "Mozilla/5.0 (Windows NT 10.0; Win64; x64) AppleWebKit/537.36 (KHTML, like Gecko) Chrome/85.0.4183.102 Safari/537.36" "www.lusciousgracious.com"
51.132.231.226 - - [16/Oct/2022:20:54:34 -0700] "GET /stitched/index.htm HTTP/1.1" 404 88 "-" "Mozilla/5.0 (Windows NT 10.0; Win64; x64) AppleWebKit/537.36 (KHTML, like Gecko) Chrome/85.0.4183.102 Safari/537.36" "www.lusciousgracious.com"
51.132.231.226 - - [16/Oct/2022:20:54:47 -0700] "GET /stitched/index.htm HTTP/1.1" 404 88 "-" "Mozilla/5.0 (Windows NT 10.0; Win64; x64) AppleWebKit/537.36 (KHTML, like Gecko) Chrome/85.0.4183.102 Safari/537.36" "www.lusciousgracious.com"
51.132.231.226 - - [16/Oct/2022:20:55:00 -0700] "GET /stitched/index.htm HTTP/1.1" 404 88 "-" "Mozilla/5.0 (Windows NT 10.0; Win64; x64) AppleWebKit/537.36 (KHTML, like Gecko) Chrome/85.0.4183.102 Safari/537.36" "www.lusciousgracious.com"
51.132.231.226 - - [16/Oct/2022:20:55:15 -0700] "GET /stitched/index.htm HTTP/1.1" 404 88 "-" "Mozilla/5.0 (Windows NT 10.0; Win64; x64) AppleWebKit/537.36 (KHTML, like Gecko) Chrome/85.0.4183.102 Safari/537.36" "www.lusciousgracious.com"
51.132.231.226 - - [16/Oct/2022:20:55:22 -0700] "GET /stitched/index.htm HTTP/1.1" 404 88 "-" "Mozilla/5.0 (Windows NT 10.0; Win64; x64) AppleWebKit/537.36 (KHTML, like Gecko) Chrome/85.0.4183.102 Safari/537.36" "www.lusciousgracious.com"
51.132.231.226 - - [16/Oct/2022:20:55:40 -0700] "GET /stitched/index.htm HTTP/1.1" 404 88 "-" "Mozilla/5.0 (Windows NT 10.0; Win64; x64) AppleWebKit/537.36 (KHTML, like Gecko) Chrome/85.0.4183.102 Safari/537.36" "www.lusciousgracious.com"
51.132.231.226 - - [16/Oct/2022:20:55:50 -0700] "GET /stitched/index.htm HTTP/1.1" 404 88 "-" "Mozilla/5.0 (Windows NT 10.0; Win64; x64) AppleWebKit/537.36 (KHTML, like Gecko) Chrome/85.0.4183.102 Safari/537.36" "www.lusciousgracious.com"
51.132.231.226 - - [16/Oct/2022:20:55:59 -0700] "GET /stitched/index.htm HTTP/1.1" 404 88 "-" "Mozilla/5.0 (Windows NT 10.0; Win64; x64) AppleWebKit/537.36 (KHTML, like Gecko) Chrome/85.0.4183.102 Safari/537.36" "www.lusciousgracious.com"
51.132.231.226 - - [16/Oct/2022:20:56:00 -0700] "GET /stitched/index.htm HTTP/1.1" 404 88 "-" "Mozilla/5.0 (Windows NT 10.0; Win64; x64) AppleWebKit/537.36 (KHTML, like Gecko) Chrome/85.0.4183.102 Safari/537.36" "www.lusciousgracious.com"
51.132.231.226 - - [16/Oct/2022:20:56:06 -0700] "GET /stitched/index.htm HTTP/1.1" 404 88 "-" "Mozilla/5.0 (Windows NT 10.0; Win64; x64) AppleWebKit/537.36 (KHTML, like Gecko) Chrome/85.0.4183.102 Safari/537.36" "www.lusciousgracious.com"
51.132.231.226 - - [16/Oct/2022:20:56:31 -0700] "GET /stitched/index.htm HTTP/1.1" 404 88 "-" "Mozilla/5.0 (Windows NT 10.0; Win64; x64) AppleWebKit/537.36 (KHTML, like Gecko) Chrome/85.0.4183.102 Safari/537.36" "www.lusciousgracious.com"
51.132.231.226 - - [16/Oct/2022:20:56:36 -0700] "GET /stitched/index.htm HTTP/1.1" 404 88 "-" "Mozilla/5.0 (Windows NT 10.0; Win64; x64) AppleWebKit/537.36 (KHTML, like Gecko) Chrome/85.0.4183.102 Safari/537.36" "www.lusciousgracious.com"
51.132.231.226 - - [16/Oct/2022:20:56:39 -0700] "GET /stitched/index.htm HTTP/1.1" 404 88 "-" "Mozilla/5.0 (Windows NT 10.0; Win64; x64) AppleWebKit/537.36 (KHTML, like Gecko) Chrome/85.0.4183.102 Safari/537.36" "www.lusciousgracious.com"
51.132.231.226 - - [16/Oct/2022:20:56:45 -0700] "GET /stitched/index.htm HTTP/1.1" 404 88 "-" "Mozilla/5.0 (Windows NT 10.0; Win64; x64) AppleWebKit/537.36 (KHTML, like Gecko) Chrome/85.0.4183.102 Safari/537.36" "www.lusciousgracious.com"
51.132.231.226 - - [16/Oct/2022:20:56:58 -0700] "GET /stitched/index.htm HTTP/1.1" 404 88 "-" "Mozilla/5.0 (Windows NT 10.0; Win64; x64) AppleWebKit/537.36 (KHTML, like Gecko) Chrome/85.0.4183.102 Safari/537.36" "www.lusciousgracious.com"
51.132.231.226 - - [16/Oct/2022:20:57:05 -0700] "GET /stitched/index.htm HTTP/1.1" 404 88 "-" "Mozilla/5.0 (Windows NT 10.0; Win64; x64) AppleWebKit/537.36 (KHTML, like Gecko) Chrome/85.0.4183.102 Safari/537.36" "www.lusciousgracious.com"
51.132.231.226 - - [16/Oct/2022:20:57:19 -0700] "GET /stitched/index.htm HTTP/1.1" 404 88 "-" "Mozilla/5.0 (Windows NT 10.0; Win64; x64) AppleWebKit/537.36 (KHTML, like Gecko) Chrome/85.0.4183.102 Safari/537.36" "www.lusciousgracious.com"
51.132.231.226 - - [16/Oct/2022:20:57:31 -0700] "GET /stitched/index.htm HTTP/1.1" 404 88 "-" "Mozilla/5.0 (Windows NT 10.0; Win64; x64) AppleWebKit/537.36 (KHTML, like Gecko) Chrome/85.0.4183.102 Safari/537.36" "www.lusciousgracious.com"
51.132.231.226 - - [16/Oct/2022:20:57:36 -0700] "GET /stitched/index.htm HTTP/1.1" 404 88 "-" "Mozilla/5.0 (Windows NT 10.0; Win64; x64) AppleWebKit/537.36 (KHTML, like Gecko) Chrome/85.0.4183.102 Safari/537.36" "www.lusciousgracious.com"
51.132.231.226 - - [16/Oct/2022:20:57:42 -0700] "GET /stitched/index.htm HTTP/1.1" 404 88 "-" "Mozilla/5.0 (Windows NT 10.0; Win64; x64) AppleWebKit/537.36 (KHTML, like Gecko) Chrome/85.0.4183.102 Safari/537.36" "www.lusciousgracious.com"
51.132.231.226 - - [16/Oct/2022:20:57:42 -0700] "GET /stitched/index.htm HTTP/1.1" 404 88 "-" "Mozilla/5.0 (Windows NT 10.0; Win64; x64) AppleWebKit/537.36 (KHTML, like Gecko) Chrome/85.0.4183.102 Safari/537.36" "www.lusciousgracious.com"
