20.0.24.45 - - [18/Oct/2022:16:20:37 -0700] "GET /libraries/joomla/jmails.php?u HTTP/1.1" 404 88 "-" "python-requests/2.27.1" "lusciousgracious.com"
20.0.24.45 - - [18/Oct/2022:16:20:43 -0700] "GET /libraries/joomla/jmail.php?u HTTP/1.1" 404 88 "-" "python-requests/2.27.1" "lusciousgracious.com"
20.0.24.45 - - [18/Oct/2022:16:20:49 -0700] "GET /images/vuln.php HTTP/1.1" 404 88 "-" "python-requests/2.27.1" "lusciousgracious.com"
20.0.24.45 - - [18/Oct/2022:16:20:54 -0700] "GET /tmp/vuln.php HTTP/1.1" 403 170 "-" "python-requests/2.27.1" "lusciousgracious.com"
20.0.24.45 - - [18/Oct/2022:16:20:59 -0700] "GET /XxX.php HTTP/1.1" 404 88 "-" "python-requests/2.27.1" "lusciousgracious.com"
20.0.24.45 - - [18/Oct/2022:16:21:05 -0700] "GET /Marvins.php HTTP/1.1" 404 88 "-" "python-requests/2.27.1" "lusciousgracious.com"
20.0.24.45 - - [18/Oct/2022:16:21:12 -0700] "GET /rxr.php?rxr HTTP/1.1" 404 88 "-" "python-requests/2.27.1" "lusciousgracious.com"
20.0.24.45 - - [18/Oct/2022:16:21:18 -0700] "GET /olux.php HTTP/1.1" 404 88 "-" "python-requests/2.27.1" "lusciousgracious.com"
20.0.24.45 - - [18/Oct/2022:16:21:23 -0700] "GET /indoxploit.php HTTP/1.1" 404 88 "-" "python-requests/2.27.1" "lusciousgracious.com"
20.0.24.45 - - [18/Oct/2022:16:21:29 -0700] "GET /error.php HTTP/1.1" 404 88 "-" "python-requests/2.27.1" "lusciousgracious.com"
20.0.24.45 - - [18/Oct/2022:16:21:36 -0700] "GET /RxR.php HTTP/1.1" 404 88 "-" "python-requests/2.27.1" "lusciousgracious.com"
20.0.24.45 - - [18/Oct/2022:16:21:41 -0700] "GET /components/com_b2jcontact/izoc.php HTTP/1.1" 404 88 "-" "python-requests/2.27.1" "lusciousgracious.com"
20.0.24.45 - - [18/Oct/2022:16:21:47 -0700] "GET /V3.php HTTP/1.1" 404 88 "-" "python-requests/2.27.1" "lusciousgracious.com"
20.0.24.45 - - [18/Oct/2022:16:21:57 -0700] "GET / HTTP/1.1" 200 270 "-" "python-requests/2.27.1" "lusciousgracious.com"
20.0.24.45 - - [18/Oct/2022:16:22:20 -0700] "GET /up.php HTTP/1.1" 404 88 "-" "python-requests/2.27.1" "lusciousgracious.com"
20.0.24.45 - - [18/Oct/2022:16:22:24 -0700] "GET /upload.php HTTP/1.1" 404 88 "-" "python-requests/2.27.1" "lusciousgracious.com"
20.0.24.45 - - [18/Oct/2022:16:22:29 -0700] "GET /shell.php HTTP/1.1" 404 88 "-" "python-requests/2.27.1" "lusciousgracious.com"
20.0.24.45 - - [18/Oct/2022:16:22:35 -0700] "GET /administrator/templates/bluestork/index.php HTTP/1.1" 404 88 "-" "python-requests/2.27.1" "lusciousgracious.com"
20.0.24.45 - - [18/Oct/2022:16:22:41 -0700] "GET /administrator/templates/bluestork/error.php HTTP/1.1" 404 88 "-" "python-requests/2.27.1" "lusciousgracious.com"
20.0.24.45 - - [18/Oct/2022:16:23:56 -0700] "GET /administrator/templates/hathor/index.php HTTP/1.1" 404 88 "-" "python-requests/2.27.1" "lusciousgracious.com"
20.0.24.45 - - [18/Oct/2022:16:24:01 -0700] "GET /administrator/templates/hathor/error.php HTTP/1.1" 404 88 "-" "python-requests/2.27.1" "lusciousgracious.com"
20.0.24.45 - - [18/Oct/2022:16:24:05 -0700] "GET /administrator/templates/isis/index.php HTTP/1.1" 404 88 "-" "python-requests/2.27.1" "lusciousgracious.com"
20.0.24.45 - - [18/Oct/2022:16:24:09 -0700] "GET /administrator/templates/isis/error.php HTTP/1.1" 404 88 "-" "python-requests/2.27.1" "lusciousgracious.com"
20.0.24.45 - - [18/Oct/2022:16:24:15 -0700] "GET /templates/beez/index.php HTTP/1.1" 404 88 "-" "python-requests/2.27.1" "lusciousgracious.com"
20.0.24.45 - - [18/Oct/2022:16:24:21 -0700] "GET /templates/ja_purity/index.php HTTP/1.1" 404 88 "-" "python-requests/2.27.1" "lusciousgracious.com"
20.0.24.45 - - [18/Oct/2022:16:24:27 -0700] "GET /templates/rhuk_milkyway/index.php HTTP/1.1" 404 88 "-" "python-requests/2.27.1" "lusciousgracious.com"
20.0.24.45 - - [18/Oct/2022:16:24:33 -0700] "GET /templates/system/index.php HTTP/1.1" 404 88 "-" "python-requests/2.27.1" "lusciousgracious.com"
20.0.24.45 - - [18/Oct/2022:16:24:38 -0700] "GET /templates/system/error.php HTTP/1.1" 404 88 "-" "python-requests/2.27.1" "lusciousgracious.com"
20.0.24.45 - - [18/Oct/2022:16:24:43 -0700] "GET /templates/beez3/index.php HTTP/1.1" 404 88 "-" "python-requests/2.27.1" "lusciousgracious.com"
20.0.24.45 - - [18/Oct/2022:16:24:48 -0700] "GET /templates/beez3/error.php HTTP/1.1" 404 88 "-" "python-requests/2.27.1" "lusciousgracious.com"
20.0.24.45 - - [18/Oct/2022:16:24:53 -0700] "GET /templates/beez5/index.php HTTP/1.1" 404 88 "-" "python-requests/2.27.1" "lusciousgracious.com"
20.0.24.45 - - [18/Oct/2022:16:24:58 -0700] "GET /templates/beez5/error.php HTTP/1.1" 404 88 "-" "python-requests/2.27.1" "lusciousgracious.com"
20.0.24.45 - - [18/Oct/2022:16:25:03 -0700] "GET /templates/beez_20/index.php HTTP/1.1" 404 88 "-" "python-requests/2.27.1" "lusciousgracious.com"
20.0.24.45 - - [18/Oct/2022:16:25:08 -0700] "GET /templates/beez_20/error.php HTTP/1.1" 404 88 "-" "python-requests/2.27.1" "lusciousgracious.com"
20.0.24.45 - - [18/Oct/2022:16:25:14 -0700] "GET /templates/protostar/index.php HTTP/1.1" 404 88 "-" "python-requests/2.27.1" "lusciousgracious.com"
20.0.24.45 - - [18/Oct/2022:16:25:19 -0700] "GET /templates/protostar/error.php HTTP/1.1" 404 88 "-" "python-requests/2.27.1" "lusciousgracious.com"
20.0.24.45 - - [18/Oct/2022:16:25:24 -0700] "GET /templates/atomic/index.php HTTP/1.1" 404 88 "-" "python-requests/2.27.1" "lusciousgracious.com"
20.0.24.45 - - [18/Oct/2022:16:25:28 -0700] "GET /templates/atomic/error.php HTTP/1.1" 404 88 "-" "python-requests/2.27.1" "lusciousgracious.com"
36.40.72.66 - - [18/Oct/2022:16:33:13 -0700] "GET / HTTP/1.1" 200 270 "-" "Mozilla/5.0 (iPhone; CPU iPhone OS 13_2_3 like Mac OS X) AppleWebKit/605.1.15 (KHTML, like Gecko) Version/13.0.3 Mobile/15E148 Safari/604.1" "www.lusciousgracious.com"
223.29.253.138 - - [18/Oct/2022:16:33:46 -0700] "GET / HTTP/1.1" 200 270 "-" "Mozilla/5.0 (Macintosh; Intel Mac OS X 12.5; rv:102.0) Gecko/20100101 Firefox/102.0" "lusciousgracious.com"
223.29.253.138 - - [18/Oct/2022:16:33:47 -0700] "GET /?C=N;O=D HTTP/1.1" 200 268 "http://lusciousgracious.com" "Mozilla/5.0 (Macintosh; Intel Mac OS X 12.5; rv:102.0) Gecko/20100101 Firefox/102.0" "lusciousgracious.com"
223.29.253.138 - - [18/Oct/2022:16:33:48 -0700] "GET /?C=D;O=A HTTP/1.1" 200 270 "http://lusciousgracious.com" "Mozilla/5.0 (Macintosh; Intel Mac OS X 12.5; rv:102.0) Gecko/20100101 Firefox/102.0" "lusciousgracious.com"
223.29.253.138 - - [18/Oct/2022:16:33:48 -0700] "GET /?C=M;O=A HTTP/1.1" 200 271 "http://lusciousgracious.com" "Mozilla/5.0 (Macintosh; Intel Mac OS X 12.5; rv:102.0) Gecko/20100101 Firefox/102.0" "lusciousgracious.com"
223.29.253.138 - - [18/Oct/2022:16:33:49 -0700] "GET /?C=S;O=A HTTP/1.1" 200 271 "http://lusciousgracious.com" "Mozilla/5.0 (Macintosh; Intel Mac OS X 12.5; rv:102.0) Gecko/20100101 Firefox/102.0" "lusciousgracious.com"
64.124.8.25 - - [18/Oct/2022:16:35:16 -0700] "GET /robots.txt HTTP/1.1" 404 88 "-" "Mozilla/5.0 (X11; Linux x86_64) AppleWebKit/537.36 (KHTML, like Gecko) Chrome/61.0.3163.79 Safari/537.36" "lusciousgracious.com"
64.124.8.25 - - [18/Oct/2022:16:35:16 -0700] "GET /blog/2005/09/spun-out.html HTTP/1.1" 404 88 "-" "Mozilla/5.0 (X11; Linux x86_64) AppleWebKit/537.36 (KHTML, like Gecko) Chrome/61.0.3163.79 Safari/537.36" "lusciousgracious.com"
64.124.8.25 - - [18/Oct/2022:16:36:48 -0700] "GET /blog/2006/04/you-spin-me-right-round-baby.html HTTP/1.1" 404 88 "-" "Mozilla/5.0 (X11; Linux x86_64) AppleWebKit/537.36 (KHTML, like Gecko) Chrome/61.0.3163.79 Safari/537.36" "lusciousgracious.com"
64.124.8.25 - - [18/Oct/2022:16:37:46 -0700] "GET /blog/2006_02_01_archive.html HTTP/1.1" 404 88 "-" "Mozilla/5.0 (X11; Linux x86_64) AppleWebKit/537.36 (KHTML, like Gecko) Chrome/61.0.3163.79 Safari/537.36" "lusciousgracious.com"
64.124.8.25 - - [18/Oct/2022:16:39:42 -0700] "GET /strap.htm HTTP/1.1" 404 88 "-" "Mozilla/5.0 (X11; Linux x86_64) AppleWebKit/537.36 (KHTML, like Gecko) Chrome/61.0.3163.79 Safari/537.36" "lusciousgracious.com"
64.124.8.25 - - [18/Oct/2022:16:40:31 -0700] "GET /blog/2006_04_01_archive.html HTTP/1.1" 404 88 "-" "Mozilla/5.0 (X11; Linux x86_64) AppleWebKit/537.36 (KHTML, like Gecko) Chrome/61.0.3163.79 Safari/537.36" "lusciousgracious.com"
64.124.8.52 - - [18/Oct/2022:16:40:34 -0700] "GET /robots.txt HTTP/1.1" 404 88 "-" "Mozilla/5.0 (X11; Linux x86_64) AppleWebKit/537.36 (KHTML, like Gecko) Chrome/61.0.3163.79 Safari/537.36" "www.lusciousgracious.com"
64.124.8.52 - - [18/Oct/2022:16:40:34 -0700] "GET /stitched/index.htm HTTP/1.1" 404 88 "-" "Mozilla/5.0 (X11; Linux x86_64) AppleWebKit/537.36 (KHTML, like Gecko) Chrome/61.0.3163.79 Safari/537.36" "www.lusciousgracious.com"
64.124.8.25 - - [18/Oct/2022:16:40:56 -0700] "GET /blog/2005/10/illanna-makes-me-happy.html HTTP/1.1" 404 88 "-" "Mozilla/5.0 (X11; Linux x86_64) AppleWebKit/537.36 (KHTML, like Gecko) Chrome/61.0.3163.79 Safari/537.36" "lusciousgracious.com"
64.124.8.25 - - [18/Oct/2022:16:41:27 -0700] "GET /blog/2006/07/firefoxbot-friendly.html HTTP/1.1" 404 88 "-" "Mozilla/5.0 (X11; Linux x86_64) AppleWebKit/537.36 (KHTML, like Gecko) Chrome/61.0.3163.79 Safari/537.36" "lusciousgracious.com"
64.124.8.25 - - [18/Oct/2022:16:41:28 -0700] "GET /blog/2006/10/another-long-post.html HTTP/1.1" 404 88 "-" "Mozilla/5.0 (X11; Linux x86_64) AppleWebKit/537.36 (KHTML, like Gecko) Chrome/61.0.3163.79 Safari/537.36" "lusciousgracious.com"
64.124.8.52 - - [18/Oct/2022:16:42:13 -0700] "GET /robots.txt HTTP/1.1" 404 88 "-" "Mozilla/5.0 (X11; Linux x86_64) AppleWebKit/537.36 (KHTML, like Gecko) Chrome/61.0.3163.79 Safari/537.36" "www.lusciousgracious.com"
64.124.8.25 - - [18/Oct/2022:16:42:15 -0700] "GET /blog/2006/03/kiki-follows-pattern.html HTTP/1.1" 404 88 "-" "Mozilla/5.0 (X11; Linux x86_64) AppleWebKit/537.36 (KHTML, like Gecko) Chrome/61.0.3163.79 Safari/537.36" "lusciousgracious.com"
64.124.8.25 - - [18/Oct/2022:16:42:27 -0700] "GET /blog/2005_03_01_archive.html HTTP/1.1" 404 88 "-" "Mozilla/5.0 (X11; Linux x86_64) AppleWebKit/537.36 (KHTML, like Gecko) Chrome/61.0.3163.79 Safari/537.36" "lusciousgracious.com"
64.124.8.25 - - [18/Oct/2022:16:42:47 -0700] "GET /robots.txt HTTP/1.1" 404 88 "-" "Mozilla/5.0 (X11; Linux x86_64) AppleWebKit/537.36 (KHTML, like Gecko) Chrome/61.0.3163.79 Safari/537.36" "lusciousgracious.com"
64.124.8.25 - - [18/Oct/2022:16:42:51 -0700] "GET /blog/2005/09/bon-appetit-baby-feet.html HTTP/1.1" 404 88 "-" "Mozilla/5.0 (X11; Linux x86_64) AppleWebKit/537.36 (KHTML, like Gecko) Chrome/61.0.3163.79 Safari/537.36" "lusciousgracious.com"
64.124.8.25 - - [18/Oct/2022:16:43:11 -0700] "GET /blog/2006_06_01_archive.html HTTP/1.1" 404 88 "-" "Mozilla/5.0 (X11; Linux x86_64) AppleWebKit/537.36 (KHTML, like Gecko) Chrome/61.0.3163.79 Safari/537.36" "lusciousgracious.com"
64.124.8.25 - - [18/Oct/2022:16:44:58 -0700] "GET /blog/2007/03/hlb.html HTTP/1.1" 404 88 "-" "Mozilla/5.0 (X11; Linux x86_64) AppleWebKit/537.36 (KHTML, like Gecko) Chrome/61.0.3163.79 Safari/537.36" "lusciousgracious.com"
64.124.8.25 - - [18/Oct/2022:16:45:00 -0700] "GET /blog/2005/08/in-between-days.html HTTP/1.1" 404 88 "-" "Mozilla/5.0 (X11; Linux x86_64) AppleWebKit/537.36 (KHTML, like Gecko) Chrome/61.0.3163.79 Safari/537.36" "lusciousgracious.com"
64.124.8.52 - - [18/Oct/2022:16:45:12 -0700] "GET /blog/2006/04/if-nautical-nonsense-be-something-you.html HTTP/1.1" 404 88 "-" "Mozilla/5.0 (X11; Linux x86_64) AppleWebKit/537.36 (KHTML, like Gecko) Chrome/61.0.3163.79 Safari/537.36" "www.lusciousgracious.com"
64.124.8.25 - - [18/Oct/2022:16:46:36 -0700] "GET /blog/2005/08/for-love-of-color.html HTTP/1.1" 404 88 "-" "Mozilla/5.0 (X11; Linux x86_64) AppleWebKit/537.36 (KHTML, like Gecko) Chrome/61.0.3163.79 Safari/537.36" "lusciousgracious.com"
64.124.8.41 - - [18/Oct/2022:16:54:27 -0700] "GET /robots.txt HTTP/1.1" 404 88 "-" "Mozilla/5.0 (X11; Linux x86_64) AppleWebKit/537.36 (KHTML, like Gecko) Chrome/61.0.3163.79 Safari/537.36" "lusciousgracious.com"
64.124.8.41 - - [18/Oct/2022:16:54:27 -0700] "GET /blog/2005/09/spun-out.html HTTP/1.1" 404 88 "-" "Mozilla/5.0 (X11; Linux x86_64) AppleWebKit/537.36 (KHTML, like Gecko) Chrome/61.0.3163.79 Safari/537.36" "lusciousgracious.com"
144.76.67.250 - - [18/Oct/2022:16:57:33 -0700] "GET /robots.txt HTTP/1.1" 404 88 "-" "serpstatbot/2.1 (advanced backlink tracking bot; https://serpstatbot.com/; abuse@serpstatbot.com)" "lusciousgracious.com"
144.76.67.250 - - [18/Oct/2022:16:57:33 -0700] "GET / HTTP/1.1" 200 270 "-" "serpstatbot/2.1 (advanced backlink tracking bot; https://serpstatbot.com/; abuse@serpstatbot.com)" "lusciousgracious.com"
64.124.8.41 - - [18/Oct/2022:17:00:20 -0700] "GET /blog/2006/04/you-spin-me-right-round-baby.html HTTP/1.1" 404 88 "-" "Mozilla/5.0 (X11; Linux x86_64) AppleWebKit/537.36 (KHTML, like Gecko) Chrome/61.0.3163.79 Safari/537.36" "lusciousgracious.com"
192.34.84.8 - - [18/Oct/2022:17:02:22 -0700] "GET /blog/atom.xml HTTP/1.1" 404 73 "-" "Ravelry.com RSS Reader/0.3 2008-10-22" "lusciousgracious.com"
64.124.8.57 - - [18/Oct/2022:17:04:07 -0700] "GET /robots.txt HTTP/1.1" 404 88 "-" "Mozilla/5.0 (X11; Linux x86_64) AppleWebKit/537.36 (KHTML, like Gecko) Chrome/61.0.3163.79 Safari/537.36" "www.lusciousgracious.com"
64.124.8.57 - - [18/Oct/2022:17:04:07 -0700] "GET /stitched/index.htm HTTP/1.1" 404 88 "-" "Mozilla/5.0 (X11; Linux x86_64) AppleWebKit/537.36 (KHTML, like Gecko) Chrome/61.0.3163.79 Safari/537.36" "www.lusciousgracious.com"
64.124.8.41 - - [18/Oct/2022:17:04:39 -0700] "GET /blog/2006_02_01_archive.html HTTP/1.1" 404 88 "-" "Mozilla/5.0 (X11; Linux x86_64) AppleWebKit/537.36 (KHTML, like Gecko) Chrome/61.0.3163.79 Safari/537.36" "lusciousgracious.com"
4.233.147.141 - - [18/Oct/2022:17:11:38 -0700] "GET /stitched/index.htm HTTP/1.1" 404 88 "-" "python-requests/2.28.1" "www.lusciousgracious.com"
64.124.8.46 - - [18/Oct/2022:17:12:05 -0700] "GET /robots.txt HTTP/1.1" 404 88 "-" "Mozilla/5.0 (X11; Linux x86_64) AppleWebKit/537.36 (KHTML, like Gecko) Chrome/61.0.3163.79 Safari/537.36" "lusciousgracious.com"
64.124.8.46 - - [18/Oct/2022:17:12:05 -0700] "GET /blog/2005/09/spun-out.html HTTP/1.1" 404 88 "-" "Mozilla/5.0 (X11; Linux x86_64) AppleWebKit/537.36 (KHTML, like Gecko) Chrome/61.0.3163.79 Safari/537.36" "lusciousgracious.com"
64.124.8.46 - - [18/Oct/2022:17:14:08 -0700] "GET /blog/2006/04/you-spin-me-right-round-baby.html HTTP/1.1" 404 88 "-" "Mozilla/5.0 (X11; Linux x86_64) AppleWebKit/537.36 (KHTML, like Gecko) Chrome/61.0.3163.79 Safari/537.36" "lusciousgracious.com"
64.124.8.46 - - [18/Oct/2022:17:15:32 -0700] "GET /blog/2006_02_01_archive.html HTTP/1.1" 404 88 "-" "Mozilla/5.0 (X11; Linux x86_64) AppleWebKit/537.36 (KHTML, like Gecko) Chrome/61.0.3163.79 Safari/537.36" "lusciousgracious.com"
64.124.8.46 - - [18/Oct/2022:17:16:38 -0700] "GET /robots.txt HTTP/1.1" 404 88 "-" "Mozilla/5.0 (X11; Linux x86_64) AppleWebKit/537.36 (KHTML, like Gecko) Chrome/61.0.3163.79 Safari/537.36" "www.lusciousgracious.com"
64.124.8.46 - - [18/Oct/2022:17:16:38 -0700] "GET /stitched/index.htm HTTP/1.1" 404 88 "-" "Mozilla/5.0 (X11; Linux x86_64) AppleWebKit/537.36 (KHTML, like Gecko) Chrome/61.0.3163.79 Safari/537.36" "www.lusciousgracious.com"
157.55.39.150 - - [18/Oct/2022:17:17:28 -0700] "GET /blog/2005/11/finished-wonder-first-cable-gift.html HTTP/1.1" 404 88 "-" "Mozilla/5.0 AppleWebKit/537.36 (KHTML, like Gecko; compatible; bingbot/2.0; +http://www.bing.com/bingbot.htm) Chrome/103.0.5060.134 Safari/537.36" "lusciousgracious.com"
64.124.8.46 - - [18/Oct/2022:17:18:50 -0700] "GET /strap.htm HTTP/1.1" 404 88 "-" "Mozilla/5.0 (X11; Linux x86_64) AppleWebKit/537.36 (KHTML, like Gecko) Chrome/61.0.3163.79 Safari/537.36" "lusciousgracious.com"
64.124.8.46 - - [18/Oct/2022:17:19:12 -0700] "GET /robots.txt HTTP/1.1" 404 88 "-" "Mozilla/5.0 (X11; Linux x86_64) AppleWebKit/537.36 (KHTML, like Gecko) Chrome/61.0.3163.79 Safari/537.36" "www.lusciousgracious.com"
64.124.8.46 - - [18/Oct/2022:17:20:13 -0700] "GET /blog/2006_04_01_archive.html HTTP/1.1" 404 88 "-" "Mozilla/5.0 (X11; Linux x86_64) AppleWebKit/537.36 (KHTML, like Gecko) Chrome/61.0.3163.79 Safari/537.36" "lusciousgracious.com"
64.124.8.46 - - [18/Oct/2022:17:20:55 -0700] "GET /blog/2005/10/illanna-makes-me-happy.html HTTP/1.1" 404 88 "-" "Mozilla/5.0 (X11; Linux x86_64) AppleWebKit/537.36 (KHTML, like Gecko) Chrome/61.0.3163.79 Safari/537.36" "lusciousgracious.com"
64.124.8.46 - - [18/Oct/2022:17:21:49 -0700] "GET /blog/2006/07/firefoxbot-friendly.html HTTP/1.1" 404 88 "-" "Mozilla/5.0 (X11; Linux x86_64) AppleWebKit/537.36 (KHTML, like Gecko) Chrome/61.0.3163.79 Safari/537.36" "lusciousgracious.com"
64.124.8.46 - - [18/Oct/2022:17:21:50 -0700] "GET /blog/2006/10/another-long-post.html HTTP/1.1" 404 88 "-" "Mozilla/5.0 (X11; Linux x86_64) AppleWebKit/537.36 (KHTML, like Gecko) Chrome/61.0.3163.79 Safari/537.36" "lusciousgracious.com"
64.124.8.46 - - [18/Oct/2022:17:22:46 -0700] "GET /blog/2006/04/watch-out-for-snakes.html HTTP/1.1" 404 88 "-" "Mozilla/5.0 (X11; Linux x86_64) AppleWebKit/537.36 (KHTML, like Gecko) Chrome/61.0.3163.79 Safari/537.36" "lusciousgracious.com"
64.124.8.46 - - [18/Oct/2022:17:23:09 -0700] "GET /blog/2006/03/kiki-follows-pattern.html HTTP/1.1" 404 88 "-" "Mozilla/5.0 (X11; Linux x86_64) AppleWebKit/537.36 (KHTML, like Gecko) Chrome/61.0.3163.79 Safari/537.36" "lusciousgracious.com"
64.124.8.46 - - [18/Oct/2022:17:23:28 -0700] "GET /blog/2005_03_01_archive.html HTTP/1.1" 404 88 "-" "Mozilla/5.0 (X11; Linux x86_64) AppleWebKit/537.36 (KHTML, like Gecko) Chrome/61.0.3163.79 Safari/537.36" "lusciousgracious.com"
64.124.8.46 - - [18/Oct/2022:17:24:05 -0700] "GET /robots.txt HTTP/1.1" 404 88 "-" "Mozilla/5.0 (X11; Linux x86_64) AppleWebKit/537.36 (KHTML, like Gecko) Chrome/61.0.3163.79 Safari/537.36" "lusciousgracious.com"
64.124.8.46 - - [18/Oct/2022:17:24:09 -0700] "GET /blog/2005/09/bon-appetit-baby-feet.html HTTP/1.1" 404 88 "-" "Mozilla/5.0 (X11; Linux x86_64) AppleWebKit/537.36 (KHTML, like Gecko) Chrome/61.0.3163.79 Safari/537.36" "lusciousgracious.com"
64.124.8.46 - - [18/Oct/2022:17:24:41 -0700] "GET /blog/2006_06_01_archive.html HTTP/1.1" 404 88 "-" "Mozilla/5.0 (X11; Linux x86_64) AppleWebKit/537.36 (KHTML, like Gecko) Chrome/61.0.3163.79 Safari/537.36" "lusciousgracious.com"
70.39.246.37 - - [18/Oct/2022:17:27:00 -0700] "GET /blog/atom.xml HTTP/1.1" 404 88 "-" "Mozilla/5.0 Moreover/5.1 (+http://www.moreover.com)" "lusciousgracious.com"
144.76.67.250 - - [18/Oct/2022:17:30:15 -0700] "GET /?C=S&O=A HTTP/1.1" 200 271 "-" "serpstatbot/2.1 (advanced backlink tracking bot; https://serpstatbot.com/; abuse@serpstatbot.com)" "lusciousgracious.com"
144.76.67.250 - - [18/Oct/2022:17:30:44 -0700] "GET /?C=N&O=D HTTP/1.1" 200 268 "-" "serpstatbot/2.1 (advanced backlink tracking bot; https://serpstatbot.com/; abuse@serpstatbot.com)" "lusciousgracious.com"
144.76.67.250 - - [18/Oct/2022:17:31:08 -0700] "GET /?C=M&O=A HTTP/1.1" 200 271 "-" "serpstatbot/2.1 (advanced backlink tracking bot; https://serpstatbot.com/; abuse@serpstatbot.com)" "lusciousgracious.com"
144.76.67.250 - - [18/Oct/2022:17:31:33 -0700] "GET /?C=D&O=A HTTP/1.1" 200 270 "-" "serpstatbot/2.1 (advanced backlink tracking bot; https://serpstatbot.com/; abuse@serpstatbot.com)" "lusciousgracious.com"
64.124.8.45 - - [18/Oct/2022:17:45:04 -0700] "GET /robots.txt HTTP/1.1" 404 88 "-" "Mozilla/5.0 (X11; Linux x86_64) AppleWebKit/537.36 (KHTML, like Gecko) Chrome/61.0.3163.79 Safari/537.36" "www.lusciousgracious.com"
64.124.8.45 - - [18/Oct/2022:17:45:04 -0700] "GET /stitched/index.htm HTTP/1.1" 404 88 "-" "Mozilla/5.0 (X11; Linux x86_64) AppleWebKit/537.36 (KHTML, like Gecko) Chrome/61.0.3163.79 Safari/537.36" "www.lusciousgracious.com"
64.124.8.35 - - [18/Oct/2022:17:45:52 -0700] "GET /robots.txt HTTP/1.1" 404 88 "-" "Mozilla/5.0 (X11; Linux x86_64) AppleWebKit/537.36 (KHTML, like Gecko) Chrome/61.0.3163.79 Safari/537.36" "lusciousgracious.com"
64.124.8.35 - - [18/Oct/2022:17:45:52 -0700] "GET /blog/2005/09/spun-out.html HTTP/1.1" 404 88 "-" "Mozilla/5.0 (X11; Linux x86_64) AppleWebKit/537.36 (KHTML, like Gecko) Chrome/61.0.3163.79 Safari/537.36" "lusciousgracious.com"
54.160.118.212 - - [18/Oct/2022:17:54:17 -0700] "GET /robots.txt HTTP/1.1" 404 73 "-" "Mozilla/5.0 (X11; Linux x86_64) AppleWebKit/537.36 (KHTML, like Gecko) Chrome/94.0.4606.81 Safari/537.36" "lusciousgracious.com"
54.160.118.212 - - [18/Oct/2022:17:54:18 -0700] "GET / HTTP/1.1" 200 398 "-" "Mozilla/5.0 (X11; Linux x86_64) AppleWebKit/537.36 (KHTML, like Gecko) Chrome/94.0.4606.81 Safari/537.36" "lusciousgracious.com"
144.76.67.250 - - [18/Oct/2022:18:03:25 -0700] "GET /?C=S&O=D HTTP/1.1" 200 268 "-" "serpstatbot/2.1 (advanced backlink tracking bot; https://serpstatbot.com/; abuse@serpstatbot.com)" "lusciousgracious.com"
157.55.39.68 - - [18/Oct/2022:18:03:30 -0700] "GET /robots.txt HTTP/1.1" 404 88 "-" "Mozilla/5.0 (compatible; bingbot/2.0; +http://www.bing.com/bingbot.htm)" "lusciousgracious.com"
157.55.39.68 - - [18/Oct/2022:18:03:30 -0700] "GET /robots.txt HTTP/1.1" 404 88 "-" "Mozilla/5.0 (compatible; bingbot/2.0; +http://www.bing.com/bingbot.htm)" "lusciousgracious.com"
40.77.167.67 - - [18/Oct/2022:18:03:41 -0700] "GET /TieItOn.pdf HTTP/1.1" 404 88 "-" "Mozilla/5.0 AppleWebKit/537.36 (KHTML, like Gecko; compatible; bingbot/2.0; +http://www.bing.com/bingbot.htm) Chrome/103.0.5060.134 Safari/537.36" "lusciousgracious.com"
144.76.67.250 - - [18/Oct/2022:18:03:55 -0700] "GET /?C=N&O=A HTTP/1.1" 200 270 "-" "serpstatbot/2.1 (advanced backlink tracking bot; https://serpstatbot.com/; abuse@serpstatbot.com)" "lusciousgracious.com"
64.124.8.38 - - [18/Oct/2022:18:04:26 -0700] "GET /robots.txt HTTP/1.1" 404 88 "-" "Mozilla/5.0 (X11; Linux x86_64) AppleWebKit/537.36 (KHTML, like Gecko) Chrome/61.0.3163.79 Safari/537.36" "lusciousgracious.com"
64.124.8.38 - - [18/Oct/2022:18:04:26 -0700] "GET /blog/2005/09/spun-out.html HTTP/1.1" 404 88 "-" "Mozilla/5.0 (X11; Linux x86_64) AppleWebKit/537.36 (KHTML, like Gecko) Chrome/61.0.3163.79 Safari/537.36" "lusciousgracious.com"
144.76.67.250 - - [18/Oct/2022:18:04:26 -0700] "GET /?C=M&O=D HTTP/1.1" 200 268 "-" "serpstatbot/2.1 (advanced backlink tracking bot; https://serpstatbot.com/; abuse@serpstatbot.com)" "lusciousgracious.com"
144.76.67.250 - - [18/Oct/2022:18:04:55 -0700] "GET /?C=D&O=D HTTP/1.1" 200 268 "-" "serpstatbot/2.1 (advanced backlink tracking bot; https://serpstatbot.com/; abuse@serpstatbot.com)" "lusciousgracious.com"
114.119.134.148 - - [18/Oct/2022:18:09:11 -0700] "GET /robots.txt HTTP/1.1" 404 88 "-" "Mozilla/5.0 (compatible;PetalBot;+https://webmaster.petalsearch.com/site/petalbot)" "lusciousgracious.com"
173.252.107.14 - - [18/Oct/2022:18:09:41 -0700] "GET /clickit_files/image016.jpg HTTP/1.1" 404 88 "-" "facebookexternalhit/1.1 (+http://www.facebook.com/externalhit_uatext.php)" "lusciousgracious.com"
114.119.136.13 - - [18/Oct/2022:18:09:41 -0700] "GET /?C=S%3BO%3DA HTTP/1.1" 200 270 "http://www.lusciousgracious.com?C=N%3BO%3DD" "Mozilla/5.0 (Linux; Android 7.0;) AppleWebKit/537.36 (KHTML, like Gecko) Mobile Safari/537.36 (compatible; PetalBot;+https://webmaster.petalsearch.com/site/petalbot)" "www.lusciousgracious.com"
103.112.0.97 - - [18/Oct/2022:18:10:53 -0700] "GET / HTTP/1.1" 200 270 "-" "Mozilla/5.0 (Macintosh; Intel Mac OS X 12.5; rv:102.0) Gecko/20100101 Firefox/102.0" "lusciousgracious.com"
103.112.0.97 - - [18/Oct/2022:18:10:54 -0700] "GET /?C=N;O=D HTTP/1.1" 200 268 "http://lusciousgracious.com" "Mozilla/5.0 (Macintosh; Intel Mac OS X 12.5; rv:102.0) Gecko/20100101 Firefox/102.0" "lusciousgracious.com"
103.112.0.97 - - [18/Oct/2022:18:10:55 -0700] "GET /?C=D;O=A HTTP/1.1" 200 270 "http://lusciousgracious.com" "Mozilla/5.0 (Macintosh; Intel Mac OS X 12.5; rv:102.0) Gecko/20100101 Firefox/102.0" "lusciousgracious.com"
103.112.0.97 - - [18/Oct/2022:18:10:55 -0700] "GET /?C=M;O=A HTTP/1.1" 200 271 "http://lusciousgracious.com" "Mozilla/5.0 (Macintosh; Intel Mac OS X 12.5; rv:102.0) Gecko/20100101 Firefox/102.0" "lusciousgracious.com"
103.112.0.97 - - [18/Oct/2022:18:10:56 -0700] "GET /?C=S;O=A HTTP/1.1" 200 271 "http://lusciousgracious.com" "Mozilla/5.0 (Macintosh; Intel Mac OS X 12.5; rv:102.0) Gecko/20100101 Firefox/102.0" "lusciousgracious.com"
64.124.8.40 - - [18/Oct/2022:18:11:47 -0700] "GET /robots.txt HTTP/1.1" 404 88 "-" "Mozilla/5.0 (X11; Linux x86_64) AppleWebKit/537.36 (KHTML, like Gecko) Chrome/61.0.3163.79 Safari/537.36" "lusciousgracious.com"
64.124.8.40 - - [18/Oct/2022:18:11:47 -0700] "GET /blog/2005/09/spun-out.html HTTP/1.1" 404 88 "-" "Mozilla/5.0 (X11; Linux x86_64) AppleWebKit/537.36 (KHTML, like Gecko) Chrome/61.0.3163.79 Safari/537.36" "lusciousgracious.com"
64.124.8.40 - - [18/Oct/2022:18:13:15 -0700] "GET /blog/2006/04/you-spin-me-right-round-baby.html HTTP/1.1" 404 88 "-" "Mozilla/5.0 (X11; Linux x86_64) AppleWebKit/537.36 (KHTML, like Gecko) Chrome/61.0.3163.79 Safari/537.36" "lusciousgracious.com"
64.124.8.40 - - [18/Oct/2022:18:14:10 -0700] "GET /blog/2006_02_01_archive.html HTTP/1.1" 404 88 "-" "Mozilla/5.0 (X11; Linux x86_64) AppleWebKit/537.36 (KHTML, like Gecko) Chrome/61.0.3163.79 Safari/537.36" "lusciousgracious.com"
64.71.131.243 - - [18/Oct/2022:18:15:55 -0700] "GET / HTTP/1.1" 200 398 "-" "Mozilla/5.0 (compatible; ev-crawler/1.0; +https://headline.com/legal/crawler)" "lusciousgracious.com"
64.124.8.40 - - [18/Oct/2022:18:16:08 -0700] "GET /strap.htm HTTP/1.1" 404 88 "-" "Mozilla/5.0 (X11; Linux x86_64) AppleWebKit/537.36 (KHTML, like Gecko) Chrome/61.0.3163.79 Safari/537.36" "lusciousgracious.com"
64.124.8.40 - - [18/Oct/2022:18:16:19 -0700] "GET /robots.txt HTTP/1.1" 404 88 "-" "Mozilla/5.0 (X11; Linux x86_64) AppleWebKit/537.36 (KHTML, like Gecko) Chrome/61.0.3163.79 Safari/537.36" "www.lusciousgracious.com"
64.124.8.40 - - [18/Oct/2022:18:16:19 -0700] "GET /stitched/index.htm HTTP/1.1" 404 88 "-" "Mozilla/5.0 (X11; Linux x86_64) AppleWebKit/537.36 (KHTML, like Gecko) Chrome/61.0.3163.79 Safari/537.36" "www.lusciousgracious.com"
64.124.8.40 - - [18/Oct/2022:18:16:54 -0700] "GET /blog/2006_04_01_archive.html HTTP/1.1" 404 88 "-" "Mozilla/5.0 (X11; Linux x86_64) AppleWebKit/537.36 (KHTML, like Gecko) Chrome/61.0.3163.79 Safari/537.36" "lusciousgracious.com"
64.124.8.40 - - [18/Oct/2022:18:17:18 -0700] "GET /blog/2005/10/illanna-makes-me-happy.html HTTP/1.1" 404 88 "-" "Mozilla/5.0 (X11; Linux x86_64) AppleWebKit/537.36 (KHTML, like Gecko) Chrome/61.0.3163.79 Safari/537.36" "lusciousgracious.com"
64.124.8.40 - - [18/Oct/2022:18:17:47 -0700] "GET /blog/2006/07/firefoxbot-friendly.html HTTP/1.1" 404 88 "-" "Mozilla/5.0 (X11; Linux x86_64) AppleWebKit/537.36 (KHTML, like Gecko) Chrome/61.0.3163.79 Safari/537.36" "lusciousgracious.com"
64.124.8.40 - - [18/Oct/2022:18:17:48 -0700] "GET /blog/2006/10/another-long-post.html HTTP/1.1" 404 88 "-" "Mozilla/5.0 (X11; Linux x86_64) AppleWebKit/537.36 (KHTML, like Gecko) Chrome/61.0.3163.79 Safari/537.36" "lusciousgracious.com"
64.124.8.40 - - [18/Oct/2022:18:18:05 -0700] "GET /robots.txt HTTP/1.1" 404 88 "-" "Mozilla/5.0 (X11; Linux x86_64) AppleWebKit/537.36 (KHTML, like Gecko) Chrome/61.0.3163.79 Safari/537.36" "www.lusciousgracious.com"
77.75.73.26 - - [18/Oct/2022:18:20:35 -0700] "GET /robots.txt HTTP/1.1" 404 88 "-" "Mozilla/5.0 (compatible; SeznamBot/4.0-RC1; +http://napoveda.seznam.cz/seznambot-intro/)" "lusciousgracious.com"
77.75.79.31 - - [18/Oct/2022:18:20:35 -0700] "GET /strap.htm HTTP/1.1" 404 88 "-" "Mozilla/5.0 (compatible; SeznamBot/4.0-RC1; +http://napoveda.seznam.cz/seznambot-intro/)" "lusciousgracious.com"
54.236.1.13 - - [18/Oct/2022:18:22:00 -0700] "GET /robots.txt HTTP/1.1" 404 88 "-" "Mozilla/5.0 (compatible; Pinterestbot/1.0; +http://www.pinterest.com/bot.html)" "lusciousgracious.com"
54.236.1.11 - - [18/Oct/2022:18:22:00 -0700] "GET /robots.txt HTTP/1.1" 404 88 "-" "Mozilla/5.0 (compatible; Pinterestbot/1.0; +http://www.pinterest.com/bot.html)" "lusciousgracious.com"
54.236.1.13 - - [18/Oct/2022:18:22:00 -0700] "GET /blog/uploaded_images/sweater-777980.jpg HTTP/1.1" 404 88 "-" "Mozilla/5.0 (compatible; Pinterestbot/1.0; +http://www.pinterest.com/bot.html)" "lusciousgracious.com"
64.124.8.49 - - [18/Oct/2022:18:22:52 -0700] "GET /robots.txt HTTP/1.1" 404 88 "-" "Mozilla/5.0 (X11; Linux x86_64) AppleWebKit/537.36 (KHTML, like Gecko) Chrome/61.0.3163.79 Safari/537.36" "www.lusciousgracious.com"
64.124.8.49 - - [18/Oct/2022:18:22:52 -0700] "GET /stitched/index.htm HTTP/1.1" 404 88 "-" "Mozilla/5.0 (X11; Linux x86_64) AppleWebKit/537.36 (KHTML, like Gecko) Chrome/61.0.3163.79 Safari/537.36" "www.lusciousgracious.com"
64.124.8.40 - - [18/Oct/2022:18:23:17 -0700] "GET /robots.txt HTTP/1.1" 404 88 "-" "Mozilla/5.0 (X11; Linux x86_64) AppleWebKit/537.36 (KHTML, like Gecko) Chrome/61.0.3163.79 Safari/537.36" "lusciousgracious.com"
64.124.8.40 - - [18/Oct/2022:18:23:17 -0700] "GET /blog/2005/09/spun-out.html HTTP/1.1" 404 88 "-" "Mozilla/5.0 (X11; Linux x86_64) AppleWebKit/537.36 (KHTML, like Gecko) Chrome/61.0.3163.79 Safari/537.36" "lusciousgracious.com"
64.124.8.49 - - [18/Oct/2022:18:24:19 -0700] "GET /robots.txt HTTP/1.1" 404 88 "-" "Mozilla/5.0 (X11; Linux x86_64) AppleWebKit/537.36 (KHTML, like Gecko) Chrome/61.0.3163.79 Safari/537.36" "www.lusciousgracious.com"
64.124.8.40 - - [18/Oct/2022:18:24:53 -0700] "GET /blog/2006/04/you-spin-me-right-round-baby.html HTTP/1.1" 404 88 "-" "Mozilla/5.0 (X11; Linux x86_64) AppleWebKit/537.36 (KHTML, like Gecko) Chrome/61.0.3163.79 Safari/537.36" "lusciousgracious.com"
64.124.8.40 - - [18/Oct/2022:18:25:14 -0700] "GET /blog/2005/08/art-rock-rock-art.html HTTP/1.1" 404 88 "-" "Mozilla/5.0 (X11; Linux x86_64) AppleWebKit/537.36 (KHTML, like Gecko) Chrome/61.0.3163.79 Safari/537.36" "lusciousgracious.com"
64.124.8.40 - - [18/Oct/2022:18:25:51 -0700] "GET /blog/2006_02_01_archive.html HTTP/1.1" 404 88 "-" "Mozilla/5.0 (X11; Linux x86_64) AppleWebKit/537.36 (KHTML, like Gecko) Chrome/61.0.3163.79 Safari/537.36" "lusciousgracious.com"
114.119.152.160 - - [18/Oct/2022:18:26:50 -0700] "GET /koolaid_files/image007.jpg HTTP/1.1" 404 88 "http://www.lusciousgracious.com/koolaid.htm" "Mozilla/5.0 (Linux; Android 7.0;) AppleWebKit/537.36 (KHTML, like Gecko) Mobile Safari/537.36 (compatible; PetalBot;+https://webmaster.petalsearch.com/site/petalbot)" "www.lusciousgracious.com"
64.124.8.40 - - [18/Oct/2022:18:27:13 -0700] "GET /blog/2006/01/knitted-accessories-galore.html HTTP/1.1" 404 88 "-" "Mozilla/5.0 (X11; Linux x86_64) AppleWebKit/537.36 (KHTML, like Gecko) Chrome/61.0.3163.79 Safari/537.36" "lusciousgracious.com"
64.124.8.49 - - [18/Oct/2022:18:27:33 -0700] "GET /blog/2006/04/if-nautical-nonsense-be-something-you.html HTTP/1.1" 404 88 "-" "Mozilla/5.0 (X11; Linux x86_64) AppleWebKit/537.36 (KHTML, like Gecko) Chrome/61.0.3163.79 Safari/537.36" "www.lusciousgracious.com"
64.124.8.40 - - [18/Oct/2022:18:27:54 -0700] "GET /strap.htm HTTP/1.1" 404 88 "-" "Mozilla/5.0 (X11; Linux x86_64) AppleWebKit/537.36 (KHTML, like Gecko) Chrome/61.0.3163.79 Safari/537.36" "lusciousgracious.com"
64.124.8.40 - - [18/Oct/2022:18:28:41 -0700] "GET /blog/2006_04_01_archive.html HTTP/1.1" 404 88 "-" "Mozilla/5.0 (X11; Linux x86_64) AppleWebKit/537.36 (KHTML, like Gecko) Chrome/61.0.3163.79 Safari/537.36" "lusciousgracious.com"
64.124.8.40 - - [18/Oct/2022:18:29:30 -0700] "GET /blog/2006/07/firefoxbot-friendly.html HTTP/1.1" 404 88 "-" "Mozilla/5.0 (X11; Linux x86_64) AppleWebKit/537.36 (KHTML, like Gecko) Chrome/61.0.3163.79 Safari/537.36" "lusciousgracious.com"
64.124.8.40 - - [18/Oct/2022:18:29:31 -0700] "GET /blog/2006/10/another-long-post.html HTTP/1.1" 404 88 "-" "Mozilla/5.0 (X11; Linux x86_64) AppleWebKit/537.36 (KHTML, like Gecko) Chrome/61.0.3163.79 Safari/537.36" "lusciousgracious.com"
64.124.8.40 - - [18/Oct/2022:18:29:33 -0700] "GET /blog/2006/09/fashion-aspects-of-target-bags.html HTTP/1.1" 404 88 "-" "Mozilla/5.0 (X11; Linux x86_64) AppleWebKit/537.36 (KHTML, like Gecko) Chrome/61.0.3163.79 Safari/537.36" "lusciousgracious.com"
64.124.8.40 - - [18/Oct/2022:18:29:55 -0700] "GET /blog/2006/04/watch-out-for-snakes.html HTTP/1.1" 404 88 "-" "Mozilla/5.0 (X11; Linux x86_64) AppleWebKit/537.36 (KHTML, like Gecko) Chrome/61.0.3163.79 Safari/537.36" "lusciousgracious.com"
64.124.8.49 - - [18/Oct/2022:18:30:06 -0700] "GET /koolaid.htm HTTP/1.1" 404 88 "-" "Mozilla/5.0 (X11; Linux x86_64) AppleWebKit/537.36 (KHTML, like Gecko) Chrome/61.0.3163.79 Safari/537.36" "www.lusciousgracious.com"
64.124.8.40 - - [18/Oct/2022:18:30:14 -0700] "GET /blog/2005_03_01_archive.html HTTP/1.1" 404 88 "-" "Mozilla/5.0 (X11; Linux x86_64) AppleWebKit/537.36 (KHTML, like Gecko) Chrome/61.0.3163.79 Safari/537.36" "lusciousgracious.com"
64.124.8.49 - - [18/Oct/2022:18:30:23 -0700] "GET /blog/2006/02/steves-first-socks.html HTTP/1.1" 404 88 "-" "Mozilla/5.0 (X11; Linux x86_64) AppleWebKit/537.36 (KHTML, like Gecko) Chrome/61.0.3163.79 Safari/537.36" "www.lusciousgracious.com"
192.34.84.8 - - [18/Oct/2022:18:30:26 -0700] "GET /blog/rss HTTP/1.1" 404 73 "-" "Ravelry.com RSS Reader/0.3 2008-10-22" "lusciousgracious.com"
64.124.8.40 - - [18/Oct/2022:18:30:34 -0700] "GET /robots.txt HTTP/1.1" 404 88 "-" "Mozilla/5.0 (X11; Linux x86_64) AppleWebKit/537.36 (KHTML, like Gecko) Chrome/61.0.3163.79 Safari/537.36" "lusciousgracious.com"
64.124.8.40 - - [18/Oct/2022:18:30:36 -0700] "GET /blog/2005/09/bon-appetit-baby-feet.html HTTP/1.1" 404 88 "-" "Mozilla/5.0 (X11; Linux x86_64) AppleWebKit/537.36 (KHTML, like Gecko) Chrome/61.0.3163.79 Safari/537.36" "lusciousgracious.com"
64.124.8.40 - - [18/Oct/2022:18:30:53 -0700] "GET /blog/2006_06_01_archive.html HTTP/1.1" 404 88 "-" "Mozilla/5.0 (X11; Linux x86_64) AppleWebKit/537.36 (KHTML, like Gecko) Chrome/61.0.3163.79 Safari/537.36" "lusciousgracious.com"
34.67.131.42 - - [18/Oct/2022:19:07:03 -0700] "GET / HTTP/1.1" 200 270 "-" "Mozilla/5.0 (X11; Linux x86_64) AppleWebKit/537.36 (KHTML, like Gecko) Chrome/109.0.0.0 Safari/537.36" "lusciousgracious.com"
34.67.131.42 - - [18/Oct/2022:19:07:04 -0700] "GET /favicon.ico HTTP/1.1" 404 88 "http://lusciousgracious.com/" "Mozilla/5.0 (X11; Linux x86_64) AppleWebKit/537.36 (KHTML, like Gecko) Chrome/109.0.0.0 Safari/537.36" "lusciousgracious.com"
114.119.152.155 - - [18/Oct/2022:19:37:06 -0700] "GET /blog/bunnies.jpg HTTP/1.1" 404 88 "http://lusciousgracious.com/blog/2005/04/birthday-knitting-warning.html" "Mozilla/5.0 (Linux; Android 7.0;) AppleWebKit/537.36 (KHTML, like Gecko) Mobile Safari/537.36 (compatible; PetalBot;+https://webmaster.petalsearch.com/site/petalbot)" "lusciousgracious.com"
5.45.207.105 - - [18/Oct/2022:19:39:29 -0700] "GET /robots.txt HTTP/1.1" 404 73 "-" "Mozilla/5.0 (compatible; YandexBot/3.0; +http://yandex.com/bots)" "www.lusciousgracious.com"
87.250.224.198 - - [18/Oct/2022:19:39:33 -0700] "GET /photo/fresh/Wish/pages/10.htm HTTP/1.1" 404 88 "-" "Mozilla/5.0 (compatible; YandexBot/3.0; +http://yandex.com/bots)" "www.lusciousgracious.com"
3.249.221.190 - - [18/Oct/2022:19:40:46 -0700] "GET /stitched/index.htm HTTP/1.1" 404 88 "-" "webprosbot/2.0 (+mailto:abuse-6337@webpros.com)" "www.lusciousgracious.com"
195.191.219.131 - - [18/Oct/2022:19:49:35 -0700] "GET /robots.txt HTTP/1.1" 404 73 "-" "Mozilla/5.0 (compatible; MJ12bot/v1.4.8; http://mj12bot.com/)" "lusciousgracious.com"
195.191.219.131 - - [18/Oct/2022:19:49:38 -0700] "GET / HTTP/1.1" 200 270 "-" "Mozilla/5.0 (compatible; MJ12bot/v1.4.8; http://mj12bot.com/)" "lusciousgracious.com"
54.36.148.176 - - [18/Oct/2022:19:59:59 -0700] "GET /robots.txt HTTP/1.1" 404 88 "-" "Mozilla/5.0 (compatible; AhrefsBot/7.0; +http://ahrefs.com/robot/)" "lusciousgracious.com"
51.222.253.6 - - [18/Oct/2022:20:00:01 -0700] "GET /?C=D;O=A HTTP/1.1" 200 270 "-" "Mozilla/5.0 (compatible; AhrefsBot/7.0; +http://ahrefs.com/robot/)" "lusciousgracious.com"
192.34.84.8 - - [18/Oct/2022:20:01:01 -0700] "GET /blog/atom.xml HTTP/1.1" 404 73 "-" "Ravelry.com RSS Reader/0.3 2008-10-22" "lusciousgracious.com"
118.184.177.67 - - [18/Oct/2022:20:04:24 -0700] "GET / HTTP/1.1" 200 270 "-" "Sogou web spider/4.0(+http://www.sogou.com/docs/help/webmasters.htm#07)" "www.lusciousgracious.com"
87.250.224.169 - - [18/Oct/2022:20:20:55 -0700] "GET /cardsale/pages/17.htm HTTP/1.1" 404 88 "-" "Mozilla/5.0 (compatible; YandexBot/3.0; +http://yandex.com/bots)" "www.lusciousgracious.com"
35.167.241.213 - - [18/Oct/2022:20:23:30 -0700] "GET /stitched/index.htm HTTP/1.1" 404 88 "-" "Mozilla/5.0 (X11; Linux x86_64) AppleWebKit/537.36 (KHTML, like Gecko) Chrome/83.0.4103.97 Safari/537.36" "www.lusciousgracious.com"
54.244.212.43 - - [18/Oct/2022:20:23:30 -0700] "GET /stitched/index.htm HTTP/1.1" 404 88 "-" "Mozilla/5.0 (X11; Linux x86_64) AppleWebKit/537.36 (KHTML, like Gecko) Chrome/83.0.4103.97 Safari/537.36" "www.lusciousgracious.com"
54.36.148.198 - - [18/Oct/2022:20:26:53 -0700] "GET /robots.txt HTTP/1.1" 404 88 "-" "Mozilla/5.0 (compatible; AhrefsBot/7.0; +http://ahrefs.com/robot/)" "www.lusciousgracious.com"
51.222.253.15 - - [18/Oct/2022:20:26:54 -0700] "GET / HTTP/1.1" 200 270 "-" "Mozilla/5.0 (compatible; AhrefsBot/7.0; +http://ahrefs.com/robot/)" "www.lusciousgracious.com"
54.236.1.13 - - [18/Oct/2022:20:30:49 -0700] "GET /robots.txt HTTP/1.1" 404 88 "-" "Mozilla/5.0 (compatible; Pinterestbot/1.0; +http://www.pinterest.com/bot.html)" "lusciousgracious.com"
54.236.1.13 - - [18/Oct/2022:20:30:49 -0700] "GET /robots.txt HTTP/1.1" 404 88 "-" "Mozilla/5.0 (compatible; Pinterestbot/1.0; +http://www.pinterest.com/bot.html)" "lusciousgracious.com"
54.236.1.13 - - [18/Oct/2022:20:30:49 -0700] "GET / HTTP/1.1" 200 270 "-" "Mozilla/5.0 (compatible; Pinterestbot/1.0; +http://www.pinterest.com/bot.html)" "lusciousgracious.com"
50.54.130.20 - - [18/Oct/2022:20:39:59 -0700] "HEAD / HTTP/1.1" 200 - "https://www.bing.com" "Mozilla/5.0 (Macintosh; Intel Mac OS X 10_9_3) AppleWebKit/537.36 (KHTML, like Gecko) Chrome/35.0.1916.47 Safari/537.36" "lusciousgracious.com"
50.54.130.20 - - [18/Oct/2022:20:39:59 -0700] "GET /wp-login.php HTTP/1.1" 404 88 "http://lusciousgracious.com" "Mozilla/5.0 (Macintosh; Intel Mac OS X 10_9_3) AppleWebKit/537.36 (KHTML, like Gecko) Chrome/35.0.1916.47 Safari/537.36" "lusciousgracious.com"
50.54.130.20 - - [18/Oct/2022:20:40:00 -0700] "GET /wordpress/wp-login.php HTTP/1.1" 404 88 "http://lusciousgracious.com" "Mozilla/5.0 (Macintosh; Intel Mac OS X 10_9_3) AppleWebKit/537.36 (KHTML, like Gecko) Chrome/35.0.1916.47 Safari/537.36" "lusciousgracious.com"
50.54.130.20 - - [18/Oct/2022:20:40:00 -0700] "GET /blog/wp-login.php HTTP/1.1" 404 88 "http://lusciousgracious.com" "Mozilla/5.0 (Macintosh; Intel Mac OS X 10_9_3) AppleWebKit/537.36 (KHTML, like Gecko) Chrome/35.0.1916.47 Safari/537.36" "lusciousgracious.com"
50.54.130.20 - - [18/Oct/2022:20:40:01 -0700] "GET /wp/wp-login.php HTTP/1.1" 404 88 "http://lusciousgracious.com" "Mozilla/5.0 (Macintosh; Intel Mac OS X 10_9_3) AppleWebKit/537.36 (KHTML, like Gecko) Chrome/35.0.1916.47 Safari/537.36" "lusciousgracious.com"
97.117.122.209 - - [18/Oct/2022:20:46:46 -0700] "GET / HTTP/1.1" 200 270 "-" "Mozilla/5.0 (Macintosh; Intel Mac OS X 10_15_7) AppleWebKit/605.1.15 (KHTML, like Gecko) Version/15.4 Safari/605.1.15" "www.lusciousgracious.com"
172.226.68.45 - - [18/Oct/2022:20:51:04 -0700] "GET /border.htm HTTP/1.1" 404 88 "-" "Mozilla/5.0 (Macintosh; Intel Mac OS X 10_15_6) AppleWebKit/605.1.15 (KHTML, like Gecko) Version/15.1 Safari/605.1.15" "www.lusciousgracious.com"
172.226.68.45 - - [18/Oct/2022:20:51:04 -0700] "GET /favicon.ico HTTP/1.1" 404 88 "http://www.lusciousgracious.com/border.htm" "Mozilla/5.0 (Macintosh; Intel Mac OS X 10_15_6) AppleWebKit/605.1.15 (KHTML, like Gecko) Version/15.1 Safari/605.1.15" "www.lusciousgracious.com"
73.189.36.239 - - [18/Oct/2022:20:59:18 -0700] "GET /koolaid_files/image018.jpg HTTP/1.1" 404 73 "-" "Python-urllib/3.8" "lusciousgracious.com"
51.222.253.20 - - [18/Oct/2022:21:06:46 -0700] "GET / HTTP/1.1" 200 270 "-" "Mozilla/5.0 (compatible; AhrefsBot/7.0; +http://ahrefs.com/robot/)" "lusciousgracious.com"
51.222.253.12 - - [18/Oct/2022:21:24:44 -0700] "GET /stitched/episode1/jellyfishin.htm HTTP/1.1" 404 88 "-" "Mozilla/5.0 (compatible; AhrefsBot/7.0; +http://ahrefs.com/robot/)" "www.lusciousgracious.com"
70.39.246.37 - - [18/Oct/2022:21:28:59 -0700] "GET /blog/atom.xml HTTP/1.1" 404 88 "-" "Mozilla/5.0 Moreover/5.1 (+http://www.moreover.com)" "lusciousgracious.com"
192.34.84.8 - - [18/Oct/2022:21:30:14 -0700] "GET /blog/rss HTTP/1.1" 404 73 "-" "Ravelry.com RSS Reader/0.3 2008-10-22" "lusciousgracious.com"
34.70.33.206 - - [18/Oct/2022:21:34:01 -0700] "GET / HTTP/1.1" 200 270 "-" "Mozilla/5.0 (X11; Linux x86_64) AppleWebKit/537.36 (KHTML, like Gecko) Chrome/109.0.0.0 Safari/537.36" "lusciousgracious.com"
34.70.33.206 - - [18/Oct/2022:21:34:03 -0700] "GET /favicon.ico HTTP/1.1" 404 88 "http://lusciousgracious.com/" "Mozilla/5.0 (X11; Linux x86_64) AppleWebKit/537.36 (KHTML, like Gecko) Chrome/109.0.0.0 Safari/537.36" "lusciousgracious.com"
114.119.142.210 - - [18/Oct/2022:21:37:48 -0700] "GET /robots.txt HTTP/1.1" 404 88 "-" "Mozilla/5.0 (compatible;PetalBot;+https://webmaster.petalsearch.com/site/petalbot)" "www.lusciousgracious.com"
51.222.253.18 - - [18/Oct/2022:21:39:16 -0700] "GET /robots.txt HTTP/1.1" 404 88 "-" "Mozilla/5.0 (compatible; AhrefsBot/7.0; +http://ahrefs.com/robot/)" "www.lusciousgracious.com"
51.222.253.1 - - [18/Oct/2022:21:39:18 -0700] "GET / HTTP/1.1" 200 270 "-" "Mozilla/5.0 (compatible; AhrefsBot/7.0; +http://ahrefs.com/robot/)" "www.lusciousgracious.com"
51.222.253.3 - - [18/Oct/2022:22:04:23 -0700] "GET /?C=N;O=A HTTP/1.1" 200 270 "-" "Mozilla/5.0 (compatible; AhrefsBot/7.0; +http://ahrefs.com/robot/)" "www.lusciousgracious.com"
20.124.23.204 - - [18/Oct/2022:22:12:27 -0700] "GET / HTTP/1.1" 200 398 "-" "Mozilla/5.0 (Windows NT 10.0; Win64; x64) AppleWebKit/537.36 (KHTML, like Gecko) Chrome/63.0.3239.132 Safari/537.36" "lusciousgracious.com"
20.124.23.204 - - [18/Oct/2022:22:12:27 -0700] "GET /wp-includes/wlwmanifest.xml HTTP/1.1" 404 73 "-" "Mozilla/5.0 (Windows NT 10.0; Win64; x64) AppleWebKit/537.36 (KHTML, like Gecko) Chrome/63.0.3239.132 Safari/537.36" "lusciousgracious.com"
20.124.23.204 - - [18/Oct/2022:22:12:27 -0700] "GET /xmlrpc.php?rsd HTTP/1.1" 500 5667 "-" "Mozilla/5.0 (Windows NT 10.0; Win64; x64) AppleWebKit/537.36 (KHTML, like Gecko) Chrome/63.0.3239.132 Safari/537.36" "lusciousgracious.com"
20.124.23.204 - - [18/Oct/2022:22:12:29 -0700] "GET /wordpress/wp-includes/wlwmanifest.xml HTTP/1.1" 404 73 "-" "Mozilla/5.0 (Windows NT 10.0; Win64; x64) AppleWebKit/537.36 (KHTML, like Gecko) Chrome/63.0.3239.132 Safari/537.36" "lusciousgracious.com"
20.124.23.204 - - [18/Oct/2022:22:12:29 -0700] "GET /wp/wp-includes/wlwmanifest.xml HTTP/1.1" 404 73 "-" "Mozilla/5.0 (Windows NT 10.0; Win64; x64) AppleWebKit/537.36 (KHTML, like Gecko) Chrome/63.0.3239.132 Safari/537.36" "lusciousgracious.com"
20.124.23.204 - - [18/Oct/2022:22:12:30 -0700] "GET /2015/wp-includes/wlwmanifest.xml HTTP/1.1" 404 73 "-" "Mozilla/5.0 (Windows NT 10.0; Win64; x64) AppleWebKit/537.36 (KHTML, like Gecko) Chrome/63.0.3239.132 Safari/537.36" "lusciousgracious.com"
20.124.23.204 - - [18/Oct/2022:22:12:31 -0700] "GET /2016/wp-includes/wlwmanifest.xml HTTP/1.1" 404 73 "-" "Mozilla/5.0 (Windows NT 10.0; Win64; x64) AppleWebKit/537.36 (KHTML, like Gecko) Chrome/63.0.3239.132 Safari/537.36" "lusciousgracious.com"
20.124.23.204 - - [18/Oct/2022:22:12:31 -0700] "GET /2017/wp-includes/wlwmanifest.xml HTTP/1.1" 404 73 "-" "Mozilla/5.0 (Windows NT 10.0; Win64; x64) AppleWebKit/537.36 (KHTML, like Gecko) Chrome/63.0.3239.132 Safari/537.36" "lusciousgracious.com"
20.124.23.204 - - [18/Oct/2022:22:12:32 -0700] "GET /2018/wp-includes/wlwmanifest.xml HTTP/1.1" 404 73 "-" "Mozilla/5.0 (Windows NT 10.0; Win64; x64) AppleWebKit/537.36 (KHTML, like Gecko) Chrome/63.0.3239.132 Safari/537.36" "lusciousgracious.com"
20.124.23.204 - - [18/Oct/2022:22:12:34 -0700] "GET /test/wp-includes/wlwmanifest.xml HTTP/1.1" 404 73 "-" "Mozilla/5.0 (Windows NT 10.0; Win64; x64) AppleWebKit/537.36 (KHTML, like Gecko) Chrome/63.0.3239.132 Safari/537.36" "lusciousgracious.com"
20.124.23.204 - - [18/Oct/2022:22:12:34 -0700] "GET /media/wp-includes/wlwmanifest.xml HTTP/1.1" 404 73 "-" "Mozilla/5.0 (Windows NT 10.0; Win64; x64) AppleWebKit/537.36 (KHTML, like Gecko) Chrome/63.0.3239.132 Safari/537.36" "lusciousgracious.com"
20.124.23.204 - - [18/Oct/2022:22:12:34 -0700] "GET /wp2/wp-includes/wlwmanifest.xml HTTP/1.1" 404 73 "-" "Mozilla/5.0 (Windows NT 10.0; Win64; x64) AppleWebKit/537.36 (KHTML, like Gecko) Chrome/63.0.3239.132 Safari/537.36" "lusciousgracious.com"
20.124.23.204 - - [18/Oct/2022:22:12:36 -0700] "GET /site/wp-includes/wlwmanifest.xml HTTP/1.1" 404 73 "-" "Mozilla/5.0 (Windows NT 10.0; Win64; x64) AppleWebKit/537.36 (KHTML, like Gecko) Chrome/63.0.3239.132 Safari/537.36" "lusciousgracious.com"
20.124.23.204 - - [18/Oct/2022:22:12:37 -0700] "GET /cms/wp-includes/wlwmanifest.xml HTTP/1.1" 404 73 "-" "Mozilla/5.0 (Windows NT 10.0; Win64; x64) AppleWebKit/537.36 (KHTML, like Gecko) Chrome/63.0.3239.132 Safari/537.36" "lusciousgracious.com"
20.124.23.204 - - [18/Oct/2022:22:12:37 -0700] "GET /sito/wp-includes/wlwmanifest.xml HTTP/1.1" 404 73 "-" "Mozilla/5.0 (Windows NT 10.0; Win64; x64) AppleWebKit/537.36 (KHTML, like Gecko) Chrome/63.0.3239.132 Safari/537.36" "lusciousgracious.com"
51.222.253.18 - - [18/Oct/2022:22:30:56 -0700] "GET /?C=N;O=D HTTP/1.1" 200 268 "-" "Mozilla/5.0 (compatible; AhrefsBot/7.0; +http://ahrefs.com/robot/)" "lusciousgracious.com"
87.250.224.198 - - [18/Oct/2022:22:34:07 -0700] "GET /robots.txt HTTP/1.1" 404 73 "-" "Mozilla/5.0 (compatible; YandexBot/3.0; +http://yandex.com/bots)" "www.lusciousgracious.com"
5.45.207.105 - - [18/Oct/2022:22:34:11 -0700] "GET /photo/fresh/DBGFlowers/pages/05.htm HTTP/1.1" 404 88 "-" "Mozilla/5.0 (compatible; YandexBot/3.0; +http://yandex.com/bots)" "www.lusciousgracious.com"
66.249.79.153 - - [18/Oct/2022:22:35:44 -0700] "GET /robots.txt HTTP/1.1" 404 88 "-" "Mozilla/5.0 (compatible; Googlebot/2.1; +http://www.google.com/bot.html)" "www.lusciousgracious.com"
66.249.79.151 - - [18/Oct/2022:22:35:44 -0700] "GET /stitched/index.htm HTTP/1.1" 404 88 "-" "Mozilla/5.0 (compatible; Googlebot/2.1; +http://www.google.com/bot.html)" "www.lusciousgracious.com"
66.249.79.153 - - [18/Oct/2022:22:35:44 -0700] "GET /stitched/index.htm HTTP/1.1" 404 88 "-" "Mozilla/5.0 (Linux; Android 6.0.1; Nexus 5X Build/MMB29P) AppleWebKit/537.36 (KHTML, like Gecko) Chrome/106.0.5249.119 Mobile Safari/537.36 (compatible; Googlebot/2.1; +http://www.google.com/bot.html)" "www.lusciousgracious.com"
44.210.107.95 - - [18/Oct/2022:22:42:03 -0700] "GET /robots.txt HTTP/1.1" 404 73 "-" "Mozilla/5.0 (X11; Linux x86_64) AppleWebKit/537.36 (KHTML, like Gecko) Chrome/94.0.4606.81 Safari/537.36" "lusciousgracious.com"
44.210.107.95 - - [18/Oct/2022:22:42:03 -0700] "GET / HTTP/1.1" 200 398 "-" "Mozilla/5.0 (X11; Linux x86_64) AppleWebKit/537.36 (KHTML, like Gecko) Chrome/94.0.4606.81 Safari/537.36" "lusciousgracious.com"
35.208.200.216 - - [18/Oct/2022:22:53:01 -0700] "HEAD / HTTP/1.1" 200 - "-" "scalaj-http/2.4.2" "lusciousgracious.com"
35.208.200.216 - - [18/Oct/2022:22:53:01 -0700] "GET / HTTP/1.1" 200 270 "-" "Buck/2.3.2; (+https://app.hypefactors.com/media-monitoring/about.html)" "lusciousgracious.com"
35.208.200.216 - - [18/Oct/2022:22:53:01 -0700] "GET /robots.txt HTTP/1.1" 404 88 "-" "Buck/2.3.2; (+https://app.hypefactors.com/media-monitoring/about.html)" "lusciousgracious.com"
35.208.200.216 - - [18/Oct/2022:22:53:02 -0700] "GET /sitemap.xml HTTP/1.1" 404 88 "-" "Buck/2.3.2; (+https://app.hypefactors.com/media-monitoring/about.html)" "lusciousgracious.com"
51.222.253.16 - - [18/Oct/2022:22:54:19 -0700] "GET /stitched/episode1/AZffsocks.htm HTTP/1.1" 404 88 "-" "Mozilla/5.0 (compatible; AhrefsBot/7.0; +http://ahrefs.com/robot/)" "www.lusciousgracious.com"
5.255.253.145 - - [18/Oct/2022:23:10:52 -0700] "GET /cardsale/pages/69.htm HTTP/1.1" 404 88 "-" "Mozilla/5.0 (compatible; YandexBot/3.0; +http://yandex.com/bots)" "www.lusciousgracious.com"
51.222.253.12 - - [18/Oct/2022:23:17:34 -0700] "GET /?C=D;O=A HTTP/1.1" 200 270 "-" "Mozilla/5.0 (compatible; AhrefsBot/7.0; +http://ahrefs.com/robot/)" "www.lusciousgracious.com"
54.236.1.11 - - [18/Oct/2022:23:25:25 -0700] "GET /robots.txt HTTP/1.1" 404 88 "-" "Mozilla/5.0 (compatible; Pinterestbot/1.0; +http://www.pinterest.com/bot.html)" "lusciousgracious.com"
54.236.1.11 - - [18/Oct/2022:23:25:26 -0700] "GET /robots.txt HTTP/1.1" 404 88 "-" "Mozilla/5.0 (compatible; Pinterestbot/1.0; +http://www.pinterest.com/bot.html)" "lusciousgracious.com"
54.236.1.11 - - [18/Oct/2022:23:25:26 -0700] "GET /blog/uploaded_images/sweater-777980.jpg HTTP/1.1" 404 88 "-" "Mozilla/5.0 (compatible; Pinterestbot/1.0; +http://www.pinterest.com/bot.html)" "lusciousgracious.com"
51.222.253.20 - - [19/Oct/2022:00:00:23 -0700] "GET /?C=D;O=A HTTP/1.1" 200 270 "-" "Mozilla/5.0 (compatible; AhrefsBot/7.0; +http://ahrefs.com/robot/)" "lusciousgracious.com"
54.236.1.13 - - [19/Oct/2022:00:08:16 -0700] "GET /robots.txt HTTP/1.1" 404 88 "-" "Mozilla/5.0 (compatible; Pinterestbot/1.0; +http://www.pinterest.com/bot.html)" "lusciousgracious.com"
54.236.1.13 - - [19/Oct/2022:00:08:16 -0700] "GET /clickit_files/image016.jpg HTTP/1.1" 404 88 "-" "Mozilla/5.0 (compatible; Pinterestbot/1.0; +http://www.pinterest.com/bot.html)" "lusciousgracious.com"
192.34.84.8 - - [19/Oct/2022:00:31:15 -0700] "GET /blog/rss HTTP/1.1" 404 73 "-" "Ravelry.com RSS Reader/0.3 2008-10-22" "lusciousgracious.com"
51.222.253.15 - - [19/Oct/2022:00:39:59 -0700] "GET /?C=S;O=A HTTP/1.1" 200 271 "-" "Mozilla/5.0 (compatible; AhrefsBot/7.0; +http://ahrefs.com/robot/)" "lusciousgracious.com"
146.70.59.45 - - [19/Oct/2022:00:47:40 -0700] "GET /blog/2009/08/hello-amyville-baby-sweater.html HTTP/1.1" 404 88 "http://lusciousgracious.com" "Mozilla/5.0 (Windows NT 10.0; Win64; x64) AppleWebKit/537.36 (KHTML, like Gecko) Chrome/62.0.3202.94 Safari/537.36" "lusciousgracious.com"
