5.188.210.20 - - [22/Oct/2022:12:22:06 -0700] "GET /index.html HTTP/1.1" 404 73 "http://www.lusciousgracious.com/index.html" "Mozilla/5.0 (Windows NT 6.1) AppleWebKit/537.36 (KHTML, like Gecko) Chrome/90.0.4430.85 Safari/537.36" "www.lusciousgracious.com"
192.34.84.8 - - [22/Oct/2022:12:31:18 -0700] "GET /blog/atom.xml HTTP/1.1" 404 73 "-" "Ravelry.com RSS Reader/0.3 2008-10-22" "lusciousgracious.com"
54.236.1.11 - - [22/Oct/2022:12:44:58 -0700] "GET /robots.txt HTTP/1.1" 404 88 "-" "Mozilla/5.0 (compatible; Pinterestbot/1.0; +http://www.pinterest.com/bot.html)" "lusciousgracious.com"
54.236.1.13 - - [22/Oct/2022:12:44:58 -0700] "GET /robots.txt HTTP/1.1" 404 88 "-" "Mozilla/5.0 (compatible; Pinterestbot/1.0; +http://www.pinterest.com/bot.html)" "lusciousgracious.com"
54.236.1.11 - - [22/Oct/2022:12:44:58 -0700] "GET /blog/uploaded_images/sweaterdetail1-753819.jpg HTTP/1.1" 404 88 "-" "Mozilla/5.0 (compatible; Pinterestbot/1.0; +http://www.pinterest.com/bot.html)" "lusciousgracious.com"
54.236.1.11 - - [22/Oct/2022:12:54:55 -0700] "GET /blog/2005/08/art-rock-rock-art.html HTTP/1.1" 404 88 "-" "Mozilla/5.0 (compatible; Pinterestbot/1.0; +http://www.pinterest.com/bot.html)" "lusciousgracious.com"
54.236.1.11 - - [22/Oct/2022:12:54:55 -0700] "GET /blog/uploaded_images/sweater-776892.jpg HTTP/1.1" 404 88 "-" "Mozilla/5.0 (compatible; Pinterestbot/1.0; +http://www.pinterest.com/bot.html)" "lusciousgracious.com"
149.56.26.144 - - [22/Oct/2022:13:09:51 -0700] "HEAD /home.htm HTTP/1.1" 404 - "https://felting.craftgossip.com" "Mozilla/5.0 (Windows NT 10.0; Win64; x64) AppleWebKit/537.36 (KHTML, like Gecko) Chrome/104.0.5112.34 Safari/537.36" "www.lusciousgracious.com"
149.56.26.144 - - [22/Oct/2022:13:09:51 -0700] "GET /home.htm HTTP/1.1" 404 73 "https://felting.craftgossip.com" "Mozilla/5.0 (Windows NT 10.0; Win64; x64) AppleWebKit/537.36 (KHTML, like Gecko) Chrome/104.0.5112.34 Safari/537.36" "www.lusciousgracious.com"
149.56.26.144 - - [22/Oct/2022:13:19:52 -0700] "HEAD /strap.htm HTTP/1.1" 404 - "https://felting.craftgossip.com" "Mozilla/5.0 (Windows NT 10.0; Win64; x64) AppleWebKit/537.36 (KHTML, like Gecko) Chrome/104.0.5112.34 Safari/537.36" "lusciousgracious.com"
149.56.26.144 - - [22/Oct/2022:13:19:52 -0700] "GET /strap.htm HTTP/1.1" 404 73 "https://felting.craftgossip.com" "Mozilla/5.0 (Windows NT 10.0; Win64; x64) AppleWebKit/537.36 (KHTML, like Gecko) Chrome/104.0.5112.34 Safari/537.36" "lusciousgracious.com"
149.56.26.144 - - [22/Oct/2022:13:29:09 -0700] "HEAD /stitched/episode1/jellyfishin.htm HTTP/1.1" 404 - "https://felting.craftgossip.com" "Mozilla/5.0 (Windows NT 10.0; Win64; x64) AppleWebKit/537.36 (KHTML, like Gecko) Chrome/104.0.5112.34 Safari/537.36" "www.lusciousgracious.com"
149.56.26.144 - - [22/Oct/2022:13:29:10 -0700] "GET /stitched/episode1/jellyfishin.htm HTTP/1.1" 404 73 "https://felting.craftgossip.com" "Mozilla/5.0 (Windows NT 10.0; Win64; x64) AppleWebKit/537.36 (KHTML, like Gecko) Chrome/104.0.5112.34 Safari/537.36" "www.lusciousgracious.com"
114.119.144.15 - - [22/Oct/2022:13:30:40 -0700] "GET /blog/uploaded_images/DSCN4233-712802.jpg HTTP/1.1" 404 88 "http://lusciousgracious.com/blog/2005/10/full-sized-vs-mini.html" "Mozilla/5.0 (Linux; Android 7.0;) AppleWebKit/537.36 (KHTML, like Gecko) Mobile Safari/537.36 (compatible; PetalBot;+https://webmaster.petalsearch.com/site/petalbot)" "lusciousgracious.com"
54.236.1.11 - - [22/Oct/2022:13:34:44 -0700] "GET /robots.txt HTTP/1.1" 404 88 "-" "Mozilla/5.0 (compatible; Pinterestbot/1.0; +http://www.pinterest.com/bot.html)" "lusciousgracious.com"
54.236.1.11 - - [22/Oct/2022:13:34:44 -0700] "GET /blog/uploaded_images/sweater-777980.jpg HTTP/1.1" 404 88 "-" "Mozilla/5.0 (compatible; Pinterestbot/1.0; +http://www.pinterest.com/bot.html)" "lusciousgracious.com"
70.39.246.37 - - [22/Oct/2022:14:15:24 -0700] "GET /blog/atom.xml HTTP/1.1" 404 88 "-" "Mozilla/5.0 Moreover/5.1 (+http://www.moreover.com)" "lusciousgracious.com"
5.188.210.87 - - [22/Oct/2022:14:16:24 -0700] "GET /blog/index.html HTTP/1.1" 404 73 "http://www.lusciousgracious.com/blog/index.html" "Mozilla/5.0 (Windows NT 6.1) AppleWebKit/537.36 (KHTML, like Gecko) Chrome/90.0.4430.85 Safari/537.36" "www.lusciousgracious.com"
5.188.210.87 - - [22/Oct/2022:14:16:24 -0700] "GET /index.html HTTP/1.1" 404 73 "http://www.lusciousgracious.com/index.html" "Mozilla/5.0 (Windows NT 6.1) AppleWebKit/537.36 (KHTML, like Gecko) Chrome/90.0.4430.85 Safari/537.36" "www.lusciousgracious.com"
192.34.84.8 - - [22/Oct/2022:14:45:36 -0700] "GET /blog/rss HTTP/1.1" 404 73 "-" "Ravelry.com RSS Reader/0.3 2008-10-22" "lusciousgracious.com"
64.124.8.38 - - [22/Oct/2022:14:51:23 -0700] "GET /robots.txt HTTP/1.1" 404 88 "-" "Mozilla/5.0 (X11; Linux x86_64) AppleWebKit/537.36 (KHTML, like Gecko) Chrome/61.0.3163.79 Safari/537.36" "www.lusciousgracious.com"
64.124.8.38 - - [22/Oct/2022:14:51:23 -0700] "GET /stitched/episode1/jellyfishin.htm HTTP/1.1" 404 88 "-" "Mozilla/5.0 (X11; Linux x86_64) AppleWebKit/537.36 (KHTML, like Gecko) Chrome/61.0.3163.79 Safari/537.36" "www.lusciousgracious.com"
64.124.8.27 - - [22/Oct/2022:14:52:04 -0700] "GET /robots.txt HTTP/1.1" 404 88 "-" "Mozilla/5.0 (X11; Linux x86_64) AppleWebKit/537.36 (KHTML, like Gecko) Chrome/61.0.3163.79 Safari/537.36" "lusciousgracious.com"
64.124.8.27 - - [22/Oct/2022:14:52:04 -0700] "GET /blog HTTP/1.1" 404 88 "-" "Mozilla/5.0 (X11; Linux x86_64) AppleWebKit/537.36 (KHTML, like Gecko) Chrome/61.0.3163.79 Safari/537.36" "lusciousgracious.com"
64.124.8.27 - - [22/Oct/2022:14:55:19 -0700] "GET /blog/2008/09/mason-dixon-kiki.html HTTP/1.1" 404 88 "-" "Mozilla/5.0 (X11; Linux x86_64) AppleWebKit/537.36 (KHTML, like Gecko) Chrome/61.0.3163.79 Safari/537.36" "lusciousgracious.com"
64.124.8.38 - - [22/Oct/2022:14:59:16 -0700] "GET / HTTP/1.1" 200 270 "-" "Mozilla/5.0 (X11; Linux x86_64) AppleWebKit/537.36 (KHTML, like Gecko) Chrome/61.0.3163.79 Safari/537.36" "www.lusciousgracious.com"
5.255.253.185 - - [22/Oct/2022:15:01:31 -0700] "GET /robots.txt HTTP/1.1" 404 73 "-" "Mozilla/5.0 (compatible; YandexBot/3.0; +http://yandex.com/bots)" "www.lusciousgracious.com"
5.255.231.115 - - [22/Oct/2022:15:01:35 -0700] "GET /roses/pages/02.htm HTTP/1.1" 404 88 "-" "Mozilla/5.0 (compatible; YandexBot/3.0; +http://yandex.com/bots)" "www.lusciousgracious.com"
64.124.8.38 - - [22/Oct/2022:15:08:58 -0700] "GET /blog/2005/11/free-knitting-pattern-friday.html HTTP/1.1" 404 88 "-" "Mozilla/5.0 (X11; Linux x86_64) AppleWebKit/537.36 (KHTML, like Gecko) Chrome/61.0.3163.79 Safari/537.36" "www.lusciousgracious.com"
64.124.8.38 - - [22/Oct/2022:15:09:51 -0700] "GET /blog/index.html HTTP/1.1" 404 88 "-" "Mozilla/5.0 (X11; Linux x86_64) AppleWebKit/537.36 (KHTML, like Gecko) Chrome/61.0.3163.79 Safari/537.36" "www.lusciousgracious.com"
5.188.210.84 - - [22/Oct/2022:15:29:32 -0700] "GET /blog/ HTTP/1.1" 404 73 "http://lusciousgracious.com/blog/" "Mozilla/5.0 (Windows NT 6.1; Win64; x64) AppleWebKit/537.36 (KHTML, like Gecko) Chrome/90.0.4430.93 Safari/537.36" "lusciousgracious.com"
5.188.210.84 - - [22/Oct/2022:15:29:33 -0700] "GET / HTTP/1.1" 200 398 "http://lusciousgracious.com/" "Mozilla/5.0 (Windows NT 6.1; Win64; x64) AppleWebKit/537.36 (KHTML, like Gecko) Chrome/90.0.4430.93 Safari/537.36" "lusciousgracious.com"
209.112.137.77 - - [22/Oct/2022:15:43:06 -0700] "GET /felt.htm HTTP/1.1" 404 88 "-" "Mozilla/5.0 (iPad; CPU OS 12_5_6 like Mac OS X) AppleWebKit/605.1.15 (KHTML, like Gecko) Version/12.1.2 Mobile/15E148 Safari/604.1" "lusciousgracious.com"
209.112.137.77 - - [22/Oct/2022:15:43:07 -0700] "GET /apple-touch-icon-152x152-precomposed.png HTTP/1.1" 404 88 "-" "MobileSafari/604.1 CFNetwork/978.0.7 Darwin/18.7.0" "lusciousgracious.com"
209.112.137.77 - - [22/Oct/2022:15:43:08 -0700] "GET /apple-touch-icon-152x152.png HTTP/1.1" 404 88 "-" "MobileSafari/604.1 CFNetwork/978.0.7 Darwin/18.7.0" "lusciousgracious.com"
209.112.137.77 - - [22/Oct/2022:15:43:08 -0700] "GET /apple-touch-icon-precomposed.png HTTP/1.1" 404 88 "-" "MobileSafari/604.1 CFNetwork/978.0.7 Darwin/18.7.0" "lusciousgracious.com"
209.112.137.77 - - [22/Oct/2022:15:43:08 -0700] "GET /apple-touch-icon.png HTTP/1.1" 404 88 "-" "MobileSafari/604.1 CFNetwork/978.0.7 Darwin/18.7.0" "lusciousgracious.com"
209.112.137.77 - - [22/Oct/2022:15:43:09 -0700] "GET /favicon.ico HTTP/1.1" 404 88 "-" "MobileSafari/604.1 CFNetwork/978.0.7 Darwin/18.7.0" "lusciousgracious.com"
209.112.137.77 - - [22/Oct/2022:15:43:09 -0700] "GET /apple-touch-icon-152x152-precomposed.png HTTP/1.1" 404 88 "-" "MobileSafari/604.1 CFNetwork/978.0.7 Darwin/18.7.0" "lusciousgracious.com"
209.112.137.77 - - [22/Oct/2022:15:43:10 -0700] "GET /apple-touch-icon-152x152.png HTTP/1.1" 404 88 "-" "MobileSafari/604.1 CFNetwork/978.0.7 Darwin/18.7.0" "lusciousgracious.com"
209.112.137.77 - - [22/Oct/2022:15:43:10 -0700] "GET /apple-touch-icon-precomposed.png HTTP/1.1" 404 88 "-" "MobileSafari/604.1 CFNetwork/978.0.7 Darwin/18.7.0" "lusciousgracious.com"
209.112.137.77 - - [22/Oct/2022:15:43:10 -0700] "GET /apple-touch-icon.png HTTP/1.1" 404 88 "-" "MobileSafari/604.1 CFNetwork/978.0.7 Darwin/18.7.0" "lusciousgracious.com"
209.112.137.77 - - [22/Oct/2022:15:43:11 -0700] "GET /favicon.ico HTTP/1.1" 404 88 "-" "MobileSafari/604.1 CFNetwork/978.0.7 Darwin/18.7.0" "lusciousgracious.com"
5.188.210.80 - - [22/Oct/2022:15:46:48 -0700] "GET /blog/index.html HTTP/1.1" 404 73 "http://www.lusciousgracious.com/blog/index.html" "Mozilla/5.0 (Windows NT 6.1; Win64; x64) AppleWebKit/537.36 (KHTML, like Gecko) Chrome/90.0.4430.93 Safari/537.36" "www.lusciousgracious.com"
5.188.210.80 - - [22/Oct/2022:15:46:49 -0700] "GET /index.html HTTP/1.1" 404 73 "http://www.lusciousgracious.com/index.html" "Mozilla/5.0 (Windows NT 6.1; Win64; x64) AppleWebKit/537.36 (KHTML, like Gecko) Chrome/90.0.4430.93 Safari/537.36" "www.lusciousgracious.com"
192.34.84.8 - - [22/Oct/2022:15:46:50 -0700] "GET /blog/atom.xml HTTP/1.1" 404 73 "-" "Ravelry.com RSS Reader/0.3 2008-10-22" "lusciousgracious.com"
64.124.8.45 - - [22/Oct/2022:15:51:40 -0700] "GET /robots.txt HTTP/1.1" 404 88 "-" "Mozilla/5.0 (X11; Linux x86_64) AppleWebKit/537.36 (KHTML, like Gecko) Chrome/61.0.3163.79 Safari/537.36" "lusciousgracious.com"
64.124.8.45 - - [22/Oct/2022:15:51:40 -0700] "GET /shopknit.htm HTTP/1.1" 404 88 "-" "Mozilla/5.0 (X11; Linux x86_64) AppleWebKit/537.36 (KHTML, like Gecko) Chrome/61.0.3163.79 Safari/537.36" "lusciousgracious.com"
64.124.8.45 - - [22/Oct/2022:15:53:39 -0700] "GET /blog/2006/02/hvd.html HTTP/1.1" 404 88 "-" "Mozilla/5.0 (X11; Linux x86_64) AppleWebKit/537.36 (KHTML, like Gecko) Chrome/61.0.3163.79 Safari/537.36" "lusciousgracious.com"
64.124.8.45 - - [22/Oct/2022:15:53:49 -0700] "GET /newwords1.htm HTTP/1.1" 404 88 "-" "Mozilla/5.0 (X11; Linux x86_64) AppleWebKit/537.36 (KHTML, like Gecko) Chrome/61.0.3163.79 Safari/537.36" "lusciousgracious.com"
5.188.210.97 - - [22/Oct/2022:15:55:16 -0700] "GET /blog/ HTTP/1.1" 404 73 "http://lusciousgracious.com/blog/" "Mozilla/5.0 (Windows NT 10.0; Win64; x64) AppleWebKit/537.36 (KHTML, like Gecko) Chrome/90.0.4430.85 Safari/537.36" "lusciousgracious.com"
5.188.210.97 - - [22/Oct/2022:15:55:16 -0700] "GET / HTTP/1.1" 200 398 "http://lusciousgracious.com/" "Mozilla/5.0 (Windows NT 10.0; Win64; x64) AppleWebKit/537.36 (KHTML, like Gecko) Chrome/90.0.4430.85 Safari/537.36" "lusciousgracious.com"
64.124.8.45 - - [22/Oct/2022:15:57:21 -0700] "GET /blog/2007_09_01_archive.html HTTP/1.1" 404 88 "-" "Mozilla/5.0 (X11; Linux x86_64) AppleWebKit/537.36 (KHTML, like Gecko) Chrome/61.0.3163.79 Safari/537.36" "lusciousgracious.com"
64.124.8.59 - - [22/Oct/2022:15:59:05 -0700] "GET /robots.txt HTTP/1.1" 404 88 "-" "Mozilla/5.0 (X11; Linux x86_64) AppleWebKit/537.36 (KHTML, like Gecko) Chrome/61.0.3163.79 Safari/537.36" "www.lusciousgracious.com"
64.124.8.59 - - [22/Oct/2022:15:59:05 -0700] "GET /stitched/episode0/menu.htm HTTP/1.1" 404 88 "-" "Mozilla/5.0 (X11; Linux x86_64) AppleWebKit/537.36 (KHTML, like Gecko) Chrome/61.0.3163.79 Safari/537.36" "www.lusciousgracious.com"
64.124.8.45 - - [22/Oct/2022:16:01:59 -0700] "GET /blog/2006_08_01_archive.html HTTP/1.1" 404 88 "-" "Mozilla/5.0 (X11; Linux x86_64) AppleWebKit/537.36 (KHTML, like Gecko) Chrome/61.0.3163.79 Safari/537.36" "lusciousgracious.com"
54.236.1.13 - - [22/Oct/2022:16:03:22 -0700] "GET /robots.txt HTTP/1.1" 404 88 "-" "Mozilla/5.0 (compatible; Pinterestbot/1.0; +http://www.pinterest.com/bot.html)" "lusciousgracious.com"
54.236.1.11 - - [22/Oct/2022:16:03:22 -0700] "GET /robots.txt HTTP/1.1" 404 88 "-" "Mozilla/5.0 (compatible; Pinterestbot/1.0; +http://www.pinterest.com/bot.html)" "lusciousgracious.com"
54.236.1.11 - - [22/Oct/2022:16:03:22 -0700] "GET /clickit_files/image016.jpg HTTP/1.1" 404 88 "-" "Mozilla/5.0 (compatible; Pinterestbot/1.0; +http://www.pinterest.com/bot.html)" "lusciousgracious.com"
5.188.210.91 - - [22/Oct/2022:16:05:04 -0700] "GET /blog/index.html HTTP/1.1" 404 73 "http://www.lusciousgracious.com/blog/index.html" "Mozilla/5.0 (Windows NT 6.1) AppleWebKit/537.36 (KHTML, like Gecko) Chrome/90.0.4430.93 Safari/537.36" "www.lusciousgracious.com"
5.188.210.91 - - [22/Oct/2022:16:05:05 -0700] "GET /index.html HTTP/1.1" 404 73 "http://www.lusciousgracious.com/index.html" "Mozilla/5.0 (Windows NT 6.1) AppleWebKit/537.36 (KHTML, like Gecko) Chrome/90.0.4430.93 Safari/537.36" "www.lusciousgracious.com"
64.124.8.45 - - [22/Oct/2022:16:06:23 -0700] "GET /photo/fresh/07AZwDave/index.htm HTTP/1.1" 404 88 "-" "Mozilla/5.0 (X11; Linux x86_64) AppleWebKit/537.36 (KHTML, like Gecko) Chrome/61.0.3163.79 Safari/537.36" "lusciousgracious.com"
64.124.8.45 - - [22/Oct/2022:16:07:17 -0700] "GET /gallery/pages/flowerfaery1.htm HTTP/1.1" 404 88 "-" "Mozilla/5.0 (X11; Linux x86_64) AppleWebKit/537.36 (KHTML, like Gecko) Chrome/61.0.3163.79 Safari/537.36" "lusciousgracious.com"
64.124.8.45 - - [22/Oct/2022:16:07:41 -0700] "GET /gallery/pages/molinierbag.htm HTTP/1.1" 404 88 "-" "Mozilla/5.0 (X11; Linux x86_64) AppleWebKit/537.36 (KHTML, like Gecko) Chrome/61.0.3163.79 Safari/537.36" "lusciousgracious.com"
64.124.8.59 - - [22/Oct/2022:16:11:34 -0700] "GET /photo/fresh/Wish/pages/11.htm HTTP/1.1" 404 88 "-" "Mozilla/5.0 (X11; Linux x86_64) AppleWebKit/537.36 (KHTML, like Gecko) Chrome/61.0.3163.79 Safari/537.36" "www.lusciousgracious.com"
72.24.73.244 - - [22/Oct/2022:16:26:17 -0700] "GET / HTTP/1.1" 200 270 "-" "Mozilla/5.0 (iPhone; CPU iPhone OS 16_0 like Mac OS X) AppleWebKit/605.1.15 (KHTML, like Gecko) Version/16.0 Mobile/15E148 Safari/604.1" "www.lusciousgracious.com"
114.119.150.57 - - [22/Oct/2022:16:28:12 -0700] "GET /robots.txt HTTP/1.1" 404 88 "-" "Mozilla/5.0 (compatible;PetalBot;+https://webmaster.petalsearch.com/site/petalbot)" "lusciousgracious.com"
64.124.8.45 - - [22/Oct/2022:16:33:39 -0700] "GET /stitched/episode2/M1.htm HTTP/1.1" 404 88 "-" "Mozilla/5.0 (X11; Linux x86_64) AppleWebKit/537.36 (KHTML, like Gecko) Chrome/61.0.3163.79 Safari/537.36" "lusciousgracious.com"
64.124.8.24 - - [22/Oct/2022:16:39:51 -0700] "GET /stitched/index.htm HTTP/1.1" 404 88 "-" "Mozilla/5.0 (X11; Linux x86_64) AppleWebKit/537.36 (KHTML, like Gecko) Chrome/61.0.3163.79 Safari/537.36" "www.lusciousgracious.com"
64.124.8.24 - - [22/Oct/2022:16:39:51 -0700] "GET /robots.txt HTTP/1.1" 404 88 "-" "Mozilla/5.0 (X11; Linux x86_64) AppleWebKit/537.36 (KHTML, like Gecko) Chrome/61.0.3163.79 Safari/537.36" "www.lusciousgracious.com"
64.124.8.24 - - [22/Oct/2022:16:39:51 -0700] "GET /stitched/index.htm HTTP/1.1" 404 88 "-" "Mozilla/5.0 (X11; Linux x86_64) AppleWebKit/537.36 (KHTML, like Gecko) Chrome/61.0.3163.79 Safari/537.36" "www.lusciousgracious.com"
5.255.231.115 - - [22/Oct/2022:16:49:19 -0700] "GET /robots.txt HTTP/1.1" 404 73 "-" "Mozilla/5.0 (compatible; YandexBot/3.0; +http://yandex.com/bots)" "www.lusciousgracious.com"
5.255.253.185 - - [22/Oct/2022:16:49:22 -0700] "GET /cardsale/pages/10.htm HTTP/1.1" 404 88 "-" "Mozilla/5.0 (compatible; YandexBot/3.0; +http://yandex.com/bots)" "www.lusciousgracious.com"
64.124.8.46 - - [22/Oct/2022:16:53:13 -0700] "GET /robots.txt HTTP/1.1" 404 88 "-" "Mozilla/5.0 (X11; Linux x86_64) AppleWebKit/537.36 (KHTML, like Gecko) Chrome/61.0.3163.79 Safari/537.36" "lusciousgracious.com"
64.124.8.46 - - [22/Oct/2022:16:53:14 -0700] "GET /home.html HTTP/1.1" 404 88 "-" "Mozilla/5.0 (X11; Linux x86_64) AppleWebKit/537.36 (KHTML, like Gecko) Chrome/61.0.3163.79 Safari/537.36" "lusciousgracious.com"
64.124.8.46 - - [22/Oct/2022:16:57:04 -0700] "GET /stitched/episode0/share.htm HTTP/1.1" 404 88 "-" "Mozilla/5.0 (X11; Linux x86_64) AppleWebKit/537.36 (KHTML, like Gecko) Chrome/61.0.3163.79 Safari/537.36" "lusciousgracious.com"
64.124.8.46 - - [22/Oct/2022:16:57:38 -0700] "GET /stitched/episode2/episode2dtl.htm HTTP/1.1" 404 88 "-" "Mozilla/5.0 (X11; Linux x86_64) AppleWebKit/537.36 (KHTML, like Gecko) Chrome/61.0.3163.79 Safari/537.36" "lusciousgracious.com"
64.124.8.40 - - [22/Oct/2022:17:03:05 -0700] "GET /robots.txt HTTP/1.1" 404 88 "-" "Mozilla/5.0 (X11; Linux x86_64) AppleWebKit/537.36 (KHTML, like Gecko) Chrome/61.0.3163.79 Safari/537.36" "www.lusciousgracious.com"
64.124.8.40 - - [22/Oct/2022:17:03:05 -0700] "GET /photo/fresh/Wish/pages/22.htm HTTP/1.1" 404 88 "-" "Mozilla/5.0 (X11; Linux x86_64) AppleWebKit/537.36 (KHTML, like Gecko) Chrome/61.0.3163.79 Safari/537.36" "www.lusciousgracious.com"
64.124.8.46 - - [22/Oct/2022:17:06:59 -0700] "GET /blog/2006_06_01_archive.html HTTP/1.1" 404 88 "-" "Mozilla/5.0 (X11; Linux x86_64) AppleWebKit/537.36 (KHTML, like Gecko) Chrome/61.0.3163.79 Safari/537.36" "lusciousgracious.com"
64.124.8.46 - - [22/Oct/2022:17:08:56 -0700] "GET /stitched/episode2/fairplay.htm HTTP/1.1" 404 88 "-" "Mozilla/5.0 (X11; Linux x86_64) AppleWebKit/537.36 (KHTML, like Gecko) Chrome/61.0.3163.79 Safari/537.36" "lusciousgracious.com"
64.124.8.46 - - [22/Oct/2022:17:14:05 -0700] "GET /gallery/pages/tiemetothebedpost.htm HTTP/1.1" 404 88 "-" "Mozilla/5.0 (X11; Linux x86_64) AppleWebKit/537.36 (KHTML, like Gecko) Chrome/61.0.3163.79 Safari/537.36" "lusciousgracious.com"
64.124.8.40 - - [22/Oct/2022:17:14:14 -0700] "GET /photo/fresh/Wish/pages/18.htm HTTP/1.1" 404 88 "-" "Mozilla/5.0 (X11; Linux x86_64) AppleWebKit/537.36 (KHTML, like Gecko) Chrome/61.0.3163.79 Safari/537.36" "www.lusciousgracious.com"
64.124.8.46 - - [22/Oct/2022:17:15:16 -0700] "GET /stitched/episode1/vintage.htm HTTP/1.1" 404 88 "-" "Mozilla/5.0 (X11; Linux x86_64) AppleWebKit/537.36 (KHTML, like Gecko) Chrome/61.0.3163.79 Safari/537.36" "lusciousgracious.com"
64.124.8.40 - - [22/Oct/2022:17:15:47 -0700] "GET /stitched/episode1/twists.htm HTTP/1.1" 404 88 "-" "Mozilla/5.0 (X11; Linux x86_64) AppleWebKit/537.36 (KHTML, like Gecko) Chrome/61.0.3163.79 Safari/537.36" "www.lusciousgracious.com"
64.124.8.46 - - [22/Oct/2022:17:19:30 -0700] "GET /blog/2005_07_01_archive.html HTTP/1.1" 404 88 "-" "Mozilla/5.0 (X11; Linux x86_64) AppleWebKit/537.36 (KHTML, like Gecko) Chrome/61.0.3163.79 Safari/537.36" "lusciousgracious.com"
64.124.8.46 - - [22/Oct/2022:17:21:08 -0700] "GET / HTTP/1.1" 200 270 "-" "Mozilla/5.0 (X11; Linux x86_64) AppleWebKit/537.36 (KHTML, like Gecko) Chrome/61.0.3163.79 Safari/537.36" "lusciousgracious.com"
64.124.8.46 - - [22/Oct/2022:17:24:47 -0700] "GET /gallery/pages/daisyshldrbag.htm HTTP/1.1" 404 88 "-" "Mozilla/5.0 (X11; Linux x86_64) AppleWebKit/537.36 (KHTML, like Gecko) Chrome/61.0.3163.79 Safari/537.36" "lusciousgracious.com"
64.124.8.46 - - [22/Oct/2022:17:28:25 -0700] "GET /gallery/absval/absval.htm HTTP/1.1" 404 88 "-" "Mozilla/5.0 (X11; Linux x86_64) AppleWebKit/537.36 (KHTML, like Gecko) Chrome/61.0.3163.79 Safari/537.36" "lusciousgracious.com"
64.124.8.46 - - [22/Oct/2022:17:29:29 -0700] "GET /stitched/episode1/fairplay.htm HTTP/1.1" 404 88 "-" "Mozilla/5.0 (X11; Linux x86_64) AppleWebKit/537.36 (KHTML, like Gecko) Chrome/61.0.3163.79 Safari/537.36" "lusciousgracious.com"
64.124.8.46 - - [22/Oct/2022:17:30:41 -0700] "GET /gallery/pages/skyflowerminibagblue.htm HTTP/1.1" 404 88 "-" "Mozilla/5.0 (X11; Linux x86_64) AppleWebKit/537.36 (KHTML, like Gecko) Chrome/61.0.3163.79 Safari/537.36" "lusciousgracious.com"
64.124.8.46 - - [22/Oct/2022:17:32:02 -0700] "GET /gallery/absval/pages/KatieCalla.htm HTTP/1.1" 404 88 "-" "Mozilla/5.0 (X11; Linux x86_64) AppleWebKit/537.36 (KHTML, like Gecko) Chrome/61.0.3163.79 Safari/537.36" "lusciousgracious.com"
64.124.8.40 - - [22/Oct/2022:17:44:17 -0700] "GET /stitched/episode2/episode2.htm HTTP/1.1" 404 88 "-" "Mozilla/5.0 (X11; Linux x86_64) AppleWebKit/537.36 (KHTML, like Gecko) Chrome/61.0.3163.79 Safari/537.36" "www.lusciousgracious.com"
192.34.84.8 - - [22/Oct/2022:17:44:46 -0700] "GET /blog/rss HTTP/1.1" 404 73 "-" "Ravelry.com RSS Reader/0.3 2008-10-22" "lusciousgracious.com"
64.124.8.46 - - [22/Oct/2022:17:51:32 -0700] "GET /gallery/pages/welcome.htm HTTP/1.1" 404 88 "-" "Mozilla/5.0 (X11; Linux x86_64) AppleWebKit/537.36 (KHTML, like Gecko) Chrome/61.0.3163.79 Safari/537.36" "lusciousgracious.com"
5.255.253.156 - - [22/Oct/2022:18:05:05 -0700] "GET /pages/rosepetals.htm HTTP/1.1" 404 88 "-" "Mozilla/5.0 (compatible; YandexBot/3.0; +http://yandex.com/bots)" "www.lusciousgracious.com"
5.255.253.109 - - [22/Oct/2022:18:17:06 -0700] "GET /robots.txt HTTP/1.1" 404 73 "-" "Mozilla/5.0 (compatible; YandexBot/3.0; +http://yandex.com/bots)" "www.lusciousgracious.com"
5.45.207.125 - - [22/Oct/2022:18:17:10 -0700] "GET /stitched/episode0/episode0.htm HTTP/1.1" 404 88 "-" "Mozilla/5.0 (compatible; YandexBot/3.0; +http://yandex.com/bots)" "www.lusciousgracious.com"
70.39.246.37 - - [22/Oct/2022:18:17:20 -0700] "GET /blog/atom.xml HTTP/1.1" 404 88 "-" "Mozilla/5.0 Moreover/5.1 (+http://www.moreover.com)" "lusciousgracious.com"
44.228.64.221 - - [22/Oct/2022:18:59:14 -0700] "GET /blog/2006/03/kiki-follows-pattern.html HTTP/1.1" 404 88 "-" "Python/3.8 aiohttp/3.8.3" "lusciousgracious.com"
192.34.84.8 - - [22/Oct/2022:19:01:06 -0700] "GET /blog/atom.xml HTTP/1.1" 404 73 "-" "Ravelry.com RSS Reader/0.3 2008-10-22" "lusciousgracious.com"
157.55.39.46 - - [22/Oct/2022:19:02:34 -0700] "GET /blog/2006/04/knitted-gifts-post-96.html HTTP/1.1" 404 88 "-" "Mozilla/5.0 AppleWebKit/537.36 (KHTML, like Gecko; compatible; bingbot/2.0; +http://www.bing.com/bingbot.htm) Chrome/103.0.5060.134 Safari/537.36" "www.lusciousgracious.com"
54.236.1.13 - - [22/Oct/2022:19:05:08 -0700] "GET /robots.txt HTTP/1.1" 404 88 "-" "Mozilla/5.0 (compatible; Pinterestbot/1.0; +http://www.pinterest.com/bot.html)" "lusciousgracious.com"
54.236.1.13 - - [22/Oct/2022:19:05:08 -0700] "GET /robots.txt HTTP/1.1" 404 88 "-" "Mozilla/5.0 (compatible; Pinterestbot/1.0; +http://www.pinterest.com/bot.html)" "lusciousgracious.com"
54.236.1.13 - - [22/Oct/2022:19:05:08 -0700] "GET / HTTP/1.1" 200 270 "-" "Mozilla/5.0 (compatible; Pinterestbot/1.0; +http://www.pinterest.com/bot.html)" "lusciousgracious.com"
5.102.173.71 - - [22/Oct/2022:19:24:40 -0700] "GET /robots.txt HTTP/1.1" 404 88 "-" "Mozilla/5.0 (compatible; MojeekBot/0.11; +https://www.mojeek.com/bot.html)" "lusciousgracious.com"
5.102.173.71 - - [22/Oct/2022:19:24:40 -0700] "GET /shopwb.htm HTTP/1.1" 404 88 "-" "Mozilla/5.0 (compatible; MojeekBot/0.11; +https://www.mojeek.com/bot.html)" "lusciousgracious.com"
213.180.203.21 - - [22/Oct/2022:19:59:28 -0700] "GET /robots.txt HTTP/1.1" 404 73 "-" "Mozilla/5.0 (compatible; YandexBot/3.0; +http://yandex.com/bots)" "www.lusciousgracious.com"
5.255.253.109 - - [22/Oct/2022:19:59:32 -0700] "GET /photo/fresh/Wish/pages/05.htm HTTP/1.1" 404 88 "-" "Mozilla/5.0 (compatible; YandexBot/3.0; +http://yandex.com/bots)" "www.lusciousgracious.com"
61.135.159.147 - - [22/Oct/2022:20:04:53 -0700] "GET / HTTP/1.1" 200 270 "-" "Sogou web spider/4.0(+http://www.sogou.com/docs/help/webmasters.htm#07)" "lusciousgracious.com"
114.119.140.48 - - [22/Oct/2022:20:24:47 -0700] "GET /robots.txt HTTP/1.1" 404 88 "-" "Mozilla/5.0 (compatible;PetalBot;+https://webmaster.petalsearch.com/site/petalbot)" "www.lusciousgracious.com"
74.125.150.55 - - [22/Oct/2022:20:38:55 -0700] "GET /blog/atom.xml HTTP/1.1" 404 88 "-" "FeedBurner/1.0 (http://www.FeedBurner.com)" "lusciousgracious.com"
180.75.46.68 - - [22/Oct/2022:20:42:11 -0700] "GET /robots.txt HTTP/1.1" 404 88 "-" "Mozilla/5.0 (Windows NT 10.0; Win64; x64) AppleWebKit/537.36 (KHTML, like Gecko) Chrome/92.0.4515.159 Safari/537.36" "www.lusciousgracious.com"
64.124.8.40 - - [22/Oct/2022:20:42:16 -0700] "GET /robots.txt HTTP/1.1" 404 88 "-" "Mozilla/5.0 (X11; Linux x86_64) AppleWebKit/537.36 (KHTML, like Gecko) Chrome/61.0.3163.79 Safari/537.36" "lusciousgracious.com"
64.124.8.40 - - [22/Oct/2022:20:42:16 -0700] "GET /clickit.htm HTTP/1.1" 404 88 "-" "Mozilla/5.0 (X11; Linux x86_64) AppleWebKit/537.36 (KHTML, like Gecko) Chrome/61.0.3163.79 Safari/537.36" "lusciousgracious.com"
5.255.253.156 - - [22/Oct/2022:20:46:04 -0700] "GET /pages/morepages/rosetable.htm HTTP/1.1" 404 88 "-" "Mozilla/5.0 (compatible; YandexBot/3.0; +http://yandex.com/bots)" "www.lusciousgracious.com"
64.124.8.38 - - [22/Oct/2022:20:46:15 -0700] "GET /robots.txt HTTP/1.1" 404 88 "-" "Mozilla/5.0 (X11; Linux x86_64) AppleWebKit/537.36 (KHTML, like Gecko) Chrome/61.0.3163.79 Safari/537.36" "www.lusciousgracious.com"
64.124.8.38 - - [22/Oct/2022:20:46:15 -0700] "GET /stitched/episode1/cotton.htm HTTP/1.1" 404 88 "-" "Mozilla/5.0 (X11; Linux x86_64) AppleWebKit/537.36 (KHTML, like Gecko) Chrome/61.0.3163.79 Safari/537.36" "www.lusciousgracious.com"
64.124.8.40 - - [22/Oct/2022:20:55:58 -0700] "GET /koolaid.htm HTTP/1.1" 404 88 "-" "Mozilla/5.0 (X11; Linux x86_64) AppleWebKit/537.36 (KHTML, like Gecko) Chrome/61.0.3163.79 Safari/537.36" "lusciousgracious.com"
64.124.8.40 - - [22/Oct/2022:20:58:40 -0700] "GET /blog/2005_09_01_archive.html HTTP/1.1" 404 88 "-" "Mozilla/5.0 (X11; Linux x86_64) AppleWebKit/537.36 (KHTML, like Gecko) Chrome/61.0.3163.79 Safari/537.36" "lusciousgracious.com"
64.124.8.40 - - [22/Oct/2022:20:58:43 -0700] "GET /fairplay.htm HTTP/1.1" 404 88 "-" "Mozilla/5.0 (X11; Linux x86_64) AppleWebKit/537.36 (KHTML, like Gecko) Chrome/61.0.3163.79 Safari/537.36" "lusciousgracious.com"
54.236.1.11 - - [22/Oct/2022:20:58:59 -0700] "GET /robots.txt HTTP/1.1" 404 88 "-" "Mozilla/5.0 (compatible; Pinterestbot/1.0; +http://www.pinterest.com/bot.html)" "lusciousgracious.com"
54.236.1.11 - - [22/Oct/2022:20:58:59 -0700] "GET /robots.txt HTTP/1.1" 404 88 "-" "Mozilla/5.0 (compatible; Pinterestbot/1.0; +http://www.pinterest.com/bot.html)" "lusciousgracious.com"
54.236.1.11 - - [22/Oct/2022:20:58:59 -0700] "GET /clickit_files/image016.jpg HTTP/1.1" 404 88 "-" "Mozilla/5.0 (compatible; Pinterestbot/1.0; +http://www.pinterest.com/bot.html)" "lusciousgracious.com"
192.34.84.8 - - [22/Oct/2022:21:00:29 -0700] "GET /blog/rss HTTP/1.1" 404 73 "-" "Ravelry.com RSS Reader/0.3 2008-10-22" "lusciousgracious.com"
64.124.8.40 - - [22/Oct/2022:21:04:26 -0700] "GET /felt.htm HTTP/1.1" 404 88 "-" "Mozilla/5.0 (X11; Linux x86_64) AppleWebKit/537.36 (KHTML, like Gecko) Chrome/61.0.3163.79 Safari/537.36" "lusciousgracious.com"
46.161.27.156 - - [22/Oct/2022:21:04:39 -0700] "GET /wp-login.php HTTP/1.1" 404 88 "-" "Mozilla/5.0 (Windows NT 10.0; Win64; x64) AppleWebKit/537.36 (KHTML, like Gecko) Chrome/64.0.3282.140 Safari/537.36 Edge/18.17763" "lusciousgracious.com"
114.119.152.160 - - [22/Oct/2022:21:17:02 -0700] "GET /stitched/episode1/twists_files/image029.jpg HTTP/1.1" 404 88 "http://www.lusciousgracious.com/stitched/episode1/twists.htm" "Mozilla/5.0 (Linux; Android 7.0;) AppleWebKit/537.36 (KHTML, like Gecko) Mobile Safari/537.36 (compatible; PetalBot;+https://webmaster.petalsearch.com/site/petalbot)" "www.lusciousgracious.com"
64.124.8.45 - - [22/Oct/2022:21:35:44 -0700] "GET /robots.txt HTTP/1.1" 404 88 "-" "Mozilla/5.0 (X11; Linux x86_64) AppleWebKit/537.36 (KHTML, like Gecko) Chrome/61.0.3163.79 Safari/537.36" "lusciousgracious.com"
64.124.8.45 - - [22/Oct/2022:21:35:44 -0700] "GET /gallery/pages/lacetrip1.htm HTTP/1.1" 404 88 "-" "Mozilla/5.0 (X11; Linux x86_64) AppleWebKit/537.36 (KHTML, like Gecko) Chrome/61.0.3163.79 Safari/537.36" "lusciousgracious.com"
64.124.8.45 - - [22/Oct/2022:21:36:14 -0700] "GET /blog/2006/04/you-spin-me-right-round-baby.html HTTP/1.1" 404 88 "-" "Mozilla/5.0 (X11; Linux x86_64) AppleWebKit/537.36 (KHTML, like Gecko) Chrome/61.0.3163.79 Safari/537.36" "lusciousgracious.com"
64.124.8.45 - - [22/Oct/2022:21:39:54 -0700] "GET /robots.txt HTTP/1.1" 404 88 "-" "Mozilla/5.0 (X11; Linux x86_64) AppleWebKit/537.36 (KHTML, like Gecko) Chrome/61.0.3163.79 Safari/537.36" "www.lusciousgracious.com"
64.124.8.45 - - [22/Oct/2022:21:39:54 -0700] "GET /gallery/ThumbnailFrame.htm HTTP/1.1" 404 88 "-" "Mozilla/5.0 (X11; Linux x86_64) AppleWebKit/537.36 (KHTML, like Gecko) Chrome/61.0.3163.79 Safari/537.36" "www.lusciousgracious.com"
64.124.8.45 - - [22/Oct/2022:21:40:12 -0700] "GET /stitched/episode1/stitchedatbirthdtl.htm HTTP/1.1" 404 88 "-" "Mozilla/5.0 (X11; Linux x86_64) AppleWebKit/537.36 (KHTML, like Gecko) Chrome/61.0.3163.79 Safari/537.36" "lusciousgracious.com"
64.124.8.45 - - [22/Oct/2022:21:42:53 -0700] "GET /extraluscious.html HTTP/1.1" 404 88 "-" "Mozilla/5.0 (X11; Linux x86_64) AppleWebKit/537.36 (KHTML, like Gecko) Chrome/61.0.3163.79 Safari/537.36" "www.lusciousgracious.com"
64.124.8.45 - - [22/Oct/2022:21:47:33 -0700] "GET /blog/2007_07_01_archive.html HTTP/1.1" 404 88 "-" "Mozilla/5.0 (X11; Linux x86_64) AppleWebKit/537.36 (KHTML, like Gecko) Chrome/61.0.3163.79 Safari/537.36" "lusciousgracious.com"
64.124.8.45 - - [22/Oct/2022:21:47:56 -0700] "GET /blog/2006/10/another-long-post.html HTTP/1.1" 404 88 "-" "Mozilla/5.0 (X11; Linux x86_64) AppleWebKit/537.36 (KHTML, like Gecko) Chrome/61.0.3163.79 Safari/537.36" "lusciousgracious.com"
64.124.8.45 - - [22/Oct/2022:22:07:33 -0700] "GET /stitched/episode0/index2.htm HTTP/1.1" 404 88 "-" "Mozilla/5.0 (X11; Linux x86_64) AppleWebKit/537.36 (KHTML, like Gecko) Chrome/61.0.3163.79 Safari/537.36" "lusciousgracious.com"
192.34.84.8 - - [22/Oct/2022:22:16:43 -0700] "GET /blog/atom.xml HTTP/1.1" 404 73 "-" "Ravelry.com RSS Reader/0.3 2008-10-22" "lusciousgracious.com"
70.39.246.37 - - [22/Oct/2022:22:18:39 -0700] "GET /blog/atom.xml HTTP/1.1" 404 88 "-" "Mozilla/5.0 Moreover/5.1 (+http://www.moreover.com)" "lusciousgracious.com"
64.124.8.45 - - [22/Oct/2022:22:24:21 -0700] "GET /blog/2008_09_01_archive.html HTTP/1.1" 404 88 "-" "Mozilla/5.0 (X11; Linux x86_64) AppleWebKit/537.36 (KHTML, like Gecko) Chrome/61.0.3163.79 Safari/537.36" "lusciousgracious.com"
64.124.8.45 - - [22/Oct/2022:22:25:51 -0700] "GET /photo/fresh/Wish/title.htm HTTP/1.1" 404 88 "-" "Mozilla/5.0 (X11; Linux x86_64) AppleWebKit/537.36 (KHTML, like Gecko) Chrome/61.0.3163.79 Safari/537.36" "www.lusciousgracious.com"
64.124.8.45 - - [22/Oct/2022:22:26:55 -0700] "GET /gallery/pages/howtobuy.htm HTTP/1.1" 404 88 "-" "Mozilla/5.0 (X11; Linux x86_64) AppleWebKit/537.36 (KHTML, like Gecko) Chrome/61.0.3163.79 Safari/537.36" "www.lusciousgracious.com"
64.124.8.45 - - [22/Oct/2022:22:31:09 -0700] "GET /gallery/pages/pigment1.htm HTTP/1.1" 404 88 "-" "Mozilla/5.0 (X11; Linux x86_64) AppleWebKit/537.36 (KHTML, like Gecko) Chrome/61.0.3163.79 Safari/537.36" "lusciousgracious.com"
64.124.8.45 - - [22/Oct/2022:22:35:03 -0700] "GET /blog/2006/04/steves-old-school-shot-of-moment-5.html HTTP/1.1" 404 88 "-" "Mozilla/5.0 (X11; Linux x86_64) AppleWebKit/537.36 (KHTML, like Gecko) Chrome/61.0.3163.79 Safari/537.36" "lusciousgracious.com"
64.124.8.45 - - [22/Oct/2022:22:36:20 -0700] "GET /gallery/pages/pigment2.htm HTTP/1.1" 404 88 "-" "Mozilla/5.0 (X11; Linux x86_64) AppleWebKit/537.36 (KHTML, like Gecko) Chrome/61.0.3163.79 Safari/537.36" "www.lusciousgracious.com"
64.124.8.45 - - [22/Oct/2022:22:37:05 -0700] "GET /flrindex.htm HTTP/1.1" 404 88 "-" "Mozilla/5.0 (X11; Linux x86_64) AppleWebKit/537.36 (KHTML, like Gecko) Chrome/61.0.3163.79 Safari/537.36" "lusciousgracious.com"
54.236.1.13 - - [22/Oct/2022:22:46:47 -0700] "GET /robots.txt HTTP/1.1" 404 88 "-" "Mozilla/5.0 (compatible; Pinterestbot/1.0; +http://www.pinterest.com/bot.html)" "lusciousgracious.com"
54.236.1.11 - - [22/Oct/2022:22:46:47 -0700] "GET /robots.txt HTTP/1.1" 404 88 "-" "Mozilla/5.0 (compatible; Pinterestbot/1.0; +http://www.pinterest.com/bot.html)" "lusciousgracious.com"
54.236.1.11 - - [22/Oct/2022:22:46:47 -0700] "GET /blog/uploaded_images/sweater-777980.jpg HTTP/1.1" 404 88 "-" "Mozilla/5.0 (compatible; Pinterestbot/1.0; +http://www.pinterest.com/bot.html)" "lusciousgracious.com"
64.124.8.26 - - [22/Oct/2022:22:53:07 -0700] "GET /robots.txt HTTP/1.1" 404 88 "-" "Mozilla/5.0 (X11; Linux x86_64) AppleWebKit/537.36 (KHTML, like Gecko) Chrome/61.0.3163.79 Safari/537.36" "www.lusciousgracious.com"
64.124.8.26 - - [22/Oct/2022:22:53:07 -0700] "GET /gallery/pages/jellyfishjapanese.htm HTTP/1.1" 404 88 "-" "Mozilla/5.0 (X11; Linux x86_64) AppleWebKit/537.36 (KHTML, like Gecko) Chrome/61.0.3163.79 Safari/537.36" "www.lusciousgracious.com"
64.124.8.26 - - [22/Oct/2022:22:58:01 -0700] "GET /border.htm HTTP/1.1" 404 88 "-" "Mozilla/5.0 (X11; Linux x86_64) AppleWebKit/537.36 (KHTML, like Gecko) Chrome/61.0.3163.79 Safari/537.36" "www.lusciousgracious.com"
64.124.8.38 - - [22/Oct/2022:23:02:50 -0700] "GET /robots.txt HTTP/1.1" 404 88 "-" "Mozilla/5.0 (X11; Linux x86_64) AppleWebKit/537.36 (KHTML, like Gecko) Chrome/61.0.3163.79 Safari/537.36" "lusciousgracious.com"
64.124.8.38 - - [22/Oct/2022:23:02:50 -0700] "GET /gallery/pages/lacetrip2.htm HTTP/1.1" 404 88 "-" "Mozilla/5.0 (X11; Linux x86_64) AppleWebKit/537.36 (KHTML, like Gecko) Chrome/61.0.3163.79 Safari/537.36" "lusciousgracious.com"
64.124.8.26 - - [22/Oct/2022:23:04:51 -0700] "GET /gallery/index.htm HTTP/1.1" 404 88 "-" "Mozilla/5.0 (X11; Linux x86_64) AppleWebKit/537.36 (KHTML, like Gecko) Chrome/61.0.3163.79 Safari/537.36" "www.lusciousgracious.com"
46.161.27.156 - - [22/Oct/2022:23:08:05 -0700] "GET /stitched/index.htm HTTP/1.1" 404 88 "http://lgstitched.com/wp-login.php" "Mozilla/5.0 (Windows NT 10.0; Win64; x64) AppleWebKit/537.36 (KHTML, like Gecko) Chrome/64.0.3282.140 Safari/537.36 Edge/18.17763" "www.lusciousgracious.com"
64.124.8.26 - - [22/Oct/2022:23:10:42 -0700] "GET /gallery/pages/turtle.htm HTTP/1.1" 404 88 "-" "Mozilla/5.0 (X11; Linux x86_64) AppleWebKit/537.36 (KHTML, like Gecko) Chrome/61.0.3163.79 Safari/537.36" "www.lusciousgracious.com"
61.135.159.151 - - [22/Oct/2022:23:11:56 -0700] "GET / HTTP/1.1" 200 270 "-" "Sogou web spider/4.0(+http://www.sogou.com/docs/help/webmasters.htm#07)" "www.lusciousgracious.com"
5.188.210.91 - - [22/Oct/2022:23:13:13 -0700] "GET /blog/index.html HTTP/1.1" 404 73 "http://www.lusciousgracious.com/blog/index.html" "Mozilla/5.0 (Windows NT 10.0; Win64; x64) AppleWebKit/537.36 (KHTML, like Gecko) Chrome/90.0.4430.72 Safari/537.36" "www.lusciousgracious.com"
5.188.210.91 - - [22/Oct/2022:23:13:14 -0700] "GET /index.html HTTP/1.1" 404 73 "http://www.lusciousgracious.com/index.html" "Mozilla/5.0 (Windows NT 10.0; Win64; x64) AppleWebKit/537.36 (KHTML, like Gecko) Chrome/90.0.4430.72 Safari/537.36" "www.lusciousgracious.com"
64.124.8.26 - - [22/Oct/2022:23:19:25 -0700] "GET /gallery/pages/3poppies.htm HTTP/1.1" 404 88 "-" "Mozilla/5.0 (X11; Linux x86_64) AppleWebKit/537.36 (KHTML, like Gecko) Chrome/61.0.3163.79 Safari/537.36" "www.lusciousgracious.com"
64.124.8.26 - - [22/Oct/2022:23:20:12 -0700] "GET /home.htm HTTP/1.1" 404 88 "-" "Mozilla/5.0 (X11; Linux x86_64) AppleWebKit/537.36 (KHTML, like Gecko) Chrome/61.0.3163.79 Safari/537.36" "www.lusciousgracious.com"
64.124.8.38 - - [22/Oct/2022:23:30:20 -0700] "GET /gallery/pages/flowerfaery2.htm HTTP/1.1" 404 88 "-" "Mozilla/5.0 (X11; Linux x86_64) AppleWebKit/537.36 (KHTML, like Gecko) Chrome/61.0.3163.79 Safari/537.36" "lusciousgracious.com"
181.214.218.46 - - [22/Oct/2022:23:47:41 -0700] "GET / HTTP/1.1" 200 398 "http://lusciousgracious.com/" "Mozilla/5.0 (Windows NT 6.2; Win64; x64) AppleWebKit/537.36 (KHTML, like Gecko) Chrome/90.0.4430.93 Safari/537.36" "lusciousgracious.com"
114.119.152.195 - - [22/Oct/2022:23:49:16 -0700] "GET /blog/uploaded_images/20061008/10.jpg HTTP/1.1" 404 88 "http://lusciousgracious.com/blog/2006/10/another-long-post.html" "Mozilla/5.0 (Linux; Android 7.0;) AppleWebKit/537.36 (KHTML, like Gecko) Mobile Safari/537.36 (compatible; PetalBot;+https://webmaster.petalsearch.com/site/petalbot)" "lusciousgracious.com"
44.228.64.221 - - [23/Oct/2022:00:10:23 -0700] "GET /blog/2006/04/if-nautical-nonsense-be-something-you.html HTTP/1.1" 404 88 "-" "Python/3.8 aiohttp/3.8.3" "www.lusciousgracious.com"
192.34.84.8 - - [23/Oct/2022:00:14:49 -0700] "GET /blog/rss HTTP/1.1" 404 73 "-" "Ravelry.com RSS Reader/0.3 2008-10-22" "lusciousgracious.com"
151.106.8.100 - - [23/Oct/2022:00:29:24 -0700] "GET / HTTP/1.1" 200 398 "http://lusciousgracious.com/" "Mozilla/5.0 (Windows NT 6.1; Win64; x64) AppleWebKit/537.36 (KHTML, like Gecko) Chrome/67.0.3396.87 Safari/537.36 OPR/54.0.2952.51" "lusciousgracious.com"
61.135.159.147 - - [23/Oct/2022:00:46:29 -0700] "GET / HTTP/1.1" 200 270 "-" "Sogou web spider/4.0(+http://www.sogou.com/docs/help/webmasters.htm#07)" "lusciousgracious.com"
