118.184.177.68 - - [09/Nov/2022:00:01:41 -0800] "GET / HTTP/1.1" 200 270 "-" "Sogou web spider/4.0(+http://www.sogou.com/docs/help/webmasters.htm#07)" "lusciousgracious.com"
20.29.110.168 - - [09/Nov/2022:00:02:44 -0800] "GET /blog/uploaded_images/04DSCN4069-736108.jpg HTTP/1.1" 404 88 "http://lusciousgracious.com/blog/uploaded_images" "Mozilla/5.0 (Macintosh; Intel Mac OS X 10_11_6) AppleWebKit/605.1.15 (KHTML, like Gecko) Version/11.1.2 Safari/605.1.15" "lusciousgracious.com"
20.12.191.73 - - [09/Nov/2022:00:05:05 -0800] "GET /blog/uploaded_images/20080203/181.jpg HTTP/1.1" 404 88 "http://lusciousgracious.com/blog/uploaded_images/20080203" "Mozilla/5.0 (Macintosh; Intel Mac OS X 10_11_6) AppleWebKit/605.1.15 (KHTML, like Gecko) Version/11.1.2 Safari/605.1.15" "lusciousgracious.com"
20.12.191.73 - - [09/Nov/2022:00:07:13 -0800] "GET /gallery/images/lgcenter.jpg HTTP/1.1" 404 88 "http://lusciousgracious.com/gallery/images" "Mozilla/5.0 (iPhone; CPU iPhone OS 13_5_1 like Mac OS X) AppleWebKit/605.1.15 (KHTML, like Gecko) Version/13.1.1 Mobile/15E148 Safari/604.1" "lusciousgracious.com"
40.77.51.81 - - [09/Nov/2022:00:15:48 -0800] "GET /blog/uploaded_images/20080109/71.jpg HTTP/1.1" 404 88 "http://lusciousgracious.com/blog/uploaded_images/20080109" "Mozilla/5.0 (Windows NT 10.0; Win64; x64) AppleWebKit/537.36 (KHTML, like Gecko) Chrome/74.0.3729.157 Safari/537.36" "lusciousgracious.com"
13.67.224.14 - - [09/Nov/2022:00:19:20 -0800] "GET /tieiton_files/image009.jpg HTTP/1.1" 404 88 "http://lusciousgracious.com/tieiton_files" "Mozilla/5.0 (X11; Linux x86_64) AppleWebKit/537.36 (KHTML, like Gecko) Chrome/74.0.3729.169 Safari/537.36" "lusciousgracious.com"
40.77.51.85 - - [09/Nov/2022:00:22:28 -0800] "GET /blog/uploaded_images/03DSCN4040-757525.jpg HTTP/1.1" 404 88 "http://lusciousgracious.com/blog/uploaded_images" "Mozilla/5.0 (Windows NT 10.0; Win64; x64) AppleWebKit/537.36 (KHTML, like Gecko) Chrome/74.0.3729.157 Safari/537.36" "lusciousgracious.com"
20.109.241.82 - - [09/Nov/2022:00:22:32 -0800] "GET /photo/fresh/Wish/images/06.jpg HTTP/1.1" 404 88 "http://www.lusciousgracious.com/photo/fresh/Wish/images" "Mozilla/5.0 (iPhone; CPU iPhone OS 13_5_1 like Mac OS X) AppleWebKit/605.1.15 (KHTML, like Gecko) Version/13.1.1 Mobile/15E148 Safari/604.1" "www.lusciousgracious.com"
13.67.224.12 - - [09/Nov/2022:00:32:05 -0800] "GET /blog/uploaded_images/lilytips-701356.jpg HTTP/1.1" 404 88 "http://lusciousgracious.com/blog/uploaded_images" "Mozilla/5.0 (iPhone; CPU iPhone OS 13_5_1 like Mac OS X) AppleWebKit/605.1.15 (KHTML, like Gecko) Version/13.1.1 Mobile/15E148 Safari/604.1" "lusciousgracious.com"
95.216.33.150 - - [09/Nov/2022:00:35:51 -0800] "GET /koolaid.htm HTTP/1.1" 404 88 "-" "Mozilla/5.0 (compatible; MegaIndex.ru/2.0; +http://megaindex.com/crawler)" "lusciousgracious.com"
40.122.230.190 - - [09/Nov/2022:00:35:51 -0800] "GET /gallery/images/tiemetothebedpost.jpg HTTP/1.1" 404 88 "http://www.lusciousgracious.com/gallery/images" "Mozilla/5.0 (iPhone; CPU iPhone OS 13_5_1 like Mac OS X) AppleWebKit/605.1.15 (KHTML, like Gecko) Version/13.1.1 Mobile/15E148 Safari/604.1" "www.lusciousgracious.com"
40.77.51.81 - - [09/Nov/2022:00:39:52 -0800] "GET /images/lgcenter24.jpg HTTP/1.1" 404 88 "http://lusciousgracious.com/images" "Mozilla/5.0 (Linux; Android 10; SM-G960U) AppleWebKit/537.36 (KHTML, like Gecko) Chrome/88.0.4324.181 Mobile Safari/537.36" "lusciousgracious.com"
20.29.110.168 - - [09/Nov/2022:00:43:38 -0800] "GET /blog/uploaded_images/DSCN4563-759573.jpg HTTP/1.1" 404 88 "http://lusciousgracious.com/blog/uploaded_images" "Mozilla/5.0 (Windows NT 10.0; Win64; x64) AppleWebKit/537.36 (KHTML, like Gecko) Chrome/74.0.3729.157 Safari/537.36" "lusciousgracious.com"
40.77.51.86 - - [09/Nov/2022:00:46:47 -0800] "GET /blog/uploaded_images/20080203/44.jpg HTTP/1.1" 404 88 "http://lusciousgracious.com/blog/uploaded_images/20080203" "Mozilla/5.0 (Windows NT 10.0; Win64; x64) AppleWebKit/537.36 (KHTML, like Gecko) Chrome/74.0.3729.157 Safari/537.36" "lusciousgracious.com"
70.39.246.37 - - [09/Nov/2022:00:46:53 -0800] "GET /blog/atom.xml HTTP/1.1" 404 88 "-" "Mozilla/5.0 Moreover/5.1 (+http://www.moreover.com)" "lusciousgracious.com"
95.163.255.143 - - [09/Nov/2022:00:47:16 -0800] "GET /robots.txt HTTP/1.1" 404 88 "-" "Mozilla/5.0 (compatible; Linux x86_64; Mail.RU_Bot/Robots/2.0; +https://help.mail.ru/webmaster/indexing/robots)" "lusciousgracious.com"
95.163.255.149 - - [09/Nov/2022:00:47:59 -0800] "GET / HTTP/1.1" 200 270 "-" "Mozilla/5.0 (compatible; Linux x86_64; Mail.RU_Bot/Favicons/2.0; +https://help.mail.ru/webmaster/indexing/robots)" "lusciousgracious.com"
20.109.241.82 - - [09/Nov/2022:00:49:35 -0800] "GET /gallery/images/desirephoto.jpg HTTP/1.1" 404 88 "http://www.lusciousgracious.com/gallery/images" "Mozilla/5.0 (Macintosh; Intel Mac OS X 10_11_6) AppleWebKit/605.1.15 (KHTML, like Gecko) Version/11.1.2 Safari/605.1.15" "www.lusciousgracious.com"
95.163.255.149 - - [09/Nov/2022:00:52:20 -0800] "GET /favicon.ico HTTP/1.1" 404 88 "-" "Mozilla/5.0 (compatible; Linux x86_64; Mail.RU_Bot/Favicons/2.0; +https://help.mail.ru/webmaster/indexing/robots)" "lusciousgracious.com"
95.163.255.145 - - [09/Nov/2022:00:54:57 -0800] "GET /favicon.png HTTP/1.1" 404 88 "-" "Mozilla/5.0 (compatible; Linux x86_64; Mail.RU_Bot/Favicons/2.0; +https://help.mail.ru/webmaster/indexing/robots)" "lusciousgracious.com"
40.86.101.252 - - [09/Nov/2022:00:57:16 -0800] "GET /blog/uploaded_images/20070603/2.jpg HTTP/1.1" 404 88 "http://lusciousgracious.com/blog/uploaded_images/20070603" "Mozilla/5.0 (X11; Linux x86_64) AppleWebKit/537.36 (KHTML, like Gecko) Chrome/74.0.3729.169 Safari/537.36" "lusciousgracious.com"
95.163.255.147 - - [09/Nov/2022:00:59:55 -0800] "GET /favicon.ico HTTP/1.1" 404 88 "-" "Mozilla/5.0 (compatible; Linux x86_64; Mail.RU_Bot/Favicons/2.0; +https://help.mail.ru/webmaster/indexing/robots)" "lusciousgracious.com"
13.67.224.12 - - [09/Nov/2022:01:00:01 -0800] "GET /strap_files/image002.jpg HTTP/1.1" 404 88 "http://lusciousgracious.com/strap_files" "Mozilla/5.0 (X11; Linux x86_64) AppleWebKit/537.36 (KHTML, like Gecko) Chrome/74.0.3729.169 Safari/537.36" "lusciousgracious.com"
95.163.255.144 - - [09/Nov/2022:01:00:29 -0800] "GET /favicon.png HTTP/1.1" 404 88 "-" "Mozilla/5.0 (compatible; Linux x86_64; Mail.RU_Bot/Favicons/2.0; +https://help.mail.ru/webmaster/indexing/robots)" "lusciousgracious.com"
20.29.110.169 - - [09/Nov/2022:01:02:15 -0800] "GET /11things/11thingslucy_files/image002.jpg HTTP/1.1" 404 88 "http://lusciousgracious.com/11things/11thingslucy_files" "Mozilla/5.0 (X11; Linux x86_64) AppleWebKit/537.36 (KHTML, like Gecko) Chrome/74.0.3729.169 Safari/537.36" "lusciousgracious.com"
20.12.191.74 - - [09/Nov/2022:01:02:36 -0800] "GET /blog/uploaded_images/20060527/6.jpg HTTP/1.1" 404 88 "http://lusciousgracious.com/blog/uploaded_images/20060527" "Mozilla/5.0 (Macintosh; Intel Mac OS X 10_11_6) AppleWebKit/605.1.15 (KHTML, like Gecko) Version/11.1.2 Safari/605.1.15" "lusciousgracious.com"
40.77.51.86 - - [09/Nov/2022:01:05:27 -0800] "GET /blog/uploaded_images/20061008/9.jpg HTTP/1.1" 404 88 "http://lusciousgracious.com/blog/uploaded_images/20061008" "Mozilla/5.0 (iPhone; CPU iPhone OS 13_5_1 like Mac OS X) AppleWebKit/605.1.15 (KHTML, like Gecko) Version/13.1.1 Mobile/15E148 Safari/604.1" "lusciousgracious.com"
40.122.227.200 - - [09/Nov/2022:01:07:57 -0800] "GET /blog/uploaded_images/20080109/45.jpg HTTP/1.1" 404 88 "http://lusciousgracious.com/blog/uploaded_images/20080109" "Mozilla/5.0 (iPhone; CPU iPhone OS 13_5_1 like Mac OS X) AppleWebKit/605.1.15 (KHTML, like Gecko) Version/13.1.1 Mobile/15E148 Safari/604.1" "lusciousgracious.com"
192.34.84.8 - - [09/Nov/2022:01:15:57 -0800] "GET /blog/rss HTTP/1.1" 404 73 "-" "Ravelry.com RSS Reader/0.3 2008-10-22" "lusciousgracious.com"
40.77.51.85 - - [09/Nov/2022:01:24:36 -0800] "GET /blog/uploaded_images/20070107/7.jpg HTTP/1.1" 404 88 "http://lusciousgracious.com/blog/uploaded_images/20070107" "Mozilla/5.0 (Linux; Android 10; SM-G960U) AppleWebKit/537.36 (KHTML, like Gecko) Chrome/88.0.4324.181 Mobile Safari/537.36" "lusciousgracious.com"
20.109.241.82 - - [09/Nov/2022:01:27:34 -0800] "GET /blog/DSCN3546.jpg HTTP/1.1" 404 88 "http://lusciousgracious.com/blog" "Mozilla/5.0 (X11; Linux x86_64) AppleWebKit/537.36 (KHTML, like Gecko) Chrome/74.0.3729.169 Safari/537.36" "lusciousgracious.com"
192.34.84.8 - - [09/Nov/2022:01:32:35 -0800] "GET /blog/atom.xml HTTP/1.1" 404 73 "-" "Ravelry.com RSS Reader/0.3 2008-10-22" "lusciousgracious.com"
65.108.76.15 - - [09/Nov/2022:01:42:09 -0800] "GET /robots.txt HTTP/1.1" 404 88 "-" "Mozilla/5.0 (compatible; SEOkicks; +https://www.seokicks.de/robot.html)" "lusciousgracious.com"
65.108.76.15 - - [09/Nov/2022:01:42:09 -0800] "GET /robots.txt HTTP/1.1" 404 88 "-" "Mozilla/5.0 (compatible; SEOkicks; +https://www.seokicks.de/robot.html)" "www.lusciousgracious.com"
65.108.76.15 - - [09/Nov/2022:01:42:11 -0800] "GET / HTTP/1.1" 200 270 "-" "Mozilla/5.0 (compatible; SEOkicks; +https://www.seokicks.de/robot.html)" "lusciousgracious.com"
65.108.76.15 - - [09/Nov/2022:01:42:11 -0800] "GET / HTTP/1.1" 200 270 "-" "Mozilla/5.0 (compatible; SEOkicks; +https://www.seokicks.de/robot.html)" "www.lusciousgracious.com"
65.108.76.15 - - [09/Nov/2022:01:42:12 -0800] "GET /?C=N;O=D HTTP/1.1" 200 268 "http://lusciousgracious.com/" "Mozilla/5.0 (compatible; SEOkicks; +https://www.seokicks.de/robot.html)" "lusciousgracious.com"
65.108.76.15 - - [09/Nov/2022:01:42:12 -0800] "GET /?C=N;O=D HTTP/1.1" 200 268 "http://www.lusciousgracious.com/" "Mozilla/5.0 (compatible; SEOkicks; +https://www.seokicks.de/robot.html)" "www.lusciousgracious.com"
65.108.76.15 - - [09/Nov/2022:01:42:14 -0800] "GET /?C=M;O=A HTTP/1.1" 200 271 "http://lusciousgracious.com/" "Mozilla/5.0 (compatible; SEOkicks; +https://www.seokicks.de/robot.html)" "lusciousgracious.com"
65.108.76.15 - - [09/Nov/2022:01:42:14 -0800] "GET /?C=M;O=A HTTP/1.1" 200 271 "http://www.lusciousgracious.com/" "Mozilla/5.0 (compatible; SEOkicks; +https://www.seokicks.de/robot.html)" "www.lusciousgracious.com"
65.108.76.15 - - [09/Nov/2022:01:42:15 -0800] "GET /?C=S;O=A HTTP/1.1" 200 271 "http://lusciousgracious.com/" "Mozilla/5.0 (compatible; SEOkicks; +https://www.seokicks.de/robot.html)" "lusciousgracious.com"
65.108.76.15 - - [09/Nov/2022:01:42:15 -0800] "GET /?C=S;O=A HTTP/1.1" 200 271 "http://www.lusciousgracious.com/" "Mozilla/5.0 (compatible; SEOkicks; +https://www.seokicks.de/robot.html)" "www.lusciousgracious.com"
65.108.76.15 - - [09/Nov/2022:01:42:17 -0800] "GET /?C=D;O=A HTTP/1.1" 200 270 "http://lusciousgracious.com/" "Mozilla/5.0 (compatible; SEOkicks; +https://www.seokicks.de/robot.html)" "lusciousgracious.com"
65.108.76.15 - - [09/Nov/2022:01:42:17 -0800] "GET /?C=D;O=A HTTP/1.1" 200 270 "http://www.lusciousgracious.com/" "Mozilla/5.0 (compatible; SEOkicks; +https://www.seokicks.de/robot.html)" "www.lusciousgracious.com"
65.108.76.15 - - [09/Nov/2022:01:42:18 -0800] "GET /?C=N;O=A HTTP/1.1" 200 270 "http://lusciousgracious.com/?C=N;O=D" "Mozilla/5.0 (compatible; SEOkicks; +https://www.seokicks.de/robot.html)" "lusciousgracious.com"
65.108.76.15 - - [09/Nov/2022:01:42:18 -0800] "GET /?C=N;O=A HTTP/1.1" 200 270 "http://www.lusciousgracious.com/?C=N;O=D" "Mozilla/5.0 (compatible; SEOkicks; +https://www.seokicks.de/robot.html)" "www.lusciousgracious.com"
65.108.76.15 - - [09/Nov/2022:01:42:19 -0800] "GET /?C=M;O=D HTTP/1.1" 200 268 "http://lusciousgracious.com/?C=M;O=A" "Mozilla/5.0 (compatible; SEOkicks; +https://www.seokicks.de/robot.html)" "lusciousgracious.com"
65.108.76.15 - - [09/Nov/2022:01:42:20 -0800] "GET /?C=M;O=D HTTP/1.1" 200 268 "http://www.lusciousgracious.com/?C=M;O=A" "Mozilla/5.0 (compatible; SEOkicks; +https://www.seokicks.de/robot.html)" "www.lusciousgracious.com"
65.108.76.15 - - [09/Nov/2022:01:42:21 -0800] "GET /?C=S;O=D HTTP/1.1" 200 268 "http://lusciousgracious.com/?C=S;O=A" "Mozilla/5.0 (compatible; SEOkicks; +https://www.seokicks.de/robot.html)" "lusciousgracious.com"
65.108.76.15 - - [09/Nov/2022:01:42:22 -0800] "GET /?C=S;O=D HTTP/1.1" 200 268 "http://www.lusciousgracious.com/?C=S;O=A" "Mozilla/5.0 (compatible; SEOkicks; +https://www.seokicks.de/robot.html)" "www.lusciousgracious.com"
65.108.76.15 - - [09/Nov/2022:01:42:23 -0800] "GET /?C=D;O=D HTTP/1.1" 200 268 "http://lusciousgracious.com/?C=D;O=A" "Mozilla/5.0 (compatible; SEOkicks; +https://www.seokicks.de/robot.html)" "lusciousgracious.com"
65.108.76.15 - - [09/Nov/2022:01:42:23 -0800] "GET /?C=D;O=D HTTP/1.1" 200 268 "http://www.lusciousgracious.com/?C=D;O=A" "Mozilla/5.0 (compatible; SEOkicks; +https://www.seokicks.de/robot.html)" "www.lusciousgracious.com"
40.77.51.80 - - [09/Nov/2022:01:43:33 -0800] "GET /gallery/pages/murder_files/image001.jpg HTTP/1.1" 404 88 "http://lusciousgracious.com/gallery/pages/murder_files" "Mozilla/5.0 (Windows NT 10.0; Win64; x64) AppleWebKit/537.36 (KHTML, like Gecko) Chrome/74.0.3729.157 Safari/537.36" "lusciousgracious.com"
40.86.101.165 - - [09/Nov/2022:01:49:42 -0800] "GET /blog/uploaded_images/DSCN4051-760386.jpg HTTP/1.1" 404 88 "http://lusciousgracious.com/blog/uploaded_images" "Mozilla/5.0 (Linux; Android 10; SM-G960U) AppleWebKit/537.36 (KHTML, like Gecko) Chrome/88.0.4324.181 Mobile Safari/537.36" "lusciousgracious.com"
13.67.224.12 - - [09/Nov/2022:01:51:46 -0800] "GET /blog/uploaded_images/20070107/35.jpg HTTP/1.1" 404 88 "http://lusciousgracious.com/blog/uploaded_images/20070107" "Mozilla/5.0 (iPhone; CPU iPhone OS 13_5_1 like Mac OS X) AppleWebKit/605.1.15 (KHTML, like Gecko) Version/13.1.1 Mobile/15E148 Safari/604.1" "lusciousgracious.com"
20.12.191.74 - - [09/Nov/2022:01:58:02 -0800] "GET /stitched/episode1/twists_files/image003.gif HTTP/1.1" 404 88 "http://www.lusciousgracious.com/stitched/episode1/twists_files" "Mozilla/5.0 (Linux; Android 10; SM-G960U) AppleWebKit/537.36 (KHTML, like Gecko) Chrome/88.0.4324.181 Mobile Safari/537.36" "www.lusciousgracious.com"
20.29.110.170 - - [09/Nov/2022:02:01:49 -0800] "GET /stitched/episode1/twists_files/image034.jpg HTTP/1.1" 404 88 "http://www.lusciousgracious.com/stitched/episode1/twists_files" "Mozilla/5.0 (Macintosh; Intel Mac OS X 10_11_6) AppleWebKit/605.1.15 (KHTML, like Gecko) Version/11.1.2 Safari/605.1.15" "www.lusciousgracious.com"
40.77.51.85 - - [09/Nov/2022:02:02:54 -0800] "GET /strap_files/image019.jpg HTTP/1.1" 404 88 "http://www.lusciousgracious.com/strap_files" "Mozilla/5.0 (Windows NT 10.0; Win64; x64) AppleWebKit/537.36 (KHTML, like Gecko) Chrome/74.0.3729.157 Safari/537.36" "www.lusciousgracious.com"
40.122.230.188 - - [09/Nov/2022:02:05:57 -0800] "GET /gallery/pages/rosetrellis_files/image002.gif HTTP/1.1" 404 88 "http://www.lusciousgracious.com/gallery/pages/rosetrellis_files" "Mozilla/5.0 (Linux; Android 10; SM-G960U) AppleWebKit/537.36 (KHTML, like Gecko) Chrome/88.0.4324.181 Mobile Safari/537.36" "www.lusciousgracious.com"
40.86.101.164 - - [09/Nov/2022:02:25:00 -0800] "GET /blog/uploaded_images/20070107/12.jpg HTTP/1.1" 404 88 "http://lusciousgracious.com/blog/uploaded_images/20070107" "Mozilla/5.0 (iPhone; CPU iPhone OS 13_5_1 like Mac OS X) AppleWebKit/605.1.15 (KHTML, like Gecko) Version/13.1.1 Mobile/15E148 Safari/604.1" "lusciousgracious.com"
20.12.191.74 - - [09/Nov/2022:02:26:51 -0800] "GET /gallery/pages/roses_files/image002.gif HTTP/1.1" 404 88 "http://www.lusciousgracious.com/gallery/pages/roses_files" "Mozilla/5.0 (Linux; Android 10; SM-G960U) AppleWebKit/537.36 (KHTML, like Gecko) Chrome/88.0.4324.181 Mobile Safari/537.36" "www.lusciousgracious.com"
114.119.144.15 - - [09/Nov/2022:02:37:43 -0800] "GET /blog/uploaded_images/lilyrose3-708604.jpg HTTP/1.1" 404 88 "http://lusciousgracious.com/blog/2005/11/sketches.html" "Mozilla/5.0 (Linux; Android 7.0;) AppleWebKit/537.36 (KHTML, like Gecko) Mobile Safari/537.36 (compatible; PetalBot;+https://webmaster.petalsearch.com/site/petalbot)" "lusciousgracious.com"
20.12.191.73 - - [09/Nov/2022:02:39:00 -0800] "GET /march/lucyrose.jpg HTTP/1.1" 404 88 "http://lusciousgracious.com/march" "Mozilla/5.0 (Macintosh; Intel Mac OS X 10_11_6) AppleWebKit/605.1.15 (KHTML, like Gecko) Version/11.1.2 Safari/605.1.15" "lusciousgracious.com"
20.109.241.82 - - [09/Nov/2022:02:41:14 -0800] "GET /blog/uploaded_images/20060716/2.jpg HTTP/1.1" 404 88 "http://lusciousgracious.com/blog/uploaded_images/20060716" "Mozilla/5.0 (Windows NT 10.0; Win64; x64) AppleWebKit/537.36 (KHTML, like Gecko) Chrome/74.0.3729.157 Safari/537.36" "lusciousgracious.com"
40.122.32.170 - - [09/Nov/2022:02:42:43 -0800] "GET /blog/uploaded_images/20061008/27.jpg HTTP/1.1" 404 88 "http://lusciousgracious.com/blog/uploaded_images/20061008" "Mozilla/5.0 (Windows NT 10.0; Win64; x64) AppleWebKit/537.36 (KHTML, like Gecko) Chrome/74.0.3729.157 Safari/537.36" "lusciousgracious.com"
51.222.253.7 - - [09/Nov/2022:02:47:04 -0800] "GET /robots.txt HTTP/1.1" 404 88 "-" "Mozilla/5.0 (compatible; AhrefsBot/7.0; +http://ahrefs.com/robot/)" "www.lusciousgracious.com"
40.77.51.85 - - [09/Nov/2022:02:50:32 -0800] "GET /blog/uploaded_images/20061112/10.jpg HTTP/1.1" 404 88 "http://lusciousgracious.com/blog/uploaded_images/20061112" "Mozilla/5.0 (Linux; Android 10; SM-G960U) AppleWebKit/537.36 (KHTML, like Gecko) Chrome/88.0.4324.181 Mobile Safari/537.36" "lusciousgracious.com"
20.109.241.82 - - [09/Nov/2022:02:55:56 -0800] "GET /blog/uploaded_images/evilfairies-720673.jpg HTTP/1.1" 404 88 "http://lusciousgracious.com/blog/uploaded_images" "Mozilla/5.0 (iPhone; CPU iPhone OS 13_5_1 like Mac OS X) AppleWebKit/605.1.15 (KHTML, like Gecko) Version/13.1.1 Mobile/15E148 Safari/604.1" "lusciousgracious.com"
20.12.191.73 - - [09/Nov/2022:02:58:31 -0800] "GET /blog/05090019.jpg HTTP/1.1" 404 88 "http://lusciousgracious.com/blog" "Mozilla/5.0 (Macintosh; Intel Mac OS X 10_11_6) AppleWebKit/605.1.15 (KHTML, like Gecko) Version/11.1.2 Safari/605.1.15" "lusciousgracious.com"
40.122.227.202 - - [09/Nov/2022:02:59:26 -0800] "GET /blog/uploaded_images/madeby-735070.jpg HTTP/1.1" 404 88 "http://lusciousgracious.com/blog/uploaded_images" "Mozilla/5.0 (Macintosh; Intel Mac OS X 10_11_6) AppleWebKit/605.1.15 (KHTML, like Gecko) Version/11.1.2 Safari/605.1.15" "lusciousgracious.com"
40.122.227.200 - - [09/Nov/2022:03:10:22 -0800] "GET /stitched/episode0/blog2005_files/image041.jpg HTTP/1.1" 404 88 "http://lusciousgracious.com/stitched/episode0/blog2005_files" "Mozilla/5.0 (X11; Linux x86_64) AppleWebKit/537.36 (KHTML, like Gecko) Chrome/74.0.3729.169 Safari/537.36" "lusciousgracious.com"
162.55.85.222 - - [09/Nov/2022:03:15:20 -0800] "GET /robots.txt HTTP/1.1" 404 88 "-" "Mozilla/5.0 (compatible; BLEXBot/1.0; +http://webmeup-crawler.com/)" "lusciousgracious.com"
162.55.85.222 - - [09/Nov/2022:03:15:20 -0800] "GET /sitemap HTTP/1.1" 404 88 "-" "Mozilla/5.0 (compatible; BLEXBot/1.0; +http://webmeup-crawler.com/)" "lusciousgracious.com"
162.55.85.222 - - [09/Nov/2022:03:15:30 -0800] "GET /robots.txt HTTP/1.1" 404 88 "-" "Mozilla/5.0 (compatible; BLEXBot/1.0; +http://webmeup-crawler.com/)" "www.lusciousgracious.com"
162.55.85.222 - - [09/Nov/2022:03:15:33 -0800] "GET /sitemap HTTP/1.1" 404 88 "-" "Mozilla/5.0 (compatible; BLEXBot/1.0; +http://webmeup-crawler.com/)" "www.lusciousgracious.com"
162.55.85.222 - - [09/Nov/2022:03:15:44 -0800] "GET /sitemap.txt HTTP/1.1" 404 88 "-" "Mozilla/5.0 (compatible; BLEXBot/1.0; +http://webmeup-crawler.com/)" "lusciousgracious.com"
162.55.85.222 - - [09/Nov/2022:03:15:47 -0800] "GET /sitemap.txt HTTP/1.1" 404 88 "-" "Mozilla/5.0 (compatible; BLEXBot/1.0; +http://webmeup-crawler.com/)" "www.lusciousgracious.com"
162.55.85.222 - - [09/Nov/2022:03:15:57 -0800] "GET / HTTP/1.1" 200 270 "-" "Mozilla/5.0 (compatible; BLEXBot/1.0; +http://webmeup-crawler.com/)" "www.lusciousgracious.com"
162.55.85.222 - - [09/Nov/2022:03:16:01 -0800] "GET /clickit.htm HTTP/1.1" 404 88 "-" "Mozilla/5.0 (compatible; BLEXBot/1.0; +http://webmeup-crawler.com/)" "lusciousgracious.com"
162.55.85.222 - - [09/Nov/2022:03:16:04 -0800] "GET /random.htm HTTP/1.1" 404 88 "-" "Mozilla/5.0 (compatible; BLEXBot/1.0; +http://webmeup-crawler.com/)" "lusciousgracious.com"
162.55.85.222 - - [09/Nov/2022:03:16:07 -0800] "GET /stitched/episode1/AZffsocks.htm HTTP/1.1" 404 88 "-" "Mozilla/5.0 (compatible; BLEXBot/1.0; +http://webmeup-crawler.com/)" "www.lusciousgracious.com"
162.55.85.222 - - [09/Nov/2022:03:16:10 -0800] "GET /stitched/episode1/jellyfishin.htm HTTP/1.1" 404 88 "-" "Mozilla/5.0 (compatible; BLEXBot/1.0; +http://webmeup-crawler.com/)" "www.lusciousgracious.com"
20.29.110.169 - - [09/Nov/2022:03:20:19 -0800] "GET /photo/fresh_files/image010.gif HTTP/1.1" 404 88 "http://lusciousgracious.com/photo/fresh_files" "Mozilla/5.0 (X11; Linux x86_64) AppleWebKit/537.36 (KHTML, like Gecko) Chrome/74.0.3729.169 Safari/537.36" "lusciousgracious.com"
13.67.224.14 - - [09/Nov/2022:03:25:35 -0800] "GET /images/moreimages/pinkbee.jpg HTTP/1.1" 404 88 "http://lusciousgracious.com/images/moreimages" "Mozilla/5.0 (iPhone; CPU iPhone OS 13_5_1 like Mac OS X) AppleWebKit/605.1.15 (KHTML, like Gecko) Version/13.1.1 Mobile/15E148 Safari/604.1" "lusciousgracious.com"
13.67.224.13 - - [09/Nov/2022:03:28:38 -0800] "GET /blog/uploaded_images/PICT0530-776518.jpg HTTP/1.1" 404 88 "http://lusciousgracious.com/blog/uploaded_images" "Mozilla/5.0 (iPhone; CPU iPhone OS 13_5_1 like Mac OS X) AppleWebKit/605.1.15 (KHTML, like Gecko) Version/13.1.1 Mobile/15E148 Safari/604.1" "lusciousgracious.com"
13.67.224.12 - - [09/Nov/2022:03:39:11 -0800] "GET /blog/uploaded_images/lilyfish3-726978.jpg HTTP/1.1" 404 88 "http://lusciousgracious.com/blog/uploaded_images" "Mozilla/5.0 (X11; Linux x86_64) AppleWebKit/537.36 (KHTML, like Gecko) Chrome/74.0.3729.169 Safari/537.36" "lusciousgracious.com"
20.12.191.74 - - [09/Nov/2022:03:46:59 -0800] "GET /blog/uploaded_images/20070818/10.jpg HTTP/1.1" 404 88 "http://lusciousgracious.com/blog/uploaded_images/20070818" "Mozilla/5.0 (Macintosh; Intel Mac OS X 10_11_6) AppleWebKit/605.1.15 (KHTML, like Gecko) Version/11.1.2 Safari/605.1.15" "lusciousgracious.com"
118.184.177.67 - - [09/Nov/2022:03:51:30 -0800] "GET / HTTP/1.1" 200 270 "-" "Sogou web spider/4.0(+http://www.sogou.com/docs/help/webmasters.htm#07)" "lusciousgracious.com"
40.122.230.188 - - [09/Nov/2022:03:51:46 -0800] "GET /blog/uploaded_images/20061112/7.jpg HTTP/1.1" 404 88 "http://lusciousgracious.com/blog/uploaded_images/20061112" "Mozilla/5.0 (iPhone; CPU iPhone OS 13_5_1 like Mac OS X) AppleWebKit/605.1.15 (KHTML, like Gecko) Version/13.1.1 Mobile/15E148 Safari/604.1" "lusciousgracious.com"
13.67.224.14 - - [09/Nov/2022:03:55:17 -0800] "GET /gallery/pages/desirephoto_files/image001.gif HTTP/1.1" 404 88 "http://www.lusciousgracious.com/gallery/pages/desirephoto_files" "Mozilla/5.0 (iPhone; CPU iPhone OS 13_5_1 like Mac OS X) AppleWebKit/605.1.15 (KHTML, like Gecko) Version/13.1.1 Mobile/15E148 Safari/604.1" "www.lusciousgracious.com"
40.122.230.190 - - [09/Nov/2022:03:59:08 -0800] "GET /blog/uploaded_images/rockstripes-730383.jpg HTTP/1.1" 404 88 "http://lusciousgracious.com/blog/uploaded_images" "Mozilla/5.0 (iPhone; CPU iPhone OS 13_5_1 like Mac OS X) AppleWebKit/605.1.15 (KHTML, like Gecko) Version/13.1.1 Mobile/15E148 Safari/604.1" "lusciousgracious.com"
40.78.141.94 - - [09/Nov/2022:04:02:26 -0800] "GET /blog/wristband.jpg HTTP/1.1" 404 88 "http://lusciousgracious.com/blog" "Mozilla/5.0 (Macintosh; Intel Mac OS X 10_11_6) AppleWebKit/605.1.15 (KHTML, like Gecko) Version/11.1.2 Safari/605.1.15" "lusciousgracious.com"
20.12.191.74 - - [09/Nov/2022:04:03:15 -0800] "GET /blog/uploaded_images/20060218/2/8.jpg HTTP/1.1" 404 88 "http://lusciousgracious.com/blog/uploaded_images/20060218/2" "Mozilla/5.0 (Windows NT 10.0; Win64; x64) AppleWebKit/537.36 (KHTML, like Gecko) Chrome/74.0.3729.157 Safari/537.36" "lusciousgracious.com"
40.122.230.188 - - [09/Nov/2022:04:09:59 -0800] "GET /blog/uploaded_images/knittycontrib-727758.jpg HTTP/1.1" 404 88 "http://lusciousgracious.com/blog/uploaded_images" "Mozilla/5.0 (Macintosh; Intel Mac OS X 10_11_6) AppleWebKit/605.1.15 (KHTML, like Gecko) Version/11.1.2 Safari/605.1.15" "lusciousgracious.com"
13.67.224.12 - - [09/Nov/2022:04:16:00 -0800] "GET /gallery/images/redwoods.jpg HTTP/1.1" 404 88 "http://lusciousgracious.com/gallery/images" "Mozilla/5.0 (Linux; Android 10; SM-G960U) AppleWebKit/537.36 (KHTML, like Gecko) Chrome/88.0.4324.181 Mobile Safari/537.36" "lusciousgracious.com"
123.125.109.105 - - [09/Nov/2022:04:16:39 -0800] "GET / HTTP/1.1" 200 270 "-" "Sogou web spider/4.0(+http://www.sogou.com/docs/help/webmasters.htm#07)" "www.lusciousgracious.com"
40.122.230.189 - - [09/Nov/2022:04:19:03 -0800] "GET /blog/uploaded_images/20060402/14.jpg HTTP/1.1" 404 88 "http://lusciousgracious.com/blog/uploaded_images/20060402" "Mozilla/5.0 (Windows NT 10.0; Win64; x64) AppleWebKit/537.36 (KHTML, like Gecko) Chrome/74.0.3729.157 Safari/537.36" "lusciousgracious.com"
54.236.1.13 - - [09/Nov/2022:04:21:46 -0800] "GET /robots.txt HTTP/1.1" 404 88 "-" "Mozilla/5.0 (compatible; Pinterestbot/1.0; +http://www.pinterest.com/bot.html)" "lusciousgracious.com"
54.236.1.11 - - [09/Nov/2022:04:21:46 -0800] "GET /robots.txt HTTP/1.1" 404 88 "-" "Mozilla/5.0 (compatible; Pinterestbot/1.0; +http://www.pinterest.com/bot.html)" "lusciousgracious.com"
54.236.1.13 - - [09/Nov/2022:04:21:46 -0800] "GET /blog/2005/08/art-rock-rock-art.html HTTP/1.1" 404 88 "-" "Mozilla/5.0 (compatible; Pinterestbot/1.0; +http://www.pinterest.com/bot.html)" "lusciousgracious.com"
20.109.241.82 - - [09/Nov/2022:04:23:15 -0800] "GET /blog/uploaded_images/20060430/26.jpg HTTP/1.1" 404 88 "http://lusciousgracious.com/blog/uploaded_images/20060430" "Mozilla/5.0 (Windows NT 10.0; Win64; x64) AppleWebKit/537.36 (KHTML, like Gecko) Chrome/74.0.3729.157 Safari/537.36" "lusciousgracious.com"
64.124.8.47 - - [09/Nov/2022:04:23:56 -0800] "GET /robots.txt HTTP/1.1" 404 88 "-" "Mozilla/5.0 (X11; Linux x86_64) AppleWebKit/537.36 (KHTML, like Gecko) Chrome/61.0.3163.79 Safari/537.36" "lusciousgracious.com"
64.124.8.47 - - [09/Nov/2022:04:23:56 -0800] "GET /blog/2006/03/happy-birthday-lily-grace.html HTTP/1.1" 404 88 "-" "Mozilla/5.0 (X11; Linux x86_64) AppleWebKit/537.36 (KHTML, like Gecko) Chrome/61.0.3163.79 Safari/537.36" "lusciousgracious.com"
20.29.110.169 - - [09/Nov/2022:04:26:08 -0800] "GET /photo/fresh/Wish/thumbnails/02.jpg HTTP/1.1" 404 88 "http://www.lusciousgracious.com/photo/fresh/Wish/thumbnails" "Mozilla/5.0 (Macintosh; Intel Mac OS X 10_11_6) AppleWebKit/605.1.15 (KHTML, like Gecko) Version/11.1.2 Safari/605.1.15" "www.lusciousgracious.com"
192.34.84.8 - - [09/Nov/2022:04:30:43 -0800] "GET /blog/rss HTTP/1.1" 404 73 "-" "Ravelry.com RSS Reader/0.3 2008-10-22" "lusciousgracious.com"
114.119.152.195 - - [09/Nov/2022:04:31:59 -0800] "GET /stitched/episode1/socks_files/image013.jpg HTTP/1.1" 404 88 "http://www.lusciousgracious.com/stitched/episode1/socks.htm" "Mozilla/5.0 (Linux; Android 7.0;) AppleWebKit/537.36 (KHTML, like Gecko) Mobile Safari/537.36 (compatible; PetalBot;+https://webmaster.petalsearch.com/site/petalbot)" "www.lusciousgracious.com"
54.236.1.13 - - [09/Nov/2022:04:32:58 -0800] "GET /blog/uploaded_images/sweater-777980.jpg HTTP/1.1" 404 88 "-" "Mozilla/5.0 (compatible; Pinterestbot/1.0; +http://www.pinterest.com/bot.html)" "lusciousgracious.com"
40.86.101.254 - - [09/Nov/2022:04:41:33 -0800] "GET /blog/DSCN3525.jpg HTTP/1.1" 404 88 "http://lusciousgracious.com/blog" "Mozilla/5.0 (Windows NT 10.0; Win64; x64) AppleWebKit/537.36 (KHTML, like Gecko) Chrome/74.0.3729.157 Safari/537.36" "lusciousgracious.com"
40.86.101.254 - - [09/Nov/2022:04:44:18 -0800] "GET /photo/fresh_files/image012.jpg HTTP/1.1" 404 88 "http://lusciousgracious.com/photo/fresh_files" "Mozilla/5.0 (Linux; Android 10; SM-G960U) AppleWebKit/537.36 (KHTML, like Gecko) Chrome/88.0.4324.181 Mobile Safari/537.36" "lusciousgracious.com"
192.34.84.8 - - [09/Nov/2022:04:47:33 -0800] "GET /blog/atom.xml HTTP/1.1" 404 73 "-" "Ravelry.com RSS Reader/0.3 2008-10-22" "lusciousgracious.com"
70.39.246.37 - - [09/Nov/2022:04:49:17 -0800] "GET /blog/atom.xml HTTP/1.1" 404 88 "-" "Mozilla/5.0 Moreover/5.1 (+http://www.moreover.com)" "lusciousgracious.com"
20.12.191.73 - - [09/Nov/2022:04:50:54 -0800] "GET /gallery/pages/rosebaguette_files/image002.gif HTTP/1.1" 404 88 "http://www.lusciousgracious.com/gallery/pages/rosebaguette_files" "Mozilla/5.0 (X11; Linux x86_64) AppleWebKit/537.36 (KHTML, like Gecko) Chrome/74.0.3729.169 Safari/537.36" "www.lusciousgracious.com"
40.122.227.201 - - [09/Nov/2022:04:52:23 -0800] "GET /blog/uploaded_images/20080921/17.jpg HTTP/1.1" 404 88 "http://lusciousgracious.com/blog/uploaded_images/20080921" "Mozilla/5.0 (X11; Linux x86_64) AppleWebKit/537.36 (KHTML, like Gecko) Chrome/74.0.3729.169 Safari/537.36" "lusciousgracious.com"
51.222.253.19 - - [09/Nov/2022:04:54:20 -0800] "GET /robots.txt HTTP/1.1" 404 88 "-" "Mozilla/5.0 (compatible; AhrefsBot/7.0; +http://ahrefs.com/robot/)" "lusciousgracious.com"
54.236.1.11 - - [09/Nov/2022:04:56:47 -0800] "GET /robots.txt HTTP/1.1" 404 88 "-" "Mozilla/5.0 (compatible; Pinterestbot/1.0; +http://www.pinterest.com/bot.html)" "lusciousgracious.com"
54.236.1.11 - - [09/Nov/2022:04:56:47 -0800] "GET /clickit_files/image016.jpg HTTP/1.1" 404 88 "-" "Mozilla/5.0 (compatible; Pinterestbot/1.0; +http://www.pinterest.com/bot.html)" "lusciousgracious.com"
20.109.241.97 - - [09/Nov/2022:04:58:40 -0800] "GET /blog/uploaded_images/full-700359.jpg HTTP/1.1" 404 88 "http://lusciousgracious.com/blog/uploaded_images" "Mozilla/5.0 (iPhone; CPU iPhone OS 13_5_1 like Mac OS X) AppleWebKit/605.1.15 (KHTML, like Gecko) Version/13.1.1 Mobile/15E148 Safari/604.1" "lusciousgracious.com"
40.122.227.201 - - [09/Nov/2022:04:58:59 -0800] "GET /blog/uploaded_images/20080203/55.jpg HTTP/1.1" 404 88 "http://lusciousgracious.com/blog/uploaded_images/20080203" "Mozilla/5.0 (X11; Linux x86_64) AppleWebKit/537.36 (KHTML, like Gecko) Chrome/74.0.3729.169 Safari/537.36" "lusciousgracious.com"
40.86.101.253 - - [09/Nov/2022:04:59:15 -0800] "GET /stitched/index_files/image009.jpg HTTP/1.1" 404 88 "http://www.lusciousgracious.com/stitched/index_files" "Mozilla/5.0 (Windows NT 10.0; Win64; x64) AppleWebKit/537.36 (KHTML, like Gecko) Chrome/74.0.3729.157 Safari/537.36" "www.lusciousgracious.com"
40.122.195.128 - - [09/Nov/2022:05:03:47 -0800] "GET /blog/uploaded_images/20060827/26.jpg HTTP/1.1" 404 88 "http://lusciousgracious.com/blog/uploaded_images/20060827" "Mozilla/5.0 (Macintosh; Intel Mac OS X 10_11_6) AppleWebKit/605.1.15 (KHTML, like Gecko) Version/11.1.2 Safari/605.1.15" "lusciousgracious.com"
20.29.110.168 - - [09/Nov/2022:05:04:03 -0800] "GET /photo/fresh/Wish/thumbnails/03.jpg HTTP/1.1" 404 88 "http://www.lusciousgracious.com/photo/fresh/Wish/thumbnails" "Mozilla/5.0 (Macintosh; Intel Mac OS X 10_11_6) AppleWebKit/605.1.15 (KHTML, like Gecko) Version/11.1.2 Safari/605.1.15" "www.lusciousgracious.com"
40.77.51.85 - - [09/Nov/2022:05:04:20 -0800] "GET /blog/uploaded_images/lucypinkgreensock-779001.jpg HTTP/1.1" 404 88 "http://lusciousgracious.com/blog/uploaded_images" "Mozilla/5.0 (X11; Linux x86_64) AppleWebKit/537.36 (KHTML, like Gecko) Chrome/74.0.3729.169 Safari/537.36" "lusciousgracious.com"
73.168.67.160 - - [09/Nov/2022:05:07:45 -0800] "GET /cali_files/image023.jpg HTTP/1.1" 404 88 "-" "MobileSafari/8613.2.7.0.7 CFNetwork/1333.0.4 Darwin/21.5.0" "www.lusciousgracious.com"
73.168.67.160 - - [09/Nov/2022:05:07:45 -0800] "GET /cali.htm HTTP/1.1" 404 88 "-" "Mozilla/5.0 (iPhone; CPU iPhone OS 15_5 like Mac OS X) AppleWebKit/605.1.15 (KHTML, like Gecko) Version/15.5 Mobile/15E148 Safari/604.1" "www.lusciousgracious.com"
73.168.67.160 - - [09/Nov/2022:05:07:46 -0800] "GET /apple-touch-icon-120x120-precomposed.png HTTP/1.1" 404 88 "-" "MobileSafari/8613.2.7.0.7 CFNetwork/1333.0.4 Darwin/21.5.0" "www.lusciousgracious.com"
73.168.67.160 - - [09/Nov/2022:05:07:46 -0800] "GET /apple-touch-icon-120x120.png HTTP/1.1" 404 88 "-" "MobileSafari/8613.2.7.0.7 CFNetwork/1333.0.4 Darwin/21.5.0" "www.lusciousgracious.com"
73.168.67.160 - - [09/Nov/2022:05:07:46 -0800] "GET /apple-touch-icon-precomposed.png HTTP/1.1" 404 88 "-" "MobileSafari/8613.2.7.0.7 CFNetwork/1333.0.4 Darwin/21.5.0" "www.lusciousgracious.com"
73.168.67.160 - - [09/Nov/2022:05:07:46 -0800] "GET /apple-touch-icon.png HTTP/1.1" 404 88 "-" "MobileSafari/8613.2.7.0.7 CFNetwork/1333.0.4 Darwin/21.5.0" "www.lusciousgracious.com"
73.168.67.160 - - [09/Nov/2022:05:07:46 -0800] "GET /favicon.ico HTTP/1.1" 404 88 "-" "MobileSafari/8613.2.7.0.7 CFNetwork/1333.0.4 Darwin/21.5.0" "www.lusciousgracious.com"
73.168.67.160 - - [09/Nov/2022:05:07:46 -0800] "GET /apple-touch-icon-120x120-precomposed.png HTTP/1.1" 404 88 "-" "MobileSafari/8613.2.7.0.7 CFNetwork/1333.0.4 Darwin/21.5.0" "www.lusciousgracious.com"
73.168.67.160 - - [09/Nov/2022:05:07:46 -0800] "GET /apple-touch-icon-120x120.png HTTP/1.1" 404 88 "-" "MobileSafari/8613.2.7.0.7 CFNetwork/1333.0.4 Darwin/21.5.0" "www.lusciousgracious.com"
73.168.67.160 - - [09/Nov/2022:05:07:46 -0800] "GET /apple-touch-icon-precomposed.png HTTP/1.1" 404 88 "-" "MobileSafari/8613.2.7.0.7 CFNetwork/1333.0.4 Darwin/21.5.0" "www.lusciousgracious.com"
73.168.67.160 - - [09/Nov/2022:05:07:47 -0800] "GET /apple-touch-icon.png HTTP/1.1" 404 88 "-" "MobileSafari/8613.2.7.0.7 CFNetwork/1333.0.4 Darwin/21.5.0" "www.lusciousgracious.com"
73.168.67.160 - - [09/Nov/2022:05:07:47 -0800] "GET /favicon.ico HTTP/1.1" 404 88 "-" "MobileSafari/8613.2.7.0.7 CFNetwork/1333.0.4 Darwin/21.5.0" "www.lusciousgracious.com"
114.119.152.195 - - [09/Nov/2022:05:10:22 -0800] "GET /?C=M%3BO%3DA HTTP/1.1" 200 270 "https://lusciousgracious.com" "Mozilla/5.0 (Linux; Android 7.0;) AppleWebKit/537.36 (KHTML, like Gecko) Mobile Safari/537.36 (compatible; PetalBot;+https://webmaster.petalsearch.com/site/petalbot)" "lusciousgracious.com"
20.29.110.170 - - [09/Nov/2022:05:11:59 -0800] "GET /images/redhalfempty.jpg HTTP/1.1" 404 88 "http://lusciousgracious.com/images" "Mozilla/5.0 (Macintosh; Intel Mac OS X 10_11_6) AppleWebKit/605.1.15 (KHTML, like Gecko) Version/11.1.2 Safari/605.1.15" "lusciousgracious.com"
40.77.51.81 - - [09/Nov/2022:05:12:07 -0800] "GET /blog/uploaded_images/tao.jpg HTTP/1.1" 404 88 "http://lusciousgracious.com/blog/uploaded_images" "Mozilla/5.0 (X11; Linux x86_64) AppleWebKit/537.36 (KHTML, like Gecko) Chrome/74.0.3729.169 Safari/537.36" "lusciousgracious.com"
13.67.228.136 - - [09/Nov/2022:05:12:48 -0800] "GET /cali_files/image026.jpg HTTP/1.1" 404 88 "http://lusciousgracious.com/cali_files" "Mozilla/5.0 (iPhone; CPU iPhone OS 13_5_1 like Mac OS X) AppleWebKit/605.1.15 (KHTML, like Gecko) Version/13.1.1 Mobile/15E148 Safari/604.1" "lusciousgracious.com"
40.86.101.254 - - [09/Nov/2022:05:19:52 -0800] "GET /blog/uploaded_images/lilyturkey-706040.jpg HTTP/1.1" 404 88 "http://lusciousgracious.com/blog/uploaded_images" "Mozilla/5.0 (Macintosh; Intel Mac OS X 10_11_6) AppleWebKit/605.1.15 (KHTML, like Gecko) Version/11.1.2 Safari/605.1.15" "lusciousgracious.com"
20.29.111.244 - - [09/Nov/2022:05:21:06 -0800] "GET /photo/fresh/Wish/images/09.jpg HTTP/1.1" 404 88 "http://www.lusciousgracious.com/photo/fresh/Wish/images" "Mozilla/5.0 (Linux; Android 10; SM-G960U) AppleWebKit/537.36 (KHTML, like Gecko) Chrome/88.0.4324.181 Mobile Safari/537.36" "www.lusciousgracious.com"
40.77.51.81 - - [09/Nov/2022:05:39:19 -0800] "GET /gallery/pages/sunflowerseedstitch_files/image001.gif HTTP/1.1" 404 88 "http://www.lusciousgracious.com/gallery/pages/sunflowerseedstitch_files" "Mozilla/5.0 (Windows NT 10.0; Win64; x64) AppleWebKit/537.36 (KHTML, like Gecko) Chrome/74.0.3729.157 Safari/537.36" "www.lusciousgracious.com"
40.122.32.170 - - [09/Nov/2022:05:51:23 -0800] "GET /blog/uploaded_images/20061218/1.jpg HTTP/1.1" 404 88 "http://lusciousgracious.com/blog/uploaded_images/20061218" "Mozilla/5.0 (X11; Linux x86_64) AppleWebKit/537.36 (KHTML, like Gecko) Chrome/74.0.3729.169 Safari/537.36" "lusciousgracious.com"
114.119.144.15 - - [09/Nov/2022:05:53:39 -0800] "GET /blog/11DSCN3368.jpg HTTP/1.1" 404 88 "http://lusciousgracious.com/blog/2005/05/we-dyed.html" "Mozilla/5.0 (Linux; Android 7.0;) AppleWebKit/537.36 (KHTML, like Gecko) Mobile Safari/537.36 (compatible; PetalBot;+https://webmaster.petalsearch.com/site/petalbot)" "lusciousgracious.com"
143.244.36.83 - - [09/Nov/2022:05:54:42 -0800] "GET /blog/2009/08/hello-amyville-baby-sweater.html HTTP/1.1" 404 88 "http://lusciousgracious.com" "Mozilla/5.0 (Windows NT 10.0; Win64; x64) AppleWebKit/537.36 (KHTML, like Gecko) Chrome/62.0.3202.94 Safari/537.36" "lusciousgracious.com"
143.244.36.83 - - [09/Nov/2022:05:54:44 -0800] "GET /blog/2009/08/hello-amyville-baby-sweater.html HTTP/1.1" 404 88 "http://lusciousgracious.com" "Mozilla/5.0 (Windows NT 10.0; Win64; x64) AppleWebKit/537.36 (KHTML, like Gecko) Chrome/62.0.3202.94 Safari/537.36" "lusciousgracious.com"
143.244.36.83 - - [09/Nov/2022:05:54:46 -0800] "GET /blog/2009/08/hello-amyville-baby-sweater.html HTTP/1.1" 404 88 "http://lusciousgracious.com" "Mozilla/5.0 (Windows NT 10.0; Win64; x64) AppleWebKit/537.36 (KHTML, like Gecko) Chrome/62.0.3202.94 Safari/537.36" "lusciousgracious.com"
143.244.36.83 - - [09/Nov/2022:05:54:48 -0800] "GET /blog/2009/08/hello-amyville-baby-sweater.html HTTP/1.1" 404 88 "http://lusciousgracious.com" "Mozilla/5.0 (Windows NT 10.0; Win64; x64) AppleWebKit/537.36 (KHTML, like Gecko) Chrome/62.0.3202.94 Safari/537.36" "lusciousgracious.com"
40.122.227.202 - - [09/Nov/2022:05:59:29 -0800] "GET /blog/uploaded_images/konica3-704163.jpg HTTP/1.1" 404 88 "http://lusciousgracious.com/blog/uploaded_images" "Mozilla/5.0 (Linux; Android 10; SM-G960U) AppleWebKit/537.36 (KHTML, like Gecko) Chrome/88.0.4324.181 Mobile Safari/537.36" "lusciousgracious.com"
40.77.51.82 - - [09/Nov/2022:06:00:27 -0800] "GET /blog/uploaded_images/lucyclrmagicrs-776787.jpg HTTP/1.1" 404 88 "http://lusciousgracious.com/blog/uploaded_images" "Mozilla/5.0 (Linux; Android 10; SM-G960U) AppleWebKit/537.36 (KHTML, like Gecko) Chrome/88.0.4324.181 Mobile Safari/537.36" "lusciousgracious.com"
35.189.215.79 - - [09/Nov/2022:06:01:00 -0800] "GET / HTTP/1.1" 200 398 "-" "Mozilla/5.0 (Windows NT 10.0; Win64; x64) AppleWebKit/537.36 (KHTML, like Gecko) Chrome/84.0.4147.105 Safari/537.36" "www.lusciousgracious.com"
20.109.241.98 - - [09/Nov/2022:06:03:34 -0800] "GET /koolaid_files/image003.jpg HTTP/1.1" 404 88 "http://lusciousgracious.com/koolaid_files" "Mozilla/5.0 (iPhone; CPU iPhone OS 13_5_1 like Mac OS X) AppleWebKit/605.1.15 (KHTML, like Gecko) Version/13.1.1 Mobile/15E148 Safari/604.1" "lusciousgracious.com"
35.193.113.56 - - [09/Nov/2022:06:07:51 -0800] "GET / HTTP/1.1" 200 270 "-" "Mozilla/5.0 (X11; Linux x86_64) AppleWebKit/537.36 (KHTML, like Gecko) Chrome/109.0.0.0 Safari/537.36" "lusciousgracious.com"
35.193.113.56 - - [09/Nov/2022:06:07:53 -0800] "GET /favicon.ico HTTP/1.1" 404 88 "http://lusciousgracious.com/" "Mozilla/5.0 (X11; Linux x86_64) AppleWebKit/537.36 (KHTML, like Gecko) Chrome/109.0.0.0 Safari/537.36" "lusciousgracious.com"
207.46.13.232 - - [09/Nov/2022:06:10:25 -0800] "GET /robots.txt HTTP/1.1" 404 88 "-" "Mozilla/5.0 (compatible; bingbot/2.0; +http://www.bing.com/bingbot.htm)" "www.lusciousgracious.com"
207.46.13.127 - - [09/Nov/2022:06:10:31 -0800] "GET /blog/2007_07_01_archive.html HTTP/1.1" 404 88 "-" "Mozilla/5.0 (compatible; bingbot/2.0; +http://www.bing.com/bingbot.htm)" "www.lusciousgracious.com"
20.29.110.169 - - [09/Nov/2022:06:10:39 -0800] "GET /gallery/images/skyflowerminibagblue.jpg HTTP/1.1" 404 88 "http://www.lusciousgracious.com/gallery/images" "Mozilla/5.0 (Linux; Android 10; SM-G960U) AppleWebKit/537.36 (KHTML, like Gecko) Chrome/88.0.4324.181 Mobile Safari/537.36" "www.lusciousgracious.com"
40.122.227.200 - - [09/Nov/2022:06:13:57 -0800] "GET /blog/uploaded_images/20060218/3/5.jpg HTTP/1.1" 404 88 "http://lusciousgracious.com/blog/uploaded_images/20060218/3" "Mozilla/5.0 (X11; Linux x86_64) AppleWebKit/537.36 (KHTML, like Gecko) Chrome/74.0.3729.169 Safari/537.36" "lusciousgracious.com"
20.29.110.169 - - [09/Nov/2022:06:15:18 -0800] "GET /blog/uploaded_images/20061112/11.jpg HTTP/1.1" 404 88 "http://lusciousgracious.com/blog/uploaded_images/20061112" "Mozilla/5.0 (iPhone; CPU iPhone OS 13_5_1 like Mac OS X) AppleWebKit/605.1.15 (KHTML, like Gecko) Version/13.1.1 Mobile/15E148 Safari/604.1" "lusciousgracious.com"
40.86.101.254 - - [09/Nov/2022:06:15:19 -0800] "GET /gallery/images/blog.jpg HTTP/1.1" 404 88 "http://lusciousgracious.com/gallery/images" "Mozilla/5.0 (X11; Linux x86_64) AppleWebKit/537.36 (KHTML, like Gecko) Chrome/74.0.3729.169 Safari/537.36" "lusciousgracious.com"
40.86.101.254 - - [09/Nov/2022:06:20:31 -0800] "GET /blog/uploaded_images/20070107/9.jpg HTTP/1.1" 404 88 "http://lusciousgracious.com/blog/uploaded_images/20070107" "Mozilla/5.0 (Linux; Android 10; SM-G960U) AppleWebKit/537.36 (KHTML, like Gecko) Chrome/88.0.4324.181 Mobile Safari/537.36" "lusciousgracious.com"
40.122.227.200 - - [09/Nov/2022:06:21:24 -0800] "GET /photo/fresh/Wish/images/02.jpg HTTP/1.1" 404 88 "http://www.lusciousgracious.com/photo/fresh/Wish/images" "Mozilla/5.0 (Windows NT 10.0; Win64; x64) AppleWebKit/537.36 (KHTML, like Gecko) Chrome/74.0.3729.157 Safari/537.36" "www.lusciousgracious.com"
40.122.230.188 - - [09/Nov/2022:06:35:20 -0800] "GET /gallery/pages/eiffeltowerspect_files/image002.gif HTTP/1.1" 404 88 "http://lusciousgracious.com/gallery/pages/eiffeltowerspect_files" "Mozilla/5.0 (Linux; Android 10; SM-G960U) AppleWebKit/537.36 (KHTML, like Gecko) Chrome/88.0.4324.181 Mobile Safari/537.36" "lusciousgracious.com"
13.67.224.14 - - [09/Nov/2022:06:38:30 -0800] "GET /stitched/episode0/buyme_files/image002.jpg HTTP/1.1" 404 88 "http://www.lusciousgracious.com/stitched/episode0/buyme_files" "Mozilla/5.0 (Macintosh; Intel Mac OS X 10_11_6) AppleWebKit/605.1.15 (KHTML, like Gecko) Version/11.1.2 Safari/605.1.15" "www.lusciousgracious.com"
54.236.1.11 - - [09/Nov/2022:06:39:16 -0800] "GET /robots.txt HTTP/1.1" 404 88 "-" "Mozilla/5.0 (compatible; Pinterestbot/1.0; +http://www.pinterest.com/bot.html)" "lusciousgracious.com"
54.236.1.13 - - [09/Nov/2022:06:39:16 -0800] "GET /robots.txt HTTP/1.1" 404 88 "-" "Mozilla/5.0 (compatible; Pinterestbot/1.0; +http://www.pinterest.com/bot.html)" "lusciousgracious.com"
54.236.1.13 - - [09/Nov/2022:06:39:16 -0800] "GET / HTTP/1.1" 200 270 "-" "Mozilla/5.0 (compatible; Pinterestbot/1.0; +http://www.pinterest.com/bot.html)" "lusciousgracious.com"
13.67.224.12 - - [09/Nov/2022:06:43:51 -0800] "GET /blog/uploaded_images/20070107/4.jpg HTTP/1.1" 404 88 "http://lusciousgracious.com/blog/uploaded_images/20070107" "Mozilla/5.0 (Macintosh; Intel Mac OS X 10_11_6) AppleWebKit/605.1.15 (KHTML, like Gecko) Version/11.1.2 Safari/605.1.15" "lusciousgracious.com"
114.119.154.82 - - [09/Nov/2022:06:51:41 -0800] "GET /robots.txt HTTP/1.1" 404 88 "-" "Mozilla/5.0 (compatible;PetalBot;+https://webmaster.petalsearch.com/site/petalbot)" "lusciousgracious.com"
20.29.110.169 - - [09/Nov/2022:06:53:24 -0800] "GET /blog/uploaded_images/bindercover4-704997.jpg HTTP/1.1" 404 88 "http://lusciousgracious.com/blog/uploaded_images" "Mozilla/5.0 (X11; Linux x86_64) AppleWebKit/537.36 (KHTML, like Gecko) Chrome/74.0.3729.169 Safari/537.36" "lusciousgracious.com"
40.86.101.164 - - [09/Nov/2022:06:59:49 -0800] "GET /gallery/images/skyflowerminibagorange.jpg HTTP/1.1" 404 88 "http://lusciousgracious.com/gallery/images" "Mozilla/5.0 (iPhone; CPU iPhone OS 13_5_1 like Mac OS X) AppleWebKit/605.1.15 (KHTML, like Gecko) Version/13.1.1 Mobile/15E148 Safari/604.1" "lusciousgracious.com"
40.77.51.81 - - [09/Nov/2022:07:00:41 -0800] "GET /blog/uploaded_images/20080203/3.jpg HTTP/1.1" 404 88 "http://lusciousgracious.com/blog/uploaded_images/20080203" "Mozilla/5.0 (X11; Linux x86_64) AppleWebKit/537.36 (KHTML, like Gecko) Chrome/74.0.3729.169 Safari/537.36" "lusciousgracious.com"
20.109.241.96 - - [09/Nov/2022:07:08:54 -0800] "GET /shopwb_files/image004.jpg HTTP/1.1" 404 88 "http://lusciousgracious.com/shopwb_files" "Mozilla/5.0 (Windows NT 10.0; Win64; x64) AppleWebKit/537.36 (KHTML, like Gecko) Chrome/74.0.3729.157 Safari/537.36" "lusciousgracious.com"
20.29.110.170 - - [09/Nov/2022:07:09:22 -0800] "GET /blog/klimtlike.jpg HTTP/1.1" 404 88 "http://lusciousgracious.com/blog" "Mozilla/5.0 (Windows NT 10.0; Win64; x64) AppleWebKit/537.36 (KHTML, like Gecko) Chrome/74.0.3729.157 Safari/537.36" "lusciousgracious.com"
40.78.141.94 - - [09/Nov/2022:07:10:42 -0800] "GET /free.jpg HTTP/1.1" 404 88 "http://lusciousgracious.com" "Mozilla/5.0 (Linux; Android 10; SM-G960U) AppleWebKit/537.36 (KHTML, like Gecko) Chrome/88.0.4324.181 Mobile Safari/537.36" "lusciousgracious.com"
40.122.227.201 - - [09/Nov/2022:07:12:34 -0800] "GET /stitched/episode0/episode0dtl_files/image002.jpg HTTP/1.1" 404 88 "http://lusciousgracious.com/stitched/episode0/episode0dtl_files" "Mozilla/5.0 (Macintosh; Intel Mac OS X 10_11_6) AppleWebKit/605.1.15 (KHTML, like Gecko) Version/11.1.2 Safari/605.1.15" "lusciousgracious.com"
20.29.110.169 - - [09/Nov/2022:07:18:11 -0800] "GET /blog/uploaded_images/07740033-731701.jpg HTTP/1.1" 404 88 "http://lusciousgracious.com/blog/uploaded_images" "Mozilla/5.0 (Windows NT 10.0; Win64; x64) AppleWebKit/537.36 (KHTML, like Gecko) Chrome/74.0.3729.157 Safari/537.36" "lusciousgracious.com"
40.77.51.80 - - [09/Nov/2022:07:20:47 -0800] "GET /blog/uploaded_images/20060414/3.jpg HTTP/1.1" 404 88 "http://lusciousgracious.com/blog/uploaded_images/20060414" "Mozilla/5.0 (Windows NT 10.0; Win64; x64) AppleWebKit/537.36 (KHTML, like Gecko) Chrome/74.0.3729.157 Safari/537.36" "lusciousgracious.com"
40.77.51.86 - - [09/Nov/2022:07:28:45 -0800] "GET /blog/uploaded_images/10-701258.jpg HTTP/1.1" 404 88 "http://lusciousgracious.com/blog/uploaded_images" "Mozilla/5.0 (Linux; Android 10; SM-G960U) AppleWebKit/537.36 (KHTML, like Gecko) Chrome/88.0.4324.181 Mobile Safari/537.36" "lusciousgracious.com"
64.62.252.176 - - [09/Nov/2022:07:31:29 -0800] "GET /robots.txt HTTP/1.1" 404 88 "-" "The Knowledge AI" "lusciousgracious.com"
20.109.241.97 - - [09/Nov/2022:07:33:53 -0800] "GET /blog/uploaded_images/lilyfall-709992.jpg HTTP/1.1" 404 88 "http://lusciousgracious.com/blog/uploaded_images" "Mozilla/5.0 (Linux; Android 10; SM-G960U) AppleWebKit/537.36 (KHTML, like Gecko) Chrome/88.0.4324.181 Mobile Safari/537.36" "lusciousgracious.com"
20.109.241.82 - - [09/Nov/2022:07:37:50 -0800] "GET /blog/uploaded_images/molinierbag-783293.jpg HTTP/1.1" 404 88 "http://lusciousgracious.com/blog/uploaded_images" "Mozilla/5.0 (iPhone; CPU iPhone OS 13_5_1 like Mac OS X) AppleWebKit/605.1.15 (KHTML, like Gecko) Version/13.1.1 Mobile/15E148 Safari/604.1" "lusciousgracious.com"
13.67.224.13 - - [09/Nov/2022:07:38:07 -0800] "GET /blog/uploaded_images/200602112/1.jpg HTTP/1.1" 404 88 "http://lusciousgracious.com/blog/uploaded_images/200602112" "Mozilla/5.0 (Linux; Android 10; SM-G960U) AppleWebKit/537.36 (KHTML, like Gecko) Chrome/88.0.4324.181 Mobile Safari/537.36" "lusciousgracious.com"
40.122.227.202 - - [09/Nov/2022:07:40:16 -0800] "GET /blog/uploaded_images/Untitled-6-792901.jpg HTTP/1.1" 404 88 "http://lusciousgracious.com/blog/uploaded_images" "Mozilla/5.0 (Macintosh; Intel Mac OS X 10_11_6) AppleWebKit/605.1.15 (KHTML, like Gecko) Version/11.1.2 Safari/605.1.15" "lusciousgracious.com"
20.29.110.170 - - [09/Nov/2022:07:41:11 -0800] "GET /stitched/episode0/tutorials_files/image006.jpg HTTP/1.1" 404 88 "http://lusciousgracious.com/stitched/episode0/tutorials_files" "Mozilla/5.0 (Macintosh; Intel Mac OS X 10_11_6) AppleWebKit/605.1.15 (KHTML, like Gecko) Version/11.1.2 Safari/605.1.15" "lusciousgracious.com"
40.77.51.81 - - [09/Nov/2022:07:42:45 -0800] "GET /blog/uploaded_images/20060218/2/11.jpg HTTP/1.1" 404 88 "http://lusciousgracious.com/blog/uploaded_images/20060218/2" "Mozilla/5.0 (X11; Linux x86_64) AppleWebKit/537.36 (KHTML, like Gecko) Chrome/74.0.3729.169 Safari/537.36" "lusciousgracious.com"
20.12.191.73 - - [09/Nov/2022:07:44:27 -0800] "GET /blog/uploaded_images/20080203/31.jpg HTTP/1.1" 404 88 "http://lusciousgracious.com/blog/uploaded_images/20080203" "Mozilla/5.0 (Linux; Android 10; SM-G960U) AppleWebKit/537.36 (KHTML, like Gecko) Chrome/88.0.4324.181 Mobile Safari/537.36" "lusciousgracious.com"
40.86.101.254 - - [09/Nov/2022:07:47:54 -0800] "GET /images/Yarn.jpg HTTP/1.1" 404 88 "http://www.lusciousgracious.com/images" "Mozilla/5.0 (iPhone; CPU iPhone OS 13_5_1 like Mac OS X) AppleWebKit/605.1.15 (KHTML, like Gecko) Version/13.1.1 Mobile/15E148 Safari/604.1" "www.lusciousgracious.com"
40.122.230.189 - - [09/Nov/2022:07:51:45 -0800] "GET /stitched/episode0/blog2005_files/image063.jpg HTTP/1.1" 404 88 "http://lusciousgracious.com/stitched/episode0/blog2005_files" "Mozilla/5.0 (Macintosh; Intel Mac OS X 10_11_6) AppleWebKit/605.1.15 (KHTML, like Gecko) Version/11.1.2 Safari/605.1.15" "lusciousgracious.com"
54.236.1.13 - - [09/Nov/2022:07:59:55 -0800] "GET /robots.txt HTTP/1.1" 404 88 "-" "Mozilla/5.0 (compatible; Pinterestbot/1.0; +http://www.pinterest.com/bot.html)" "lusciousgracious.com"
54.236.1.11 - - [09/Nov/2022:07:59:55 -0800] "GET /robots.txt HTTP/1.1" 404 88 "-" "Mozilla/5.0 (compatible; Pinterestbot/1.0; +http://www.pinterest.com/bot.html)" "lusciousgracious.com"
54.236.1.11 - - [09/Nov/2022:07:59:55 -0800] "GET /robots.txt HTTP/1.1" 404 88 "-" "Mozilla/5.0 (compatible; Pinterestbot/1.0; +http://www.pinterest.com/bot.html)" "lusciousgracious.com"
54.236.1.11 - - [09/Nov/2022:07:59:55 -0800] "GET /clickit_files/image016.jpg HTTP/1.1" 404 88 "-" "Mozilla/5.0 (compatible; Pinterestbot/1.0; +http://www.pinterest.com/bot.html)" "lusciousgracious.com"
192.34.84.8 - - [09/Nov/2022:08:01:56 -0800] "GET /blog/rss HTTP/1.1" 404 73 "-" "Ravelry.com RSS Reader/0.3 2008-10-22" "lusciousgracious.com"
44.228.64.221 - - [09/Nov/2022:08:03:40 -0800] "GET /blog/2006_03_01_archive.html HTTP/1.1" 404 88 "-" "Python/3.8 aiohttp/3.8.3" "lusciousgracious.com"
